858
CDUS43 KMPX 140149
CLIMPX


CLIMATE REPORT
NATIONAL WEATHER SERVICE CHANHASSEN MN
747 PM CST MON FEB 13 2017


...................................

...THE CHANHASSEN MN CLIMATE SUMMARY FOR FEBRUARY 13 2017...
VALID TODAY AS OF 0700 PM LOCAL TIME.

CLIMATE NORMAL PERIOD 1981 TO 2010
CLIMATE RECORD PERIOD 1995 TO 2017


WEATHER ITEM   OBSERVED TIME   RECORD YEAR NORMAL DEPARTURE LAST
                VALUE   (LST)  VALUE       VALUE  FROM      YEAR
                                                  NORMAL
..................................................................
TEMPERATURE (F)
 TODAY
  MAXIMUM         47R       MM  45    2011  27     20       11
  MINIMUM         23        MM -11          10     13      -11
  AVERAGE         35                        18     17        0

PRECIPITATION (IN)
  TODAY            0.00          T    2001   0.03  -0.03     0.00
                                      2001
                                      2015
  MONTH TO DATE    0.04                      0.39  -0.35     0.74
  SINCE DEC 1      3.17                      2.51   0.66     3.02
  SINCE JAN 1      0.92                      1.26  -0.34     1.05

SNOWFALL (IN)
  TODAY            0.0           T    2015   0.3   -0.3      0.0
                                      2009
                                      2001
  MONTH TO DATE    T                         4.5   -4.5     11.4
  SINCE DEC 1     27.3                      28.7   -1.4     25.4
  SINCE JUL 1     32.4                      34.5   -2.1     28.4
  SNOW DEPTH       T

DEGREE DAYS
 HEATING
  TODAY           30                        47    -17       65
  MONTH TO DATE  557                       626    -69      660
  SINCE DEC 1   3412                      3650   -238     3319
  SINCE JUL 1   4635                      5357   -722     4651

 COOLING
  TODAY            0                         0      0        0
  MONTH TO DATE    0                         0      0        0
  SINCE DEC 1      0                         0      0        0
  SINCE JAN 1      0                         0      0        0
..................................................................


WIND (MPH)
  HIGHEST WIND SPEED    MM   HIGHEST WIND DIRECTION    MM
  HIGHEST GUST SPEED    MM   HIGHEST GUST DIRECTION    MM
  AVERAGE WIND SPEED    MM


SKY COVER
  POSSIBLE SUNSHINE  MM
  AVERAGE SKY COVER  MM


WEATHER CONDITIONS
 THE FOLLOWING WEATHER WAS RECORDED TODAY.
  NO SIGNIFICANT WEATHER WAS OBSERVED.


RELATIVE HUMIDITY (PERCENT)
 HIGHEST    MM
 LOWEST     MM
 AVERAGE    MM

..........................................................


THE CHANHASSEN MN CLIMATE NORMALS FOR TOMORROW
                         NORMAL    RECORD    YEAR
 MAXIMUM TEMPERATURE (F)   28        46      2002
 MINIMUM TEMPERATURE (F)   10        -4      2015
                                             2007


SUNRISE AND SUNSET
FEBRUARY 13 2017......SUNRISE   717 AM CST   SUNSET   540 PM CST
FEBRUARY 14 2017......SUNRISE   716 AM CST   SUNSET   542 PM CST


-  INDICATES NEGATIVE NUMBERS.
R  INDICATES RECORD WAS SET OR TIED.
MM INDICATES DATA IS MISSING.
T  INDICATES TRACE AMOUNT.




$$
