000
CDUS43 KMPX 100639
CLIMPX


CLIMATE REPORT
NATIONAL WEATHER SERVICE CHANHASSEN MN
1238 AM CST FRI MAR 10 2017


...................................

...THE CHANHASSEN MN CLIMATE SUMMARY FOR MARCH 9 2017...

CLIMATE NORMAL PERIOD 1981 TO 2010
CLIMATE RECORD PERIOD 1995 TO 2017


WEATHER ITEM   OBSERVED TIME   RECORD YEAR NORMAL DEPARTURE LAST
                VALUE   (LST)  VALUE       VALUE  FROM      YEAR
                                                  NORMAL
..................................................................
TEMPERATURE (F)
 YESTERDAY
  MAXIMUM         29        MM  MM      MM  36     -7       40
  MINIMUM         16        MM  MM      MM  19     -3       33
  AVERAGE         23                        28     -5       37

PRECIPITATION (IN)
  YESTERDAY        0.00         MM      MM   0.05  -0.05      T
  MONTH TO DATE    0.09                      0.38  -0.29     0.04
  SINCE MAR 1      0.09                      0.38  -0.29     0.04
  SINCE JAN 1      1.69                      2.19  -0.50     1.53

SNOWFALL (IN)
  YESTERDAY        0.0          MM      MM   0.4   -0.4      0.0
  MONTH TO DATE    1.4                       3.6   -2.2      0.6
  SINCE MAR 1      1.4                       3.6   -2.2      0.6
  SINCE JUL 1     33.8                      43.3   -9.5     30.5
  SNOW DEPTH       0

DEGREE DAYS
 HEATING
  YESTERDAY       42                        37      5       28
  MONTH TO DATE  297                       351    -54      266
  SINCE MAR 1    297                       351    -54      266
  SINCE JUL 1   5366                      6366  -1000     5481

 COOLING
  YESTERDAY        0                         0      0        0
  MONTH TO DATE    0                         0      0        0
  SINCE MAR 1      0                         0      0        0
  SINCE JAN 1      0                         0      0        0
..................................................................


WIND (MPH)
  HIGHEST WIND SPEED    MM   HIGHEST WIND DIRECTION    MM
  HIGHEST GUST SPEED    MM   HIGHEST GUST DIRECTION    MM
  AVERAGE WIND SPEED    MM


SKY COVER
  POSSIBLE SUNSHINE  MM
  AVERAGE SKY COVER  MM


WEATHER CONDITIONS
 THE FOLLOWING WEATHER WAS RECORDED YESTERDAY.
  NO SIGNIFICANT WEATHER WAS OBSERVED.


RELATIVE HUMIDITY (PERCENT)
 HIGHEST    MM
 LOWEST     MM
 AVERAGE    MM

..........................................................


THE CHANHASSEN MN CLIMATE NORMALS FOR TODAY
                         NORMAL    RECORD    YEAR
 MAXIMUM TEMPERATURE (F)   37        MM        MM
 MINIMUM TEMPERATURE (F)   20        MM        MM


SUNRISE AND SUNSET
MARCH 10 2017.........SUNRISE   635 AM CST   SUNSET   614 PM CST
MARCH 11 2017.........SUNRISE   634 AM CST   SUNSET   616 PM CST


-  INDICATES NEGATIVE NUMBERS.
R  INDICATES RECORD WAS SET OR TIED.
MM INDICATES DATA IS MISSING.
T  INDICATES TRACE AMOUNT.




$$
