000
CDUS43 KMPX 230121
CLIMPX


CLIMATE REPORT
NATIONAL WEATHER SERVICE CHANHASSEN MN
821 PM CDT SAT AUG 22 2015


...................................

...THE CHANHASSEN MN CLIMATE SUMMARY FOR AUGUST 22 2015...
VALID TODAY AS OF 0800 PM LOCAL TIME.

CLIMATE NORMAL PERIOD 1981 TO 2010
CLIMATE RECORD PERIOD 1995 TO 2015


WEATHER ITEM   OBSERVED TIME   RECORD YEAR NORMAL DEPARTURE LAST
                VALUE   (LST)  VALUE       VALUE  FROM      YEAR
                                                  NORMAL
..................................................................
TEMPERATURE (F)
 TODAY
  MAXIMUM         80        MM  MM      MM  79      1       76
  MINIMUM         65        MM  MM          60      5       68
  AVERAGE         73                        69      4       72

PRECIPITATION (IN)
  TODAY            0.06         MM      MM   0.14  -0.08     0.00
  MONTH TO DATE    2.60                      2.90  -0.30     1.18
  SINCE JUN 1     14.15                     10.51   3.64    14.93
  SINCE JAN 1     22.87                     20.76   2.11    30.83

SNOWFALL (IN)
  TODAY            0.0          MM      MM   0.0    0.0      0.0
  MONTH TO DATE    0.0                       0.0    0.0      0.0
  SINCE JUN 1      T                         0.0    0.0      0.0
  SINCE JUL 1      0.0                       0.0    0.0      0.0
  SNOW DEPTH       0

DEGREE DAYS
 HEATING
  TODAY            0                         0      0        0
  MONTH TO DATE   10                         0     10        0
  SINCE JUN 1     40                        57    -17       46
  SINCE JUL 1     22                         8     14       13

 COOLING
  TODAY            8                         5      3        7
  MONTH TO DATE  118                       133    -15      147
  SINCE JUN 1    414                       485    -71      401
  SINCE JAN 1    422                       518    -96      438
..................................................................


WIND (MPH)
  HIGHEST WIND SPEED    MM   HIGHEST WIND DIRECTION    MM
  HIGHEST GUST SPEED    MM   HIGHEST GUST DIRECTION    MM
  AVERAGE WIND SPEED    MM


SKY COVER
  POSSIBLE SUNSHINE  MM
  AVERAGE SKY COVER  MM


WEATHER CONDITIONS
 THE FOLLOWING WEATHER WAS RECORDED TODAY.
  NO SIGNIFICANT WEATHER WAS OBSERVED.


RELATIVE HUMIDITY (PERCENT)
 HIGHEST    MM
 LOWEST     MM
 AVERAGE    MM

..........................................................


THE CHANHASSEN MN CLIMATE NORMALS FOR TOMORROW
                         NORMAL    RECORD    YEAR
 MAXIMUM TEMPERATURE (F)   79        MM        MM
 MINIMUM TEMPERATURE (F)   60        MM        MM


SUNRISE AND SUNSET
AUGUST 22 2015........SUNRISE   624 AM CDT   SUNSET   809 PM CDT
AUGUST 23 2015........SUNRISE   626 AM CDT   SUNSET   807 PM CDT


-  INDICATES NEGATIVE NUMBERS.
R  INDICATES RECORD WAS SET OR TIED.
MM INDICATES DATA IS MISSING.
T  INDICATES TRACE AMOUNT.




$$
