000
CDUS43 KMPX 132137
CLIMPX


CLIMATE REPORT
NATIONAL WEATHER SERVICE CHANHASSEN MN
437 PM CDT MON OCT 13 2014


...................................

...THE CHANHASSEN MN CLIMATE SUMMARY FOR OCTOBER 13 2014...
VALID AS OF 0400 PM LOCAL TIME.

CLIMATE NORMAL PERIOD 1981 TO 2010
CLIMATE RECORD PERIOD 1995 TO 2014


WEATHER ITEM   OBSERVED NORMAL DEPARTURE LAST
                VALUE   VALUE  FROM      YEAR
                               NORMAL
...............................................
TEMPERATURE (F)
 TODAY
  MAXIMUM         54     59     -5       59
  MINIMUM         50     39     11       34
  AVERAGE         52     49      3       47

PRECIPITATION (IN)
  TODAY            0.01   0.08  -0.07     0.00
  MONTH TO DATE    0.99   1.23  -0.24     1.72
  SINCE SEP 1      2.14   4.66  -2.52     3.29
  SINCE JAN 1     34.65  26.66   7.99    31.50

SNOWFALL (IN)
  TODAY            0.0    0.0    0.0      0.0
  MONTH TO DATE    T      0.1   -0.1      0.0
  SINCE SEP 1      T      0.1   -0.1      0.0
  SINCE JUL 1      T      0.1   -0.1      0.0
  SNOW DEPTH       0

DEGREE DAYS
 HEATING
  TODAY           13     16     -3       18
  MONTH TO DATE  234    181     53      122
  SINCE SEP 1    401    357     44      229
  SINCE JUL 1    417    380     37      250

 COOLING
  TODAY            0      0      0        0
  MONTH TO DATE    0      0      0        0
  SINCE SEP 1     35     47    -12       88
  SINCE JAN 1    514    600    -86      667
...............................................







THE CHANHASSEN MN CLIMATE NORMALS FOR TOMORROW
                         NORMAL
 MAXIMUM TEMPERATURE (F)   59
 MINIMUM TEMPERATURE (F)   39



-  INDICATES NEGATIVE NUMBERS.
R  INDICATES RECORD WAS SET OR TIED.
MM INDICATES DATA IS MISSING.
T  INDICATES TRACE AMOUNT.




$$
