000
CDUS43 KMPX 100104
CLIMPX


CLIMATE REPORT
NATIONAL WEATHER SERVICE CHANHASSEN MN
704 PM CST THU FEB 9 2017


...................................

...THE CHANHASSEN MN CLIMATE SUMMARY FOR FEBRUARY 9 2017...
VALID TODAY AS OF 0700 PM LOCAL TIME.

CLIMATE NORMAL PERIOD 1981 TO 2010
CLIMATE RECORD PERIOD 1995 TO 2017


WEATHER ITEM   OBSERVED TIME   RECORD YEAR NORMAL DEPARTURE LAST
                VALUE   (LST)  VALUE       VALUE  FROM      YEAR
                                                  NORMAL
..................................................................
TEMPERATURE (F)
 TODAY
  MAXIMUM         20        MM  46    2009  26     -6       15
  MINIMUM          1        MM -11           8     -7        4
  AVERAGE         11                        17     -6       10

PRECIPITATION (IN)
  TODAY            0.00          0.17 2009   0.03  -0.03     0.00
  MONTH TO DATE    T                         0.27  -0.27     0.73
  SINCE DEC 1      3.13                      2.39   0.74     3.01
  SINCE JAN 1      0.88                      1.14  -0.26     1.04

SNOWFALL (IN)
  TODAY            0.0           1.2  2006   0.4   -0.4      0.0
  MONTH TO DATE    T                         3.2   -3.2     10.9
  SINCE DEC 1     27.3                      27.4   -0.1     24.9
  SINCE JUL 1     32.4                      33.2   -0.8     27.9
  SNOW DEPTH       T

DEGREE DAYS
 HEATING
  TODAY           54                        48      6       55
  MONTH TO DATE  436                       438     -2      417
  SINCE DEC 1   3291                      3462   -171     3076
  SINCE JUL 1   4514                      5169   -655     4408

 COOLING
  TODAY            0                         0      0        0
  MONTH TO DATE    0                         0      0        0
  SINCE DEC 1      0                         0      0        0
  SINCE JAN 1      0                         0      0        0
..................................................................


WIND (MPH)
  HIGHEST WIND SPEED    MM   HIGHEST WIND DIRECTION    MM
  HIGHEST GUST SPEED    MM   HIGHEST GUST DIRECTION    MM
  AVERAGE WIND SPEED    MM


SKY COVER
  POSSIBLE SUNSHINE  MM
  AVERAGE SKY COVER  MM


WEATHER CONDITIONS
 THE FOLLOWING WEATHER WAS RECORDED TODAY.
  NO SIGNIFICANT WEATHER WAS OBSERVED.


RELATIVE HUMIDITY (PERCENT)
 HIGHEST    MM
 LOWEST     MM
 AVERAGE    MM

..........................................................


THE CHANHASSEN MN CLIMATE NORMALS FOR TOMORROW
                         NORMAL    RECORD    YEAR
 MAXIMUM TEMPERATURE (F)   26        44      2009
 MINIMUM TEMPERATURE (F)    9       -18      2011


SUNRISE AND SUNSET
FEBRUARY  9 2017......SUNRISE   723 AM CST   SUNSET   534 PM CST
FEBRUARY 10 2017......SUNRISE   722 AM CST   SUNSET   536 PM CST


-  INDICATES NEGATIVE NUMBERS.
R  INDICATES RECORD WAS SET OR TIED.
MM INDICATES DATA IS MISSING.
T  INDICATES TRACE AMOUNT.




$$
