505
CDUS43 KMPX 282300
CLIMPX


CLIMATE REPORT
NATIONAL WEATHER SERVICE CHANHASSEN MN
459 PM CST MON NOV 28 2016


...................................

...THE CHANHASSEN MN CLIMATE SUMMARY FOR NOVEMBER 28 2016...
VALID AS OF 0400 PM LOCAL TIME.

CLIMATE NORMAL PERIOD 1981 TO 2010
CLIMATE RECORD PERIOD 1995 TO 2016


WEATHER ITEM   OBSERVED TIME   RECORD YEAR NORMAL DEPARTURE LAST
                VALUE   (LST)  VALUE       VALUE  FROM      YEAR
                                                  NORMAL
..................................................................
TEMPERATURE (F)
 TODAY
  MAXIMUM         53        MM  MM      MM  32     21       30
  MINIMUM         43        MM  MM      MM  18     25        9
  AVERAGE         48                        25     23       20

PRECIPITATION (IN)
  TODAY            0.08         MM      MM   0.06   0.02     0.00
  MONTH TO DATE    1.62                      1.86  -0.24     4.44
  SINCE SEP 1     10.23                      7.80   2.43    10.17
  SINCE JAN 1     38.19                     29.80   8.39    33.15

SNOWFALL (IN)
  TODAY            0.0          MM      MM   0.3   -0.3      0.0
  MONTH TO DATE    5.1                       4.8    0.3      0.9
  SINCE SEP 1      5.1                       5.2   -0.1      0.9
  SINCE JUL 1      5.1                       5.2   -0.1      0.9
  SNOW DEPTH       0

DEGREE DAYS
 HEATING
  TODAY           17                        40    -23       45
  MONTH TO DATE  633                       889   -256      676
  SINCE SEP 1   1147                      1602   -455     1214
  SINCE JUL 1   1160                      1625   -465     1256

 COOLING
  TODAY            0                         0      0        0
  MONTH TO DATE    0                         0      0        0
  SINCE SEP 1     45                        52     -7      119
  SINCE JAN 1    631                       605     26      551
..................................................................




SKY COVER
  POSSIBLE SUNSHINE  MM
  AVERAGE SKY COVER  MM


WEATHER CONDITIONS
 THE FOLLOWING WEATHER WAS RECORDED TODAY.
  NO SIGNIFICANT WEATHER WAS OBSERVED.


RELATIVE HUMIDITY (PERCENT)
 HIGHEST    MM
 LOWEST     MM
 AVERAGE    MM

..........................................................


THE CHANHASSEN MN CLIMATE NORMALS FOR TOMORROW
                         NORMAL    RECORD    YEAR
 MAXIMUM TEMPERATURE (F)   32        MM        MM
 MINIMUM TEMPERATURE (F)   17        MM        MM


SUNRISE AND SUNSET
NOVEMBER 28 2016......SUNRISE   729 AM CST   SUNSET   436 PM CST
NOVEMBER 29 2016......SUNRISE   730 AM CST   SUNSET   435 PM CST


-  INDICATES NEGATIVE NUMBERS.
R  INDICATES RECORD WAS SET OR TIED.
MM INDICATES DATA IS MISSING.
T  INDICATES TRACE AMOUNT.




$$
