000
CDUS43 KMPX 092131
CLIMPX


CLIMATE REPORT
NATIONAL WEATHER SERVICE CHANHASSEN MN
431 PM CDT WED APR 9 2014


...................................

...THE CHANHASSEN MN CLIMATE SUMMARY FOR APRIL 9 2014...
VALID AS OF 0400 PM LOCAL TIME.

CLIMATE NORMAL PERIOD 1981 TO 2010
CLIMATE RECORD PERIOD 1995 TO 2014


WEATHER ITEM   OBSERVED NORMAL DEPARTURE LAST
                VALUE   VALUE  FROM      YEAR
                               NORMAL
...............................................
TEMPERATURE (F)
 TODAY
  MAXIMUM         70     54     16       42
  MINIMUM         29     33     -4       30
  AVERAGE         50     44      6       36

PRECIPITATION (IN)
  TODAY            0.00   0.10  -0.10     0.66
  MONTH TO DATE    0.77   0.84  -0.07     1.61
  SINCE MAR 1      1.46   2.62  -1.16     3.25
  SINCE JAN 1      4.37   4.43  -0.06     4.96

SNOWFALL (IN)
  TODAY            0.0    0.2   -0.2      1.5
  MONTH TO DATE    8.7    1.7    7.0      1.8
  SINCE MAR 1     12.1   12.5   -0.4     13.3
  SINCE JUL 1     67.4   52.2   15.2     50.9
  SNOW DEPTH       0

DEGREE DAYS
 HEATING
  TODAY           15     22     -7       29
  MONTH TO DATE  240    214     26      262
  SINCE MAR 1   1508   1260    248     1507
  SINCE JUL 1   8391   7275   1116     7329

 COOLING
  TODAY            0      0      0        0
  MONTH TO DATE    0      0      0        0
  SINCE MAR 1      0      0      0        0
  SINCE JAN 1      0      0      0        0
...............................................







THE CHANHASSEN MN CLIMATE NORMALS FOR TOMORROW
                         NORMAL
 MAXIMUM TEMPERATURE (F)   54
 MINIMUM TEMPERATURE (F)   34



-  INDICATES NEGATIVE NUMBERS.
R  INDICATES RECORD WAS SET OR TIED.
MM INDICATES DATA IS MISSING.
T  INDICATES TRACE AMOUNT.




$$
