000
CDUS43 KMPX 060622
CLIMPX


CLIMATE REPORT
NATIONAL WEATHER SERVICE CHANHASSEN MN
1220 AM CST MON FEB 6 2017


...................................

...THE CHANHASSEN MN CLIMATE SUMMARY FOR FEBRUARY 5 2017...

CLIMATE NORMAL PERIOD 1981 TO 2010
CLIMATE RECORD PERIOD 1995 TO 2017


WEATHER ITEM   OBSERVED TIME   RECORD YEAR NORMAL DEPARTURE LAST
                VALUE   (LST)  VALUE       VALUE  FROM      YEAR
                                                  NORMAL
..................................................................
TEMPERATURE (F)
 YESTERDAY
  MAXIMUM         30        MM  MM      MM  25      5       26
  MINIMUM         16        MM  MM      MM   7      9        0
  AVERAGE         23                        16      7       13

PRECIPITATION (IN)
  YESTERDAY        0.00         MM      MM   0.03  -0.03      T
  MONTH TO DATE    T                         0.15  -0.15     0.72
  SINCE DEC 1      3.13                      2.27   0.86     3.00
  SINCE JAN 1      0.88                      1.02  -0.14     1.03

SNOWFALL (IN)
  YESTERDAY        0.0          MM      MM   0.4   -0.4       T
  MONTH TO DATE    T                         1.8   -1.8     10.7
  SINCE DEC 1     27.3                      26.0    1.3     24.7
  SINCE JUL 1     32.4                      31.8    0.6     27.7
  SNOW DEPTH       T

DEGREE DAYS
 HEATING
  YESTERDAY       42                        49     -7       52
  MONTH TO DATE  236                       246    -10      235
  SINCE DEC 1   3091                      3270   -179     2894
  SINCE JUL 1   4314                      4977   -663     4226

 COOLING
  YESTERDAY        0                         0      0        0
  MONTH TO DATE    0                         0      0        0
  SINCE DEC 1      0                         0      0        0
  SINCE JAN 1      0                         0      0        0
..................................................................


WIND (MPH)
  HIGHEST WIND SPEED    MM   HIGHEST WIND DIRECTION    MM
  HIGHEST GUST SPEED    MM   HIGHEST GUST DIRECTION    MM
  AVERAGE WIND SPEED    MM


SKY COVER
  POSSIBLE SUNSHINE  MM
  AVERAGE SKY COVER  MM


WEATHER CONDITIONS
 THE FOLLOWING WEATHER WAS RECORDED YESTERDAY.
  NO SIGNIFICANT WEATHER WAS OBSERVED.


RELATIVE HUMIDITY (PERCENT)
 HIGHEST    MM
 LOWEST     MM
 AVERAGE    MM

..........................................................


THE CHANHASSEN MN CLIMATE NORMALS FOR TODAY
                         NORMAL    RECORD    YEAR
 MAXIMUM TEMPERATURE (F)   26        45      2005
                                             2002
 MINIMUM TEMPERATURE (F)    8       -12      2014


SUNRISE AND SUNSET
FEBRUARY  6 2017......SUNRISE   727 AM CST   SUNSET   530 PM CST
FEBRUARY  7 2017......SUNRISE   726 AM CST   SUNSET   532 PM CST


-  INDICATES NEGATIVE NUMBERS.
R  INDICATES RECORD WAS SET OR TIED.
MM INDICATES DATA IS MISSING.
T  INDICATES TRACE AMOUNT.




$$
