000
CDUS43 KMPX 220809
CLIMPX


CLIMATE REPORT
NATIONAL WEATHER SERVICE CHANHASSEN MN
309 AM CDT SUN MAR 22 2015


...................................

...THE CHANHASSEN MN CLIMATE SUMMARY FOR MARCH 21 2015...

CLIMATE NORMAL PERIOD 1981 TO 2010
CLIMATE RECORD PERIOD 1995 TO 2015


WEATHER ITEM   OBSERVED TIME   RECORD YEAR NORMAL DEPARTURE LAST
                VALUE   (LST)  VALUE       VALUE  FROM      YEAR
                                                  NORMAL
..................................................................
TEMPERATURE (F)
 YESTERDAY
  MAXIMUM         37        MM  MM      MM  43     -6       44
  MINIMUM         26        MM  MM      MM  25      1       16
  AVERAGE         32                        34     -2       30

PRECIPITATION (IN)
  YESTERDAY        0.00         MM      MM   0.07  -0.07      T
  MONTH TO DATE    0.19                      1.05  -0.86     0.29
  SINCE MAR 1      0.19                      1.05  -0.86     0.29
  SINCE JAN 1      0.95                      2.86  -1.91     3.20

SNOWFALL (IN)
  YESTERDAY        0.0          MM      MM   0.4   -0.4       T
  MONTH TO DATE    2.4                       8.1   -5.7      2.9
  SINCE MAR 1      2.4                       8.1   -5.7      2.9
  SINCE JUL 1     26.5                      47.8  -21.3     58.2
  SNOW DEPTH       0

DEGREE DAYS
 HEATING
  YESTERDAY       33                        31      2       35
  MONTH TO DATE  656                       759   -103      897
  SINCE MAR 1    656                       759   -103      897
  SINCE JUL 1   6914                      6774    140     7780

 COOLING
  YESTERDAY        0                         0      0        0
  MONTH TO DATE    0                         0      0        0
  SINCE MAR 1      0                         0      0        0
  SINCE JAN 1      0                         0      0        0
..................................................................


WIND (MPH)
  HIGHEST WIND SPEED    MM   HIGHEST WIND DIRECTION    MM
  HIGHEST GUST SPEED    MM   HIGHEST GUST DIRECTION    MM
  AVERAGE WIND SPEED    MM


SKY COVER
  POSSIBLE SUNSHINE  MM
  AVERAGE SKY COVER  MM


WEATHER CONDITIONS
 THE FOLLOWING WEATHER WAS RECORDED YESTERDAY.
  NO SIGNIFICANT WEATHER WAS OBSERVED.


RELATIVE HUMIDITY (PERCENT)
 HIGHEST    MM
 LOWEST     MM
 AVERAGE    MM

..........................................................


THE CHANHASSEN MN CLIMATE NORMALS FOR TODAY
                         NORMAL    RECORD    YEAR
 MAXIMUM TEMPERATURE (F)   43        MM        MM
 MINIMUM TEMPERATURE (F)   25        MM        MM


SUNRISE AND SUNSET
MARCH 22 2015.........SUNRISE   714 AM CDT   SUNSET   729 PM CDT
MARCH 23 2015.........SUNRISE   712 AM CDT   SUNSET   730 PM CDT


-  INDICATES NEGATIVE NUMBERS.
R  INDICATES RECORD WAS SET OR TIED.
MM INDICATES DATA IS MISSING.
T  INDICATES TRACE AMOUNT.




$$
