000
CDUS43 KMPX 170631
CLIMPX


CLIMATE REPORT
NATIONAL WEATHER SERVICE CHANHASSEN MN
1231 AM CST MON NOV 17 2014


...................................

...THE CHANHASSEN MN CLIMATE SUMMARY FOR NOVEMBER 16 2014...

CLIMATE NORMAL PERIOD 1981 TO 2010
CLIMATE RECORD PERIOD 1995 TO 2014


WEATHER ITEM   OBSERVED NORMAL DEPARTURE LAST
                VALUE   VALUE  FROM      YEAR
                               NORMAL
...............................................
TEMPERATURE (F)
 YESTERDAY
  MAXIMUM         21     40    -19       49
  MINIMUM          3     25    -22       40
  AVERAGE         12     32    -20       45

PRECIPITATION (IN)
  YESTERDAY        0.01   0.07  -0.06     0.13
  MONTH TO DATE    0.44   1.09  -0.65     0.50
  SINCE SEP 1      2.66   7.03  -4.37     5.60
  SINCE JAN 1     35.17  29.03   6.14    33.81

SNOWFALL (IN)
  YESTERDAY        0.1    0.2   -0.1      0.0
  MONTH TO DATE    4.2    1.8    2.4      1.6
  SINCE SEP 1      4.2    2.2    2.0      1.6
  SINCE JUL 1      4.2    2.2    2.0      1.6
  SNOW DEPTH       3

DEGREE DAYS
 HEATING
  YESTERDAY       53     33     20       20
  MONTH TO DATE  565    451    114      462
  SINCE SEP 1   1266   1164    102     1141
  SINCE JUL 1   1282   1187     95     1162

 COOLING
  YESTERDAY        0      0      0        0
  MONTH TO DATE    0      0      0        0
  SINCE SEP 1     35     52    -17       88
  SINCE JAN 1    514    605    -91      667
...............................................







THE CHANHASSEN MN CLIMATE NORMALS FOR TODAY
                         NORMAL
 MAXIMUM TEMPERATURE (F)   39
 MINIMUM TEMPERATURE (F)   24



-  INDICATES NEGATIVE NUMBERS.
R  INDICATES RECORD WAS SET OR TIED.
MM INDICATES DATA IS MISSING.
T  INDICATES TRACE AMOUNT.




$$
