636
CDUS43 KMPX 200717
CLIMPX


CLIMATE REPORT
NATIONAL WEATHER SERVICE CHANHASSEN MN
216 AM CDT TUE SEP 20 2016


...................................

...THE CHANHASSEN MN CLIMATE SUMMARY FOR SEPTEMBER 19 2016...

CLIMATE NORMAL PERIOD 1981 TO 2010
CLIMATE RECORD PERIOD 1995 TO 2016


WEATHER ITEM   OBSERVED TIME   RECORD YEAR NORMAL DEPARTURE LAST
                VALUE   (LST)  VALUE       VALUE  FROM      YEAR
                                                  NORMAL
..................................................................
TEMPERATURE (F)
 YESTERDAY
  MAXIMUM         79        MM  MM      MM  69     10       68
  MINIMUM         54        MM  MM      MM  49      5       46
  AVERAGE         67                        59      8       57

PRECIPITATION (IN)
  YESTERDAY        0.02         MM      MM   0.10  -0.08     0.00
  MONTH TO DATE    3.03                      2.29   0.74     2.69
  SINCE SEP 1      3.03                      2.29   0.74     2.69
  SINCE JAN 1     30.99                     24.29   6.70    25.67

SNOWFALL (IN)
  YESTERDAY        0.0          MM      MM   0.0    0.0      0.0
  MONTH TO DATE    0.0                       0.0    0.0      0.0
  SINCE SEP 1      0.0                       0.0    0.0      0.0
  SINCE JUL 1      0.0                       0.0    0.0      0.0
  SNOW DEPTH       0

DEGREE DAYS
 HEATING
  YESTERDAY        0                         7     -7        8
  MONTH TO DATE   25                        76    -51       51
  SINCE SEP 1     25                        76    -51       51
  SINCE JUL 1     38                        99    -61       93

 COOLING
  YESTERDAY        2                         1      1        0
  MONTH TO DATE   40                        40      0       99
  SINCE SEP 1     40                        40      0       99
  SINCE JAN 1    626                       593     33      531
..................................................................


WIND (MPH)
  HIGHEST WIND SPEED    MM   HIGHEST WIND DIRECTION    MM
  HIGHEST GUST SPEED    MM   HIGHEST GUST DIRECTION    MM
  AVERAGE WIND SPEED    MM


SKY COVER
  POSSIBLE SUNSHINE  MM
  AVERAGE SKY COVER  MM


WEATHER CONDITIONS
 THE FOLLOWING WEATHER WAS RECORDED YESTERDAY.
  NO SIGNIFICANT WEATHER WAS OBSERVED.


RELATIVE HUMIDITY (PERCENT)
 HIGHEST    MM
 LOWEST     MM
 AVERAGE    MM

..........................................................


THE CHANHASSEN MN CLIMATE NORMALS FOR TODAY
                         NORMAL    RECORD    YEAR
 MAXIMUM TEMPERATURE (F)   69        MM        MM
 MINIMUM TEMPERATURE (F)   49        MM        MM


SUNRISE AND SUNSET
SEPTEMBER 20 2016.....SUNRISE   700 AM CDT   SUNSET   714 PM CDT
SEPTEMBER 21 2016.....SUNRISE   701 AM CDT   SUNSET   713 PM CDT


-  INDICATES NEGATIVE NUMBERS.
R  INDICATES RECORD WAS SET OR TIED.
MM INDICATES DATA IS MISSING.
T  INDICATES TRACE AMOUNT.




$$
