731
CDUS43 KMPX 072242
CLIMPX


CLIMATE REPORT
NATIONAL WEATHER SERVICE CHANHASSEN MN
541 PM CDT THU MAY 7 2015


...................................

...THE CHANHASSEN MN CLIMATE SUMMARY FOR MAY 7 2015...
VALID AS OF 0500 PM LOCAL TIME.

CLIMATE NORMAL PERIOD 1981 TO 2010
CLIMATE RECORD PERIOD 1995 TO 2015


WEATHER ITEM   OBSERVED TIME   RECORD YEAR NORMAL DEPARTURE LAST
                VALUE   (LST)  VALUE       VALUE  FROM      YEAR
                                                  NORMAL
..................................................................
TEMPERATURE (F)
 TODAY
  MAXIMUM         74        MM  MM      MM  66      8       63
  MINIMUM         63        MM  MM      MM  45     18       51
  AVERAGE         69                        55     14       57

PRECIPITATION (IN)
  TODAY            0.12         MM      MM   0.12   0.00     0.15
  MONTH TO DATE    0.72                      0.81  -0.09     0.18
  SINCE MAR 1      3.72                      5.59  -1.87     7.92
  SINCE JAN 1      4.48                      7.40  -2.92    10.83

SNOWFALL (IN)
  TODAY            0.0          MM      MM   0.0    0.0       T
  MONTH TO DATE    T                         0.2   -0.2       T
  SINCE MAR 1      9.3                      14.4   -5.1     14.2
  SINCE JUL 1     33.4                      54.1  -20.7     69.5
  SNOW DEPTH       0

DEGREE DAYS
 HEATING
  TODAY            0                        10    -10        8
  MONTH TO DATE   23                        77    -54       97
  SINCE MAR 1   1499                      1681   -182     2073
  SINCE JUL 1   7757                      7696     61     8956

 COOLING
  TODAY            4                         1      3        0
  MONTH TO DATE    5                         1      4        0
  SINCE MAR 1      5                         4      1        0
  SINCE JAN 1      5                         4      1        0
..................................................................




SKY COVER
  POSSIBLE SUNSHINE  MM
  AVERAGE SKY COVER  MM


WEATHER CONDITIONS
 THE FOLLOWING WEATHER WAS RECORDED TODAY.
  NO SIGNIFICANT WEATHER WAS OBSERVED.


RELATIVE HUMIDITY (PERCENT)
 HIGHEST    MM
 LOWEST     MM
 AVERAGE    MM

..........................................................


THE CHANHASSEN MN CLIMATE NORMALS FOR TOMORROW
                         NORMAL    RECORD    YEAR
 MAXIMUM TEMPERATURE (F)   66        MM        MM
 MINIMUM TEMPERATURE (F)   45        MM        MM


SUNRISE AND SUNSET
MAY  7 2015...........SUNRISE   556 AM CDT   SUNSET   827 PM CDT
MAY  8 2015...........SUNRISE   554 AM CDT   SUNSET   828 PM CDT


-  INDICATES NEGATIVE NUMBERS.
R  INDICATES RECORD WAS SET OR TIED.
MM INDICATES DATA IS MISSING.
T  INDICATES TRACE AMOUNT.




$$
