000
CDUS43 KMPX 182120
CLIMPX


CLIMATE REPORT
NATIONAL WEATHER SERVICE CHANHASSEN MN
420 PM CDT MON APR 18 2016


...................................

...THE CHANHASSEN MN CLIMATE SUMMARY FOR APRIL 18 2016...
VALID AS OF 0400 PM LOCAL TIME.

CLIMATE NORMAL PERIOD 1981 TO 2010
CLIMATE RECORD PERIOD 1995 TO 2016


WEATHER ITEM   OBSERVED TIME   RECORD YEAR NORMAL DEPARTURE LAST
                VALUE   (LST)  VALUE       VALUE  FROM      YEAR
                                                  NORMAL
..................................................................
TEMPERATURE (F)
 TODAY
  MAXIMUM         77        MM  MM      MM  59     18       70
  MINIMUM         56        MM  MM      MM  37     19       42
  AVERAGE         67                        48     19       56

PRECIPITATION (IN)
  TODAY            0.00         MM      MM   0.10  -0.10     0.09
  MONTH TO DATE    0.12                      1.73  -1.61     1.68
  SINCE MAR 1      1.54                      3.51  -1.97     2.46
  SINCE JAN 1      3.03                      5.32  -2.29     3.22

SNOWFALL (IN)
  TODAY            0.0          MM      MM   0.1   -0.1      0.0
  MONTH TO DATE    0.5                       2.7   -2.2      0.5
  SINCE MAR 1      5.6                      13.5   -7.9      9.3
  SINCE JUL 1     35.5                      53.2  -17.7     33.4
  SNOW DEPTH       0

DEGREE DAYS
 HEATING
  TODAY            0                        17    -17        9
  MONTH TO DATE  365                       387    -22      296
  SINCE MAR 1   1158                      1433   -275     1261
  SINCE JUL 1   6373                      7448  -1075     7519

 COOLING
  TODAY            2                         0      2        0
  MONTH TO DATE    9                         0      9        0
  SINCE MAR 1      9                         0      9        0
  SINCE JAN 1      9                         0      9        0
..................................................................




SKY COVER
  POSSIBLE SUNSHINE  MM
  AVERAGE SKY COVER  MM


WEATHER CONDITIONS
 THE FOLLOWING WEATHER WAS RECORDED TODAY.
  NO SIGNIFICANT WEATHER WAS OBSERVED.


RELATIVE HUMIDITY (PERCENT)
 HIGHEST    MM
 LOWEST     MM
 AVERAGE    MM

..........................................................


THE CHANHASSEN MN CLIMATE NORMALS FOR TOMORROW
                         NORMAL    RECORD    YEAR
 MAXIMUM TEMPERATURE (F)   59        MM        MM
 MINIMUM TEMPERATURE (F)   38        MM        MM


SUNRISE AND SUNSET
APRIL 18 2016.........SUNRISE   624 AM CDT   SUNSET   804 PM CDT
APRIL 19 2016.........SUNRISE   622 AM CDT   SUNSET   805 PM CDT


-  INDICATES NEGATIVE NUMBERS.
R  INDICATES RECORD WAS SET OR TIED.
MM INDICATES DATA IS MISSING.
T  INDICATES TRACE AMOUNT.




$$
