000
CDUS43 KMPX 122128
CLIMPX


CLIMATE REPORT
NATIONAL WEATHER SERVICE CHANHASSEN MN
428 PM CDT TUE AUG 12 2014


...................................

...THE CHANHASSEN MN CLIMATE SUMMARY FOR AUGUST 12 2014...
VALID AS OF 0400 PM LOCAL TIME.

CLIMATE NORMAL PERIOD 1981 TO 2010
CLIMATE RECORD PERIOD 1995 TO 2014


WEATHER ITEM   OBSERVED NORMAL DEPARTURE LAST
                VALUE   VALUE  FROM      YEAR
                               NORMAL
...............................................
TEMPERATURE (F)
 TODAY
  MAXIMUM         77     81     -4       77
  MINIMUM         55     61     -6       62
  AVERAGE         66     71     -5       70

PRECIPITATION (IN)
  TODAY            0.00   0.14  -0.14     0.00
  MONTH TO DATE    0.18   1.52  -1.34     1.65
  SINCE JUN 1     13.93   9.13   4.80    12.62
  SINCE JAN 1     29.83  19.38  10.45    28.12

SNOWFALL (IN)
  TODAY            0.0    0.0    0.0      0.0
  MONTH TO DATE    0.0    0.0    0.0      0.0
  SINCE JUN 1      0.0    0.0    0.0      0.0
  SINCE JUL 1      0.0    0.0    0.0      0.0
  SNOW DEPTH       0

DEGREE DAYS
 HEATING
  TODAY            0      0      0        0
  MONTH TO DATE    0      0      0        3
  SINCE JUN 1     46     57    -11       81
  SINCE JUL 1     13      8      5       19

 COOLING
  TODAY            1      6     -5        5
  MONTH TO DATE   67     78    -11       29
  SINCE JUN 1    321    430   -109      380
  SINCE JAN 1    358    463   -105      403
...............................................







THE CHANHASSEN MN CLIMATE NORMALS FOR TOMORROW
                         NORMAL
 MAXIMUM TEMPERATURE (F)   81
 MINIMUM TEMPERATURE (F)   61



-  INDICATES NEGATIVE NUMBERS.
R  INDICATES RECORD WAS SET OR TIED.
MM INDICATES DATA IS MISSING.
T  INDICATES TRACE AMOUNT.




$$
