000
CDUS43 KMPX 070910
CLIMPX


CLIMATE REPORT
NATIONAL WEATHER SERVICE CHANHASSEN MN
309 AM CST SAT JAN 7 2017


...................................

...THE CHANHASSEN MN CLIMATE SUMMARY FOR JANUARY 6 2017...

CLIMATE NORMAL PERIOD 1981 TO 2010
CLIMATE RECORD PERIOD 1995 TO 2017


WEATHER ITEM   OBSERVED TIME   RECORD YEAR NORMAL DEPARTURE LAST
                VALUE   (LST)  VALUE       VALUE  FROM      YEAR
                                                  NORMAL
..................................................................
TEMPERATURE (F)
 YESTERDAY
  MAXIMUM          4        MM  46    2012  23    -19       33
  MINIMUM        -13        MM -24    2014   6    -19       24
  AVERAGE         -4                        14    -18       29

PRECIPITATION (IN)
  YESTERDAY        0.00          0.04 2002   0.03  -0.03     0.04
                                      2002
                                      2016
  MONTH TO DATE    0.02                      0.19  -0.17     0.04
  SINCE DEC 1      2.27                      1.44   0.83     2.01
  SINCE JAN 1      0.02                      0.19  -0.17     0.04

SNOWFALL (IN)
  YESTERDAY        0.0           0.4  2002   0.4   -0.4      0.3
  MONTH TO DATE    0.1                       2.1   -2.0      0.3
  SINCE DEC 1     18.5                      16.0    2.5      9.6
  SINCE JUL 1     23.6                      21.8    1.8     12.6
  SNOW DEPTH       3

DEGREE DAYS
 HEATING
  YESTERDAY       69                        51     18       36
  MONTH TO DATE  335                       304     31      261
  SINCE DEC 1   1767                      1758      9     1389
  SINCE JUL 1   2990                      3465   -475     2721

 COOLING
  YESTERDAY        0                         0      0        0
  MONTH TO DATE    0                         0      0        0
  SINCE DEC 1      0                         0      0        0
  SINCE JAN 1      0                         0      0        0
..................................................................


WIND (MPH)
  HIGHEST WIND SPEED    MM   HIGHEST WIND DIRECTION    MM
  HIGHEST GUST SPEED    MM   HIGHEST GUST DIRECTION    MM
  AVERAGE WIND SPEED    MM


SKY COVER
  POSSIBLE SUNSHINE  MM
  AVERAGE SKY COVER  MM


WEATHER CONDITIONS
 THE FOLLOWING WEATHER WAS RECORDED YESTERDAY.
  NO SIGNIFICANT WEATHER WAS OBSERVED.


RELATIVE HUMIDITY (PERCENT)
 HIGHEST    MM
 LOWEST     MM
 AVERAGE    MM

..........................................................


THE CHANHASSEN MN CLIMATE NORMALS FOR TODAY
                         NORMAL    RECORD    YEAR
 MAXIMUM TEMPERATURE (F)   23        52      2003
 MINIMUM TEMPERATURE (F)    6       -17      2014


SUNRISE AND SUNSET
JANUARY  7 2017.......SUNRISE   751 AM CST   SUNSET   450 PM CST
JANUARY  8 2017.......SUNRISE   751 AM CST   SUNSET   451 PM CST


-  INDICATES NEGATIVE NUMBERS.
R  INDICATES RECORD WAS SET OR TIED.
MM INDICATES DATA IS MISSING.
T  INDICATES TRACE AMOUNT.




$$
