000
CDUS43 KMPX 230645
CLIMPX


CLIMATE REPORT
NATIONAL WEATHER SERVICE CHANHASSEN MN
1245 AM CST FRI JAN 23 2015


...................................

...THE CHANHASSEN MN CLIMATE SUMMARY FOR JANUARY 22 2015...

CLIMATE NORMAL PERIOD 1981 TO 2010
CLIMATE RECORD PERIOD 1995 TO 2015


WEATHER ITEM   OBSERVED TIME   RECORD YEAR NORMAL DEPARTURE LAST
                VALUE   (LST)  VALUE       VALUE  FROM      YEAR
                                                  NORMAL
..................................................................
TEMPERATURE (F)
 YESTERDAY
  MAXIMUM         MM        MM  MM      MM  23     MM        7
  MINIMUM         MM        MM  MM      MM   5     MM      -11
  AVERAGE         MM                        14     MM       -2

PRECIPITATION (IN)
  YESTERDAY       MM            MM      MM   0.03  MM         T
  MONTH TO DATE    0.32                      0.64  -0.32     0.77
  SINCE DEC 1      1.29                      1.89  -0.60     2.03
  SINCE JAN 1      0.32                      0.64  -0.32     0.77

SNOWFALL (IN)
  YESTERDAY       MM            MM      MM   0.4   MM         T
  MONTH TO DATE    4.2                       7.2   -3.0     10.4
  SINCE DEC 1     10.9                      21.1  -10.2     27.2
  SINCE JUL 1     19.0                      26.9   -7.9     29.0
  SNOW DEPTH      MM

DEGREE DAYS
 HEATING
  YESTERDAY       MM                        51     MM       67
  MONTH TO DATE 1100                      1120    -20     1257
  SINCE DEC 1   2399                      2574   -175     2964
  SINCE JUL 1   4336                      4281     55     4686

 COOLING
  YESTERDAY       MM                         0     MM        0
  MONTH TO DATE    0                         0      0        0
  SINCE DEC 1      0                         0      0        0
  SINCE JAN 1      0                         0      0        0
..................................................................


WIND (MPH)
  HIGHEST WIND SPEED    MM   HIGHEST WIND DIRECTION    MM
  HIGHEST GUST SPEED    MM   HIGHEST GUST DIRECTION    MM
  AVERAGE WIND SPEED    MM


SKY COVER
  POSSIBLE SUNSHINE  MM
  AVERAGE SKY COVER  MM


WEATHER CONDITIONS
 THE FOLLOWING WEATHER WAS RECORDED YESTERDAY.
  NO SIGNIFICANT WEATHER WAS OBSERVED.


RELATIVE HUMIDITY (PERCENT)
 HIGHEST    MM
 LOWEST     MM
 AVERAGE    MM

..........................................................


THE CHANHASSEN MN CLIMATE NORMALS FOR TODAY
                         NORMAL    RECORD    YEAR
 MAXIMUM TEMPERATURE (F)   23        MM        MM
 MINIMUM TEMPERATURE (F)    5        MM        MM


SUNRISE AND SUNSET
JANUARY 23 2015.......SUNRISE   743 AM CST   SUNSET   510 PM CST
JANUARY 24 2015.......SUNRISE   742 AM CST   SUNSET   511 PM CST


-  INDICATES NEGATIVE NUMBERS.
R  INDICATES RECORD WAS SET OR TIED.
MM INDICATES DATA IS MISSING.
T  INDICATES TRACE AMOUNT.




$$
