000
CDUS43 KMPX 020709
CLIMPX


CLIMATE REPORT
NATIONAL WEATHER SERVICE CHANHASSEN MN
209 AM CDT WED JUL 2 2014


...................................

...THE CHANHASSEN MN CLIMATE SUMMARY FOR JULY 1 2014...

CLIMATE NORMAL PERIOD 1981 TO 2010
CLIMATE RECORD PERIOD 1995 TO 2014


WEATHER ITEM   OBSERVED NORMAL DEPARTURE LAST
                VALUE   VALUE  FROM      YEAR
                               NORMAL
...............................................
TEMPERATURE (F)
 YESTERDAY
  MAXIMUM         72     82    -10       83
  MINIMUM         54     61     -7       58
  AVERAGE         63     71     -8       71

PRECIPITATION (IN)
  YESTERDAY        0.07   0.13  -0.06     0.00
  MONTH TO DATE    0.07   0.13  -0.06     0.00
  SINCE JUN 1     10.49   4.15   6.34     6.28
  SINCE JAN 1     26.39  14.40  11.99    21.78

SNOWFALL (IN)
  YESTERDAY        0.0    0.0    0.0      0.0
  MONTH TO DATE    0.0    0.0    0.0      0.0
  SINCE JUN 1      0.0    0.0    0.0      0.0
  SINCE JUL 1      0.0    0.0    0.0      0.0
  SNOW DEPTH       0

DEGREE DAYS
 HEATING
  YESTERDAY        2      0      2        0
  MONTH TO DATE    2      0      2        0
  SINCE JUN 1     35     49    -14       62
  SINCE JUL 1      2      0      2        0

 COOLING
  YESTERDAY        0      7     -7        6
  MONTH TO DATE    0      7     -7        6
  SINCE JUN 1    112    134    -22      118
  SINCE JAN 1    149    167    -18      141
...............................................







THE CHANHASSEN MN CLIMATE NORMALS FOR TODAY
                         NORMAL
 MAXIMUM TEMPERATURE (F)   82
 MINIMUM TEMPERATURE (F)   61



-  INDICATES NEGATIVE NUMBERS.
R  INDICATES RECORD WAS SET OR TIED.
MM INDICATES DATA IS MISSING.
T  INDICATES TRACE AMOUNT.




$$
