000
CDUS43 KMPX 120634
CLIMPX


CLIMATE REPORT
NATIONAL WEATHER SERVICE CHANHASSEN MN
132 AM CDT TUE AUG 12 2014


...................................

...THE CHANHASSEN MN CLIMATE SUMMARY FOR AUGUST 11 2014...

CLIMATE NORMAL PERIOD 1981 TO 2010
CLIMATE RECORD PERIOD 1995 TO 2014


WEATHER ITEM   OBSERVED NORMAL DEPARTURE LAST
                VALUE   VALUE  FROM      YEAR
                               NORMAL
...............................................
TEMPERATURE (F)
 YESTERDAY
  MAXIMUM         77     81     -4       79
  MINIMUM         62     61      1       63
  AVERAGE         70     71     -1       71

PRECIPITATION (IN)
  YESTERDAY        0.06   0.14  -0.08     0.00
  MONTH TO DATE    0.18   1.38  -1.20     1.65
  SINCE JUN 1     13.93   8.99   4.94    12.62
  SINCE JAN 1     29.83  19.24  10.59    28.12

SNOWFALL (IN)
  YESTERDAY        0.0    0.0    0.0      0.0
  MONTH TO DATE    0.0    0.0    0.0      0.0
  SINCE JUN 1      0.0    0.0    0.0      0.0
  SINCE JUL 1      0.0    0.0    0.0      0.0
  SNOW DEPTH       0

DEGREE DAYS
 HEATING
  YESTERDAY        0      0      0        0
  MONTH TO DATE    0      0      0        3
  SINCE JUN 1     46     57    -11       81
  SINCE JUL 1     13      8      5       19

 COOLING
  YESTERDAY        5      6     -1        6
  MONTH TO DATE   66     72     -6       24
  SINCE JUN 1    320    424   -104      375
  SINCE JAN 1    357    457   -100      398
...............................................







THE CHANHASSEN MN CLIMATE NORMALS FOR TODAY
                         NORMAL
 MAXIMUM TEMPERATURE (F)   81
 MINIMUM TEMPERATURE (F)   61



-  INDICATES NEGATIVE NUMBERS.
R  INDICATES RECORD WAS SET OR TIED.
MM INDICATES DATA IS MISSING.
T  INDICATES TRACE AMOUNT.




$$
