000
CDUS43 KMPX 102224
CLIMPX


CLIMATE REPORT
NATIONAL WEATHER SERVICE CHANHASSEN MN
424 PM CST FRI FEB 10 2017


...................................

...THE CHANHASSEN MN CLIMATE SUMMARY FOR FEBRUARY 10 2017...
VALID AS OF 0400 PM LOCAL TIME.

CLIMATE NORMAL PERIOD 1981 TO 2010
CLIMATE RECORD PERIOD 1995 TO 2017


WEATHER ITEM   OBSERVED TIME   RECORD YEAR NORMAL DEPARTURE LAST
                VALUE   (LST)  VALUE       VALUE  FROM      YEAR
                                                  NORMAL
..................................................................
TEMPERATURE (F)
 TODAY
  MAXIMUM         46R       MM  44    2009  26     20       12
  MINIMUM         19        MM -18    2011   9     10        1
  AVERAGE         33                        18     15        7

PRECIPITATION (IN)
  TODAY            0.00          0.49 2013   0.03  -0.03     0.00
  MONTH TO DATE    T                         0.30  -0.30     0.73
  SINCE DEC 1      3.13                      2.42   0.71     3.01
  SINCE JAN 1      0.88                      1.17  -0.29     1.04

SNOWFALL (IN)
  TODAY            0.0           3.5  2013   0.3   -0.3      0.0
  MONTH TO DATE    T                         3.5   -3.5     10.9
  SINCE DEC 1     27.3                      27.7   -0.4     24.9
  SINCE JUL 1     32.4                      33.5   -1.1     27.9
  SNOW DEPTH       T

DEGREE DAYS
 HEATING
  TODAY           32                        47    -15       58
  MONTH TO DATE  468                       485    -17      475
  SINCE DEC 1   3323                      3509   -186     3134
  SINCE JUL 1   4546                      5216   -670     4466

 COOLING
  TODAY            0                         0      0        0
  MONTH TO DATE    0                         0      0        0
  SINCE DEC 1      0                         0      0        0
  SINCE JAN 1      0                         0      0        0
..................................................................




SKY COVER
  POSSIBLE SUNSHINE  MM
  AVERAGE SKY COVER  MM


WEATHER CONDITIONS
 THE FOLLOWING WEATHER WAS RECORDED TODAY.
  NO SIGNIFICANT WEATHER WAS OBSERVED.


RELATIVE HUMIDITY (PERCENT)
 HIGHEST    MM
 LOWEST     MM
 AVERAGE    MM

..........................................................


THE CHANHASSEN MN CLIMATE NORMALS FOR TOMORROW
                         NORMAL    RECORD    YEAR
 MAXIMUM TEMPERATURE (F)   27        48      2005
 MINIMUM TEMPERATURE (F)    9       -18      2014


SUNRISE AND SUNSET
FEBRUARY 10 2017......SUNRISE   722 AM CST   SUNSET   536 PM CST
FEBRUARY 11 2017......SUNRISE   720 AM CST   SUNSET   537 PM CST


-  INDICATES NEGATIVE NUMBERS.
R  INDICATES RECORD WAS SET OR TIED.
MM INDICATES DATA IS MISSING.
T  INDICATES TRACE AMOUNT.




$$
