000
CDUS43 KMPX 142247
CLIMPX


CLIMATE REPORT
NATIONAL WEATHER SERVICE CHANHASSEN MN
445 PM CST SUN DEC 14 2014


...................................

...THE CHANHASSEN MN CLIMATE SUMMARY FOR DECEMBER 14 2014...
VALID AS OF 0400 PM LOCAL TIME.

CLIMATE NORMAL PERIOD 1981 TO 2010
CLIMATE RECORD PERIOD 1995 TO 2014


WEATHER ITEM   OBSERVED TIME   RECORD YEAR NORMAL DEPARTURE LAST
                VALUE   (LST)  VALUE       VALUE  FROM      YEAR
                                                  NORMAL
..................................................................
TEMPERATURE (F)
 TODAY
  MAXIMUM         49        MM  51    2002  26     23       14
  MINIMUM         46        MM -11    2010  11     35       -2
  AVERAGE         48                        18     30        6

PRECIPITATION (IN)
  TODAY            T            MM           0.04  -0.04     0.06                        MONTH TO DATE    0.01                      0.59  -0.58     0.97
  SINCE DEC 1      0.01                      0.59  -0.58     0.97
  SINCE JAN 1     35.47                     30.50   4.97    34.79

SNOWFALL (IN)
  TODAY            0.0          MM           0.5   -0.5      1.0                         MONTH TO DATE    0.1                       6.2   -6.1     10.4
  SINCE DEC 1      0.1                       6.2   -6.1     10.4
  SINCE JUL 1      8.2                      12.0   -3.8     12.2
  SNOW DEPTH       0

DEGREE DAYS
 HEATING
  TODAY           17                        47    -30       59
  MONTH TO DATE  559                       620    -61      774
  SINCE DEC 1    559                       620    -61      774
  SINCE JUL 1   2496                      2327    169     2496

 COOLING
  TODAY            0                         0      0        0
  MONTH TO DATE    0                         0      0        0
  SINCE DEC 1      0                         0      0        0
  SINCE JAN 1    514                       605    -91      667
..................................................................




SKY COVER
  POSSIBLE SUNSHINE  MM
  AVERAGE SKY COVER  MM


WEATHER CONDITIONS
 THE FOLLOWING WEATHER WAS RECORDED TODAY.
  NO SIGNIFICANT WEATHER WAS OBSERVED.


RELATIVE HUMIDITY (PERCENT)
 HIGHEST    MM
 LOWEST     MM
 AVERAGE    MM

..........................................................


THE CHANHASSEN MN CLIMATE NORMALS FOR TOMORROW
                         NORMAL    RECORD    YEAR
 MAXIMUM TEMPERATURE (F)   25        46      2001
 MINIMUM TEMPERATURE (F)   10       -12      2008


SUNRISE AND SUNSET
DECEMBER 14 2014......SUNRISE   744 AM CST   SUNSET   434 PM CST
DECEMBER 15 2014......SUNRISE   745 AM CST   SUNSET   434 PM CST


-  INDICATES NEGATIVE NUMBERS.
R  INDICATES RECORD WAS SET OR TIED.
MM INDICATES DATA IS MISSING.
T  INDICATES TRACE AMOUNT.




$$
