000
CDUS43 KMPX 102130
CLIMPX


CLIMATE REPORT
NATIONAL WEATHER SERVICE CHANHASSEN MN
430 PM CDT WED MAY 10 2017


...................................

...THE CHANHASSEN MN CLIMATE SUMMARY FOR MAY 10 2017...
VALID TODAY AS OF 0400 PM LOCAL TIME.

CLIMATE NORMAL PERIOD 1981 TO 2010
CLIMATE RECORD PERIOD 1995 TO 2017


WEATHER ITEM   OBSERVED TIME   RECORD YEAR NORMAL DEPARTURE LAST
                VALUE   (LST)  VALUE       VALUE  FROM      YEAR
                                                  NORMAL
..................................................................
TEMPERATURE (F)
 TODAY
  MAXIMUM         64        MM  MM      MM  67     -3       55
  MINIMUM         45        MM  MM          46     -1       47
  AVERAGE         55                        56     -1       51

PRECIPITATION (IN)
  TODAY            0.02         MM      MM   0.11  -0.09     0.36
  MONTH TO DATE    0.35                      1.15  -0.80     0.84
  SINCE MAR 1      6.05                      5.93   0.12     5.57
  SINCE JAN 1      7.65                      7.74  -0.09     7.06

SNOWFALL (IN)
  TODAY            0.0          MM      MM   0.0    0.0      0.0
  MONTH TO DATE    T                         0.2   -0.2      0.0
  SINCE MAR 1      6.1                      14.4   -8.3      5.6
  SINCE JUL 1     38.5                      54.1  -15.6     35.5
  SNOW DEPTH       0

DEGREE DAYS
 HEATING
  TODAY           10                         9      1       14
  MONTH TO DATE  116                       106     10       95
  SINCE MAR 1   1630                      1710    -80     1436
  SINCE JUL 1   6699                      7725  -1026     6651

 COOLING
  TODAY            0                         1     -1        0
  MONTH TO DATE    0                         4     -4        9
  SINCE MAR 1      0                         7     -7       16
  SINCE JAN 1      0                         7     -7       16
..................................................................


WIND (MPH)
  HIGHEST WIND SPEED    MM   HIGHEST WIND DIRECTION    MM
  HIGHEST GUST SPEED    MM   HIGHEST GUST DIRECTION    MM
  AVERAGE WIND SPEED    MM


SKY COVER
  POSSIBLE SUNSHINE  MM
  AVERAGE SKY COVER  MM


WEATHER CONDITIONS
 THE FOLLOWING WEATHER WAS RECORDED TODAY.
  NO SIGNIFICANT WEATHER WAS OBSERVED.


RELATIVE HUMIDITY (PERCENT)
 HIGHEST    MM
 LOWEST     MM
 AVERAGE    MM

..........................................................


THE CHANHASSEN MN CLIMATE NORMALS FOR TOMORROW
                         NORMAL    RECORD    YEAR
 MAXIMUM TEMPERATURE (F)   67        MM        MM
 MINIMUM TEMPERATURE (F)   46        MM        MM


SUNRISE AND SUNSET
MAY 10 2017...........SUNRISE   551 AM CDT   SUNSET   831 PM CDT
MAY 11 2017...........SUNRISE   550 AM CDT   SUNSET   832 PM CDT


-  INDICATES NEGATIVE NUMBERS.
R  INDICATES RECORD WAS SET OR TIED.
MM INDICATES DATA IS MISSING.
T  INDICATES TRACE AMOUNT.




$$
