000
CDUS43 KMPX 130625
CLIMPX


CLIMATE REPORT
NATIONAL WEATHER SERVICE CHANHASSEN MN
125 AM CDT MON OCT 13 2014


...................................

...THE CHANHASSEN MN CLIMATE SUMMARY FOR OCTOBER 12 2014...

CLIMATE NORMAL PERIOD 1981 TO 2010
CLIMATE RECORD PERIOD 1995 TO 2014


WEATHER ITEM   OBSERVED NORMAL DEPARTURE LAST
                VALUE   VALUE  FROM      YEAR
                               NORMAL
...............................................
TEMPERATURE (F)
 YESTERDAY
  MAXIMUM         61     60      1       54
  MINIMUM         42     39      3       42
  AVERAGE         52     50      2       48

PRECIPITATION (IN)
  YESTERDAY        T      0.08  -0.08      T
  MONTH TO DATE    0.98   1.15  -0.17     1.72
  SINCE SEP 1      2.13   4.58  -2.45     3.29
  SINCE JAN 1     34.64  26.58   8.06    31.50

SNOWFALL (IN)
  YESTERDAY        0.0    0.0    0.0      0.0
  MONTH TO DATE    T      0.1   -0.1      0.0
  SINCE SEP 1      T      0.1   -0.1      0.0
  SINCE JUL 1      T      0.1   -0.1      0.0
  SNOW DEPTH       0

DEGREE DAYS
 HEATING
  YESTERDAY       13     16     -3       17
  MONTH TO DATE  221    165     56      104
  SINCE SEP 1    388    341     47      211
  SINCE JUL 1    404    364     40      232

 COOLING
  YESTERDAY        0      0      0        0
  MONTH TO DATE    0      0      0        0
  SINCE SEP 1     35     47    -12       88
  SINCE JAN 1    514    600    -86      667
...............................................







THE CHANHASSEN MN CLIMATE NORMALS FOR TODAY
                         NORMAL
 MAXIMUM TEMPERATURE (F)   59
 MINIMUM TEMPERATURE (F)   39



-  INDICATES NEGATIVE NUMBERS.
R  INDICATES RECORD WAS SET OR TIED.
MM INDICATES DATA IS MISSING.
T  INDICATES TRACE AMOUNT.




$$
