000
CDUS43 KMPX 032238
CLIMPX


CLIMATE REPORT
NATIONAL WEATHER SERVICE CHANHASSEN MN
437 PM CST TUE JAN 3 2017


...................................

...THE CHANHASSEN MN CLIMATE SUMMARY FOR JANUARY 3 2017...
VALID AS OF 0400 PM LOCAL TIME.

CLIMATE NORMAL PERIOD 1981 TO 2010
CLIMATE RECORD PERIOD 1995 TO 2017


WEATHER ITEM   OBSERVED TIME   RECORD YEAR NORMAL DEPARTURE LAST
                VALUE   (LST)  VALUE       VALUE  FROM      YEAR
                                                  NORMAL
..................................................................
TEMPERATURE (F)
 TODAY
  MAXIMUM         30        MM  36    2007  23      7       27
  MINIMUM          6        MM -19    2010   6      0       17
  AVERAGE         18                        14      4       22

PRECIPITATION (IN)
  TODAY            0.00          T    2000   0.03  -0.03     0.00
                                      2000
                                      2013
  MONTH TO DATE    0.01                      0.09  -0.08      T
  SINCE DEC 1      2.26                      1.34   0.92     1.97
  SINCE JAN 1      0.01                      0.09  -0.08      T

SNOWFALL (IN)
  TODAY            0.0           T    2000   0.4   -0.4      0.0
                                      2001
  MONTH TO DATE    T                         1.1   -1.1       T
  SINCE DEC 1     18.4                      15.0    3.4      9.3
  SINCE JUL 1     23.5                      20.8    2.7     12.3
  SNOW DEPTH       3

DEGREE DAYS
 HEATING
  TODAY           47                        51     -4       43
  MONTH TO DATE  125                       151    -26      132
  SINCE DEC 1   1557                      1605    -48     1260
  SINCE JUL 1   2780                      3312   -532     2592

 COOLING
  TODAY            0                         0      0        0
  MONTH TO DATE    0                         0      0        0
  SINCE DEC 1      0                         0      0        0
  SINCE JAN 1      0                         0      0        0
..................................................................




SKY COVER
  POSSIBLE SUNSHINE  MM
  AVERAGE SKY COVER  MM


WEATHER CONDITIONS
 THE FOLLOWING WEATHER WAS RECORDED TODAY.
  NO SIGNIFICANT WEATHER WAS OBSERVED.


RELATIVE HUMIDITY (PERCENT)
 HIGHEST    MM
 LOWEST     MM
 AVERAGE    MM

..........................................................


THE CHANHASSEN MN CLIMATE NORMALS FOR TOMORROW
                         NORMAL    RECORD    YEAR
 MAXIMUM TEMPERATURE (F)   23        39      2007
 MINIMUM TEMPERATURE (F)    6       -12      2010


SUNRISE AND SUNSET
JANUARY  3 2017.......SUNRISE   752 AM CST   SUNSET   446 PM CST
JANUARY  4 2017.......SUNRISE   752 AM CST   SUNSET   447 PM CST


-  INDICATES NEGATIVE NUMBERS.
R  INDICATES RECORD WAS SET OR TIED.
MM INDICATES DATA IS MISSING.
T  INDICATES TRACE AMOUNT.




$$
