000
CDUS43 KMPX 202222
CLIMPX


CLIMATE REPORT
NATIONAL WEATHER SERVICE CHANHASSEN MN
422 PM CST TUE FEB 20 2018


...................................

...THE CHANHASSEN MN CLIMATE SUMMARY FOR FEBRUARY 20 2018...
VALID TODAY AS OF 0400 PM LOCAL TIME.

CLIMATE NORMAL PERIOD 1981 TO 2010
CLIMATE RECORD PERIOD 1995 TO 2018


WEATHER ITEM   OBSERVED TIME   RECORD YEAR NORMAL DEPARTURE LAST
                VALUE   (LST)  VALUE       VALUE  FROM      YEAR
                                                  NORMAL
..................................................................
TEMPERATURE (F)
 TODAY
  MAXIMUM         19        MM  54    2017  29    -10       54
  MINIMUM         14        MM -14          12      2       38
  AVERAGE         17                        21     -4       46

PRECIPITATION (IN)
  TODAY            0.03          0.87 2011   0.04  -0.01     0.68
  MONTH TO DATE    0.35                      0.63  -0.28     0.72
  SINCE DEC 1      2.42                      2.75  -0.33     3.85
  SINCE JAN 1      1.77                      1.50   0.27     1.60

SNOWFALL (IN)
  TODAY            0.2          11.0  2011   0.3   -0.1      0.0
  MONTH TO DATE    4.2                       6.9   -2.7       T
  SINCE DEC 1     29.7                      31.1   -1.4     27.3
  SINCE JUL 1     31.5                      36.9   -5.4     32.4
  SNOW DEPTH       4

DEGREE DAYS
 HEATING
  TODAY           48                        44      4       19
  MONTH TO DATE 1095                       943    152      739
  SINCE DEC 1   4135                      3967    168     3594
  SINCE JUL 1   5748                      5674     74     4817

 COOLING
  TODAY            0                         0      0        0
  MONTH TO DATE    0                         0      0        0
  SINCE DEC 1      0                         0      0        0
  SINCE JAN 1      0                         0      0        0
..................................................................


WIND (MPH)
  HIGHEST WIND SPEED    MM   HIGHEST WIND DIRECTION    MM
  HIGHEST GUST SPEED    MM   HIGHEST GUST DIRECTION    MM
  AVERAGE WIND SPEED    MM


SKY COVER
  POSSIBLE SUNSHINE  MM
  AVERAGE SKY COVER  MM


WEATHER CONDITIONS
 THE FOLLOWING WEATHER WAS RECORDED TODAY.
  NO SIGNIFICANT WEATHER WAS OBSERVED.


RELATIVE HUMIDITY (PERCENT)
 HIGHEST    MM
 LOWEST     MM
 AVERAGE    MM

..........................................................


THE CHANHASSEN MN CLIMATE NORMALS FOR TOMORROW
                         NORMAL    RECORD    YEAR
 MAXIMUM TEMPERATURE (F)   30        60      2017
 MINIMUM TEMPERATURE (F)   13       -15      2001


SUNRISE AND SUNSET
FEBRUARY 20 2018......SUNRISE   707 AM CST   SUNSET   550 PM CST
FEBRUARY 21 2018......SUNRISE   705 AM CST   SUNSET   551 PM CST


-  INDICATES NEGATIVE NUMBERS.
R  INDICATES RECORD WAS SET OR TIED.
MM INDICATES DATA IS MISSING.
T  INDICATES TRACE AMOUNT.




$$
