000
CDUS43 KMPX 010624
CLIMPX


CLIMATE REPORT
NATIONAL WEATHER SERVICE CHANHASSEN MN
1224 AM CST SUN MAR 1 2015


...................................

...THE CHANHASSEN MN CLIMATE SUMMARY FOR FEBRUARY 28 2015...

CLIMATE NORMAL PERIOD 1981 TO 2010
CLIMATE RECORD PERIOD 1995 TO 2015


WEATHER ITEM   OBSERVED TIME   RECORD YEAR NORMAL DEPARTURE LAST
                VALUE   (LST)  VALUE       VALUE  FROM      YEAR
                                                  NORMAL
..................................................................
TEMPERATURE (F)
 YESTERDAY
  MAXIMUM         20        MM  44    2004  32    -12       13
  MINIMUM         -4        MM -11    2014  15    -19      -11
  AVERAGE          8                        24    -16        1

PRECIPITATION (IN)
  YESTERDAY        T   R         T    2005   0.04  -0.04     0.01
                                      2005
                                      2013
  MONTH TO DATE    0.35                      0.94  -0.59     1.59
  SINCE DEC 1      1.69                      3.06  -1.37     4.17
  SINCE JAN 1      0.72                      1.81  -1.09     2.91

SNOWFALL (IN)
  YESTERDAY        T             1.8  2008   0.4   -0.4      0.3
                                      2007
  MONTH TO DATE    4.8                       9.7   -4.9     18.4
  SINCE DEC 1     16.0                      33.9  -17.9     53.5
  SINCE JUL 1     24.1                      39.7  -15.6     55.3
  SNOW DEPTH       T

DEGREE DAYS
 HEATING
  YESTERDAY       57                        41     16       64
  MONTH TO DATE 1539                      1284    255     1633
  SINCE DEC 1   4321                      4308     13     5161
  SINCE JUL 1   6258                      6015    243     6883

 COOLING
  YESTERDAY        0                         0      0        0
  MONTH TO DATE    0                         0      0        0
  SINCE DEC 1      0                         0      0        0
  SINCE JAN 1      0                         0      0        0
..................................................................


WIND (MPH)
  HIGHEST WIND SPEED    MM   HIGHEST WIND DIRECTION    MM
  HIGHEST GUST SPEED    MM   HIGHEST GUST DIRECTION    MM
  AVERAGE WIND SPEED    MM


SKY COVER
  POSSIBLE SUNSHINE  MM
  AVERAGE SKY COVER  MM


WEATHER CONDITIONS
 THE FOLLOWING WEATHER WAS RECORDED YESTERDAY.
  NO SIGNIFICANT WEATHER WAS OBSERVED.


RELATIVE HUMIDITY (PERCENT)
 HIGHEST    MM
 LOWEST     MM
 AVERAGE    MM

..........................................................


THE CHANHASSEN MN CLIMATE NORMALS FOR TODAY
                         NORMAL    RECORD    YEAR
 MAXIMUM TEMPERATURE (F)   33        MM        MM
 MINIMUM TEMPERATURE (F)   16        MM        MM


SUNRISE AND SUNSET
MARCH  1 2015.........SUNRISE   652 AM CST   SUNSET   602 PM CST
MARCH  2 2015.........SUNRISE   651 AM CST   SUNSET   603 PM CST


-  INDICATES NEGATIVE NUMBERS.
R  INDICATES RECORD WAS SET OR TIED.
MM INDICATES DATA IS MISSING.
T  INDICATES TRACE AMOUNT.




$$
