000
CDUS43 KMPX 190629
CLIMPX


CLIMATE REPORT
NATIONAL WEATHER SERVICE CHANHASSEN MN
1227 AM CST SUN FEB 19 2017


...................................

...THE CHANHASSEN MN CLIMATE SUMMARY FOR FEBRUARY 18 2017...

CLIMATE NORMAL PERIOD 1981 TO 2010
CLIMATE RECORD PERIOD 1995 TO 2017


WEATHER ITEM   OBSERVED TIME   RECORD YEAR NORMAL DEPARTURE LAST
                VALUE   (LST)  VALUE       VALUE  FROM      YEAR
                                                  NORMAL
..................................................................
TEMPERATURE (F)
 YESTERDAY
  MAXIMUM         57R       MM  48    2002  29     28       39
  MINIMUM         31        MM -15    2006  11     20       24
  AVERAGE         44                        20     24       32

PRECIPITATION (IN)
  YESTERDAY        0.00          0.08 2002   0.03  -0.03     0.00
  MONTH TO DATE    0.04                      0.56  -0.52     0.78
  SINCE DEC 1      3.17                      2.68   0.49     3.06
  SINCE JAN 1      0.92                      1.43  -0.51     1.09

SNOWFALL (IN)
  YESTERDAY        0.0           T    2008   0.3   -0.3      0.0
                                      2003
                                      2001
  MONTH TO DATE    T                         6.2   -6.2     12.4
  SINCE DEC 1     27.3                      30.4   -3.1     26.4
  SINCE JUL 1     32.4                      36.2   -3.8     29.4
  SNOW DEPTH       0

DEGREE DAYS
 HEATING
  YESTERDAY       21                        45    -24       33
  MONTH TO DATE  699                       854   -155      873
  SINCE DEC 1   3554                      3878   -324     3532
  SINCE JUL 1   4777                      5585   -808     4864

 COOLING
  YESTERDAY        0                         0      0        0
  MONTH TO DATE    0                         0      0        0
  SINCE DEC 1      0                         0      0        0
  SINCE JAN 1      0                         0      0        0
..................................................................


WIND (MPH)
  HIGHEST WIND SPEED    MM   HIGHEST WIND DIRECTION    MM
  HIGHEST GUST SPEED    MM   HIGHEST GUST DIRECTION    MM
  AVERAGE WIND SPEED    MM


SKY COVER
  POSSIBLE SUNSHINE  MM
  AVERAGE SKY COVER  MM


WEATHER CONDITIONS
 THE FOLLOWING WEATHER WAS RECORDED YESTERDAY.
  NO SIGNIFICANT WEATHER WAS OBSERVED.


RELATIVE HUMIDITY (PERCENT)
 HIGHEST    MM
 LOWEST     MM
 AVERAGE    MM

..........................................................


THE CHANHASSEN MN CLIMATE NORMALS FOR TODAY
                         NORMAL    RECORD    YEAR
 MAXIMUM TEMPERATURE (F)   29        45      2016
 MINIMUM TEMPERATURE (F)   12       -13      2015


SUNRISE AND SUNSET
FEBRUARY 19 2017......SUNRISE   708 AM CST   SUNSET   549 PM CST
FEBRUARY 20 2017......SUNRISE   707 AM CST   SUNSET   550 PM CST


-  INDICATES NEGATIVE NUMBERS.
R  INDICATES RECORD WAS SET OR TIED.
MM INDICATES DATA IS MISSING.
T  INDICATES TRACE AMOUNT.




$$
