000
CDUS43 KMPX 050726
CLIMPX


CLIMATE REPORT
NATIONAL WEATHER SERVICE CHANHASSEN MN
124 AM CST SUN NOV 5 2017


...................................

...THE CHANHASSEN MN CLIMATE SUMMARY FOR NOVEMBER 4 2017...

CLIMATE NORMAL PERIOD 1981 TO 2010
CLIMATE RECORD PERIOD 1995 TO 2017


WEATHER ITEM   OBSERVED TIME   RECORD YEAR NORMAL DEPARTURE LAST
                VALUE   (LST)  VALUE       VALUE  FROM      YEAR
                                                  NORMAL
..................................................................
TEMPERATURE (F)
 YESTERDAY
  MAXIMUM         41        MM  MM      MM  48     -7       68
  MINIMUM         32        MM  MM      MM  31      1       36
  AVERAGE         37                        40     -3       52

PRECIPITATION (IN)
  YESTERDAY        T            MM      MM   0.07  -0.07     0.00
  MONTH TO DATE    0.09                      0.27  -0.18     0.00
  SINCE SEP 1      7.53                      6.21   1.32     8.61
  SINCE JAN 1     37.07                     28.21   8.86    36.57

SNOWFALL (IN)
  YESTERDAY        T            MM      MM   0.1   -0.1      0.0
  MONTH TO DATE    0.8                       0.3    0.5      0.0
  SINCE SEP 1      1.5                       0.7    0.8      0.0
  SINCE JUL 1      1.5                       0.7    0.8      0.0
  SNOW DEPTH       0

DEGREE DAYS
 HEATING
  YESTERDAY       28                        26      2       13
  MONTH TO DATE  127                        99     28       57
  SINCE SEP 1    738                       812    -74      571
  SINCE JUL 1    759                       835    -76      584

 COOLING
  YESTERDAY        0                         0      0        0
  MONTH TO DATE    0                         0      0        0
  SINCE SEP 1     80                        52     28       45
  SINCE JAN 1    478                       605   -127      631
..................................................................


WIND (MPH)
  HIGHEST WIND SPEED    MM   HIGHEST WIND DIRECTION    MM
  HIGHEST GUST SPEED    MM   HIGHEST GUST DIRECTION    MM
  AVERAGE WIND SPEED    MM


SKY COVER
  POSSIBLE SUNSHINE  MM
  AVERAGE SKY COVER  MM


WEATHER CONDITIONS
 THE FOLLOWING WEATHER WAS RECORDED YESTERDAY.
  NO SIGNIFICANT WEATHER WAS OBSERVED.


RELATIVE HUMIDITY (PERCENT)
 HIGHEST    MM
 LOWEST     MM
 AVERAGE    MM

..........................................................


THE CHANHASSEN MN CLIMATE NORMALS FOR TODAY
                         NORMAL    RECORD    YEAR
 MAXIMUM TEMPERATURE (F)   47        MM        MM
 MINIMUM TEMPERATURE (F)   31        MM        MM


SUNRISE AND SUNSET
NOVEMBER  5 2017......SUNRISE   658 AM CST   SUNSET   457 PM CST
NOVEMBER  6 2017......SUNRISE   700 AM CST   SUNSET   456 PM CST


-  INDICATES NEGATIVE NUMBERS.
R  INDICATES RECORD WAS SET OR TIED.
MM INDICATES DATA IS MISSING.
T  INDICATES TRACE AMOUNT.




$$
