000
CDUS43 KMPX 152132
CLIMPX


CLIMATE REPORT
NATIONAL WEATHER SERVICE CHANHASSEN MN
432 PM CDT FRI APR 15 2016


...................................

...THE CHANHASSEN MN CLIMATE SUMMARY FOR APRIL 15 2016...
VALID TODAY AS OF 0400 PM LOCAL TIME.

CLIMATE NORMAL PERIOD 1981 TO 2010
CLIMATE RECORD PERIOD 1995 TO 2016


WEATHER ITEM   OBSERVED TIME   RECORD YEAR NORMAL DEPARTURE LAST
                VALUE   (LST)  VALUE       VALUE  FROM      YEAR
                                                  NORMAL
..................................................................
TEMPERATURE (F)
 TODAY
  MAXIMUM         75        MM  MM      MM  57     18       68
  MINIMUM         48        MM  MM          36     12       44
  AVERAGE         62                        46     16       56

PRECIPITATION (IN)
  TODAY            0.00         MM      MM   0.09  -0.09     0.00
  MONTH TO DATE    0.12                      1.44  -1.32     1.59
  SINCE MAR 1      1.54                      3.22  -1.68     2.37
  SINCE JAN 1      3.03                      5.03  -2.00     3.13

SNOWFALL (IN)
  TODAY            0.0          MM      MM   0.2   -0.2      0.0
  MONTH TO DATE    0.5                       2.5   -2.0      0.5
  SINCE MAR 1      5.6                      13.3   -7.7      9.3
  SINCE JUL 1     35.5                      53.0  -17.5     33.4
  SNOW DEPTH       0

DEGREE DAYS
 HEATING
  TODAY            3                        19    -16        9
  MONTH TO DATE  365                       334     31      278
  SINCE MAR 1   1158                      1380   -222     1243
  SINCE JUL 1   6373                      7395  -1022     7501

 COOLING
  TODAY            0                         0      0        0
  MONTH TO DATE    0                         0      0        0
  SINCE MAR 1      0                         0      0        0
  SINCE JAN 1      0                         0      0        0
..................................................................


WIND (MPH)
  HIGHEST WIND SPEED    MM   HIGHEST WIND DIRECTION    MM
  HIGHEST GUST SPEED    MM   HIGHEST GUST DIRECTION    MM
  AVERAGE WIND SPEED    MM


SKY COVER
  POSSIBLE SUNSHINE  MM
  AVERAGE SKY COVER  MM


WEATHER CONDITIONS
 THE FOLLOWING WEATHER WAS RECORDED TODAY.
  NO SIGNIFICANT WEATHER WAS OBSERVED.


RELATIVE HUMIDITY (PERCENT)
 HIGHEST    MM
 LOWEST     MM
 AVERAGE    MM

..........................................................


THE CHANHASSEN MN CLIMATE NORMALS FOR TOMORROW
                         NORMAL    RECORD    YEAR
 MAXIMUM TEMPERATURE (F)   58        MM        MM
 MINIMUM TEMPERATURE (F)   36        MM        MM


SUNRISE AND SUNSET
APRIL 15 2016.........SUNRISE   629 AM CDT   SUNSET   800 PM CDT
APRIL 16 2016.........SUNRISE   627 AM CDT   SUNSET   801 PM CDT


-  INDICATES NEGATIVE NUMBERS.
R  INDICATES RECORD WAS SET OR TIED.
MM INDICATES DATA IS MISSING.
T  INDICATES TRACE AMOUNT.




$$
