000
CDUS43 KMPX 040626
CLIMPX


CLIMATE REPORT
NATIONAL WEATHER SERVICE CHANHASSEN MN
1223 AM CST SAT FEB 4 2017


...................................

...THE CHANHASSEN MN CLIMATE SUMMARY FOR FEBRUARY 3 2017...

CLIMATE NORMAL PERIOD 1981 TO 2010
CLIMATE RECORD PERIOD 1995 TO 2017


WEATHER ITEM   OBSERVED TIME   RECORD YEAR NORMAL DEPARTURE LAST
                VALUE   (LST)  VALUE       VALUE  FROM      YEAR
                                                  NORMAL
..................................................................
TEMPERATURE (F)
 YESTERDAY
  MAXIMUM         22        MM  MM      MM  25     -3       21
  MINIMUM          4        MM  MM      MM   7     -3        4
  AVERAGE         13                        16     -3       13

PRECIPITATION (IN)
  YESTERDAY        0.00         MM      MM   0.03  -0.03     0.15
  MONTH TO DATE    T                         0.09  -0.09     0.70
  SINCE DEC 1      3.13                      2.21   0.92     2.98
  SINCE JAN 1      0.88                      0.96  -0.08     1.01

SNOWFALL (IN)
  YESTERDAY        0.0          MM      MM   0.4   -0.4      2.1
  MONTH TO DATE    T                         1.1   -1.1     10.4
  SINCE DEC 1     27.3                      25.3    2.0     24.4
  SINCE JUL 1     32.4                      31.1    1.3     27.4
  SNOW DEPTH       1

DEGREE DAYS
 HEATING
  YESTERDAY       52                        49      3       52
  MONTH TO DATE  152                       148      4      133
  SINCE DEC 1   3007                      3172   -165     2792
  SINCE JUL 1   4230                      4879   -649     4124

 COOLING
  YESTERDAY        0                         0      0        0
  MONTH TO DATE    0                         0      0        0
  SINCE DEC 1      0                         0      0        0
  SINCE JAN 1      0                         0      0        0
..................................................................


WIND (MPH)
  HIGHEST WIND SPEED    MM   HIGHEST WIND DIRECTION    MM
  HIGHEST GUST SPEED    MM   HIGHEST GUST DIRECTION    MM
  AVERAGE WIND SPEED    MM


SKY COVER
  POSSIBLE SUNSHINE  MM
  AVERAGE SKY COVER  MM


WEATHER CONDITIONS
 THE FOLLOWING WEATHER WAS RECORDED YESTERDAY.
  NO SIGNIFICANT WEATHER WAS OBSERVED.


RELATIVE HUMIDITY (PERCENT)
 HIGHEST    MM
 LOWEST     MM
 AVERAGE    MM

..........................................................


THE CHANHASSEN MN CLIMATE NORMALS FOR TODAY
                         NORMAL    RECORD    YEAR
 MAXIMUM TEMPERATURE (F)   25        MM        MM
 MINIMUM TEMPERATURE (F)    7        MM        MM


SUNRISE AND SUNSET
FEBRUARY  4 2017......SUNRISE   730 AM CST   SUNSET   527 PM CST
FEBRUARY  5 2017......SUNRISE   728 AM CST   SUNSET   529 PM CST


-  INDICATES NEGATIVE NUMBERS.
R  INDICATES RECORD WAS SET OR TIED.
MM INDICATES DATA IS MISSING.
T  INDICATES TRACE AMOUNT.




$$
