000
CDUS43 KMPX 140646
CLIMPX


CLIMATE REPORT
NATIONAL WEATHER SERVICE CHANHASSEN MN
144 AM CDT THU MAY 14 2015


...................................

...THE CHANHASSEN MN CLIMATE SUMMARY FOR MAY 13 2015...

CLIMATE NORMAL PERIOD 1981 TO 2010
CLIMATE RECORD PERIOD 1995 TO 2015


WEATHER ITEM   OBSERVED TIME   RECORD YEAR NORMAL DEPARTURE LAST
                VALUE   (LST)  VALUE       VALUE  FROM      YEAR
                                                  NORMAL
..................................................................
TEMPERATURE (F)
 YESTERDAY
  MAXIMUM         68        MM  MM      MM  68      0       53
  MINIMUM         42        MM  MM      MM  47     -5       41
  AVERAGE         55                        57     -2       47

PRECIPITATION (IN)
  YESTERDAY        0.00         MM      MM   0.12  -0.12     0.00
  MONTH TO DATE    1.85                      1.50   0.35     1.96
  SINCE MAR 1      4.85                      6.28  -1.43     9.70
  SINCE JAN 1      5.61                      8.09  -2.48    12.61

SNOWFALL (IN)
  YESTERDAY        0.0          MM      MM   0.0    0.0      0.0
  MONTH TO DATE    T                         0.3   -0.3       T
  SINCE MAR 1      9.3                      14.5   -5.2     14.2
  SINCE JUL 1     33.4                      54.2  -20.8     69.5
  SNOW DEPTH       0

DEGREE DAYS
 HEATING
  YESTERDAY       10                         9      1       18
  MONTH TO DATE  102                       133    -31      171
  SINCE MAR 1   1578                      1737   -159     2147
  SINCE JUL 1   7836                      7752     84     9030

 COOLING
  YESTERDAY        0                         1     -1        0
  MONTH TO DATE    1                         7     -6        0
  SINCE MAR 1      1                        10     -9        0
  SINCE JAN 1      1                        10     -9        0
..................................................................


WIND (MPH)
  HIGHEST WIND SPEED    MM   HIGHEST WIND DIRECTION    MM
  HIGHEST GUST SPEED    MM   HIGHEST GUST DIRECTION    MM
  AVERAGE WIND SPEED    MM


SKY COVER
  POSSIBLE SUNSHINE  MM
  AVERAGE SKY COVER  MM


WEATHER CONDITIONS
 THE FOLLOWING WEATHER WAS RECORDED YESTERDAY.
  NO SIGNIFICANT WEATHER WAS OBSERVED.


RELATIVE HUMIDITY (PERCENT)
 HIGHEST    MM
 LOWEST     MM
 AVERAGE    MM

..........................................................


THE CHANHASSEN MN CLIMATE NORMALS FOR TODAY
                         NORMAL    RECORD    YEAR
 MAXIMUM TEMPERATURE (F)   68        MM        MM
 MINIMUM TEMPERATURE (F)   47        MM        MM


SUNRISE AND SUNSET
MAY 14 2015...........SUNRISE   547 AM CDT   SUNSET   835 PM CDT
MAY 15 2015...........SUNRISE   546 AM CDT   SUNSET   836 PM CDT


-  INDICATES NEGATIVE NUMBERS.
R  INDICATES RECORD WAS SET OR TIED.
MM INDICATES DATA IS MISSING.
T  INDICATES TRACE AMOUNT.




$$
