000
CDUS43 KMPX 130640
CLIMPX


CLIMATE REPORT
NATIONAL WEATHER SERVICE CHANHASSEN MN
1239 AM CST WED DEC 13 2017


...................................

...THE CHANHASSEN MN CLIMATE SUMMARY FOR DECEMBER 12 2017...

CLIMATE NORMAL PERIOD 1981 TO 2010
CLIMATE RECORD PERIOD 1995 TO 2017


WEATHER ITEM   OBSERVED TIME   RECORD YEAR NORMAL DEPARTURE LAST
                VALUE   (LST)  VALUE       VALUE  FROM      YEAR
                                                  NORMAL
..................................................................
TEMPERATURE (F)
 YESTERDAY
  MAXIMUM         28        MM  47    1999  26      2        8
  MINIMUM          6        MM -15    2000  11     -5       -9
  AVERAGE         17                        19     -2        0

PRECIPITATION (IN)
  YESTERDAY        T   R         T    2004   0.04  -0.04      T
                                      2004
                                      2016
  MONTH TO DATE    0.48                      0.51  -0.03     0.77
  SINCE DEC 1      0.48                      0.51  -0.03     0.77
  SINCE JAN 1     37.70                     30.42   7.28    39.05

SNOWFALL (IN)
  YESTERDAY        T   R         T    2016   0.5   -0.5       T
                                      2008
                                      2004
  MONTH TO DATE    3.8                       5.2   -1.4     12.5
  SINCE DEC 1      3.8                       5.2   -1.4     12.5
  SINCE JUL 1      5.6                      11.0   -5.4     17.6
  SNOW DEPTH       2

DEGREE DAYS
 HEATING
  YESTERDAY       48                        46      2       65
  MONTH TO DATE  471                       526    -55      529
  SINCE DEC 1    471                       526    -55      529
  SINCE JUL 1   2084                      2233   -149     1752

 COOLING
  YESTERDAY        0                         0      0        0
  MONTH TO DATE    0                         0      0        0
  SINCE DEC 1      0                         0      0        0
  SINCE JAN 1    478                       605   -127      631
..................................................................


WIND (MPH)
  HIGHEST WIND SPEED    MM   HIGHEST WIND DIRECTION    MM
  HIGHEST GUST SPEED    MM   HIGHEST GUST DIRECTION    MM
  AVERAGE WIND SPEED    MM


SKY COVER
  POSSIBLE SUNSHINE  MM
  AVERAGE SKY COVER  MM


WEATHER CONDITIONS
 THE FOLLOWING WEATHER WAS RECORDED YESTERDAY.
  NO SIGNIFICANT WEATHER WAS OBSERVED.


RELATIVE HUMIDITY (PERCENT)
 HIGHEST    MM
 LOWEST     MM
 AVERAGE    MM

..........................................................


THE CHANHASSEN MN CLIMATE NORMALS FOR TODAY
                         NORMAL    RECORD    YEAR
 MAXIMUM TEMPERATURE (F)   26        48      2014
 MINIMUM TEMPERATURE (F)   11       -11      2016
                                             2010


SUNRISE AND SUNSET
DECEMBER 13 2017......SUNRISE   744 AM CST   SUNSET   433 PM CST
DECEMBER 14 2017......SUNRISE   745 AM CST   SUNSET   434 PM CST


-  INDICATES NEGATIVE NUMBERS.
R  INDICATES RECORD WAS SET OR TIED.
MM INDICATES DATA IS MISSING.
T  INDICATES TRACE AMOUNT.




$$
