000
CDUS43 KMPX 170641
CLIMPX


CLIMATE REPORT
NATIONAL WEATHER SERVICE CHANHASSEN MN
1241 AM CST TUE JAN 17 2017


...................................

...THE CHANHASSEN MN CLIMATE SUMMARY FOR JANUARY 16 2017...

CLIMATE NORMAL PERIOD 1981 TO 2010
CLIMATE RECORD PERIOD 1995 TO 2017


WEATHER ITEM   OBSERVED TIME   RECORD YEAR NORMAL DEPARTURE LAST
                VALUE   (LST)  VALUE       VALUE  FROM      YEAR
                                                  NORMAL
..................................................................
TEMPERATURE (F)
 YESTERDAY
  MAXIMUM         31        MM  36    2013  23      8       11
  MINIMUM         28        MM -26    2009   5     23      -11
  AVERAGE         30                        14     16        0

PRECIPITATION (IN)
  YESTERDAY        0.10R         0.03 2006   0.03   0.07      T
                                      2006
                                      2013
  MONTH TO DATE    0.45                      0.48  -0.03     0.21
  SINCE DEC 1      2.70                      1.73   0.97     2.18
  SINCE JAN 1      0.45                      0.48  -0.03     0.21

SNOWFALL (IN)
  YESTERDAY        T             0.5  2002   0.3   -0.3       T
  MONTH TO DATE    4.5                       5.2   -0.7      2.9
  SINCE DEC 1     22.9                      19.1    3.8     12.2
  SINCE JUL 1     28.0                      24.9    3.1     15.2
  SNOW DEPTH       3

DEGREE DAYS
 HEATING
  YESTERDAY       35                        51    -16       65
  MONTH TO DATE  884                       814     70      821
  SINCE DEC 1   2316                      2268     48     1949
  SINCE JUL 1   3539                      3975   -436     3281

 COOLING
  YESTERDAY        0                         0      0        0
  MONTH TO DATE    0                         0      0        0
  SINCE DEC 1      0                         0      0        0
  SINCE JAN 1      0                         0      0        0
..................................................................


WIND (MPH)
  HIGHEST WIND SPEED    MM   HIGHEST WIND DIRECTION    MM
  HIGHEST GUST SPEED    MM   HIGHEST GUST DIRECTION    MM
  AVERAGE WIND SPEED    MM


SKY COVER
  POSSIBLE SUNSHINE  MM
  AVERAGE SKY COVER  MM


WEATHER CONDITIONS
 THE FOLLOWING WEATHER WAS RECORDED YESTERDAY.
  NO SIGNIFICANT WEATHER WAS OBSERVED.


RELATIVE HUMIDITY (PERCENT)
 HIGHEST    MM
 LOWEST     MM
 AVERAGE    MM

..........................................................


THE CHANHASSEN MN CLIMATE NORMALS FOR TODAY
                         NORMAL    RECORD    YEAR
 MAXIMUM TEMPERATURE (F)   23        37      2015
 MINIMUM TEMPERATURE (F)    5       -17      2016


SUNRISE AND SUNSET
JANUARY 17 2017.......SUNRISE   747 AM CST   SUNSET   502 PM CST
JANUARY 18 2017.......SUNRISE   746 AM CST   SUNSET   504 PM CST


-  INDICATES NEGATIVE NUMBERS.
R  INDICATES RECORD WAS SET OR TIED.
MM INDICATES DATA IS MISSING.
T  INDICATES TRACE AMOUNT.




$$
