000
CDUS43 KMPX 280633
CLIMPX


CLIMATE REPORT
NATIONAL WEATHER SERVICE CHANHASSEN MN
131 AM CDT TUE OCT 28 2014


...................................

...THE CHANHASSEN MN CLIMATE SUMMARY FOR OCTOBER 27 2014...

CLIMATE NORMAL PERIOD 1981 TO 2010
CLIMATE RECORD PERIOD 1995 TO 2014


WEATHER ITEM   OBSERVED NORMAL DEPARTURE LAST
                VALUE   VALUE  FROM      YEAR
                               NORMAL
...............................................
TEMPERATURE (F)
 YESTERDAY
  MAXIMUM         65     53     12       56
  MINIMUM         41     34      7       28
  AVERAGE         53     43     10       42

PRECIPITATION (IN)
  YESTERDAY        T      0.06  -0.06     0.00
  MONTH TO DATE    1.06   2.26  -1.20     3.40
  SINCE SEP 1      2.21   5.69  -3.48     4.97
  SINCE JAN 1     34.72  27.69   7.03    33.18

SNOWFALL (IN)
  YESTERDAY        0.0    0.0    0.0      0.0
  MONTH TO DATE    T      0.3   -0.3       T
  SINCE SEP 1      T      0.3   -0.3       T
  SINCE JUL 1      T      0.3   -0.3       T
  SNOW DEPTH       0

DEGREE DAYS
 HEATING
  YESTERDAY       12     22    -10       23
  MONTH TO DATE  426    445    -19      471
  SINCE SEP 1    593    621    -28      578
  SINCE JUL 1    609    644    -35      599

 COOLING
  YESTERDAY        0      0      0        0
  MONTH TO DATE    0      0      0        0
  SINCE SEP 1     35     47    -12       88
  SINCE JAN 1    514    600    -86      667
...............................................







THE CHANHASSEN MN CLIMATE NORMALS FOR TODAY
                         NORMAL
 MAXIMUM TEMPERATURE (F)   52
 MINIMUM TEMPERATURE (F)   34



-  INDICATES NEGATIVE NUMBERS.
R  INDICATES RECORD WAS SET OR TIED.
MM INDICATES DATA IS MISSING.
T  INDICATES TRACE AMOUNT.




$$
