000
CDUS43 KMPX 010044
CLIMPX


CLIMATE REPORT
NATIONAL WEATHER SERVICE CHANHASSEN MN
744 PM CDT SUN MAY 31 2015


...................................

...THE CHANHASSEN MN CLIMATE SUMMARY FOR MAY 31 2015...
VALID TODAY AS OF 0700 PM LOCAL TIME.

CLIMATE NORMAL PERIOD 1981 TO 2010
CLIMATE RECORD PERIOD 1995 TO 2015


WEATHER ITEM   OBSERVED TIME   RECORD YEAR NORMAL DEPARTURE LAST
                VALUE   (LST)  VALUE       VALUE  FROM      YEAR
                                                  NORMAL
..................................................................
TEMPERATURE (F)
 TODAY
  MAXIMUM         62        MM  MM      MM  73    -11       84
  MINIMUM         42        MM  MM          52    -10       65
  AVERAGE         52                        63    -11       75

PRECIPITATION (IN)
  TODAY            0.00         MM      MM   0.12  -0.12     1.51
  MONTH TO DATE    4.96                      3.66   1.30     5.25
  SINCE MAR 1      7.96                      8.44  -0.48    12.99
  SINCE JAN 1      8.72                     10.25  -1.53    15.90

SNOWFALL (IN)
  TODAY            0.0          MM      MM   0.0    0.0      0.0
  MONTH TO DATE    T                         0.0    0.0       T
  SINCE MAR 1      9.3                      14.2   -4.9     14.2
  SINCE JUL 1     33.4                      53.9  -20.5     69.5
  SNOW DEPTH       0

DEGREE DAYS
 HEATING
  TODAY           13                         4      9        0
  MONTH TO DATE  255                       245     10      282
  SINCE MAR 1   1731                      1850   -119     2258
  SINCE JUL 1   7989                      7865    124     9141

 COOLING
  TODAY            0                         2     -2       10
  MONTH TO DATE    8                        30    -22       37
  SINCE MAR 1      8                        33    -25       37
  SINCE JAN 1      8                        33    -25       37
..................................................................


WIND (MPH)
  HIGHEST WIND SPEED    MM   HIGHEST WIND DIRECTION    MM
  HIGHEST GUST SPEED    MM   HIGHEST GUST DIRECTION    MM
  AVERAGE WIND SPEED    MM


SKY COVER
  POSSIBLE SUNSHINE  MM
  AVERAGE SKY COVER  MM


WEATHER CONDITIONS
 THE FOLLOWING WEATHER WAS RECORDED TODAY.
  NO SIGNIFICANT WEATHER WAS OBSERVED.


RELATIVE HUMIDITY (PERCENT)
 HIGHEST    MM
 LOWEST     MM
 AVERAGE    MM

..........................................................


THE CHANHASSEN MN CLIMATE NORMALS FOR TOMORROW
                         NORMAL    RECORD    YEAR
 MAXIMUM TEMPERATURE (F)   73        MM        MM
 MINIMUM TEMPERATURE (F)   53        MM        MM


SUNRISE AND SUNSET
MAY 31 2015...........SUNRISE   532 AM CDT   SUNSET   852 PM CDT
JUNE  1 2015..........SUNRISE   532 AM CDT   SUNSET   853 PM CDT


-  INDICATES NEGATIVE NUMBERS.
R  INDICATES RECORD WAS SET OR TIED.
MM INDICATES DATA IS MISSING.
T  INDICATES TRACE AMOUNT.




$$
