000
CDUS43 KMPX 200736
CLIMPX


CLIMATE REPORT
NATIONAL WEATHER SERVICE CHANHASSEN MN
235 AM CDT SAT SEP 20 2014


...................................

...THE CHANHASSEN MN CLIMATE SUMMARY FOR SEPTEMBER 19 2014...

CLIMATE NORMAL PERIOD 1981 TO 2010
CLIMATE RECORD PERIOD 1995 TO 2014


WEATHER ITEM   OBSERVED NORMAL DEPARTURE LAST
                VALUE   VALUE  FROM      YEAR
                               NORMAL
...............................................
TEMPERATURE (F)
 YESTERDAY
  MAXIMUM         77     69      8       75
  MINIMUM         57     49      8       60
  AVERAGE         67     59      8       68

PRECIPITATION (IN)
  YESTERDAY        T      0.10  -0.10     0.22
  MONTH TO DATE    0.61   2.29  -1.68     1.38
  SINCE SEP 1      0.61   2.29  -1.68     1.38
  SINCE JAN 1     33.12  24.29   8.83    29.59

SNOWFALL (IN)
  YESTERDAY        0.0    0.0    0.0      0.0
  MONTH TO DATE    0.0    0.0    0.0      0.0
  SINCE SEP 1      0.0    0.0    0.0      0.0
  SINCE JUL 1      0.0    0.0    0.0      0.0
  SNOW DEPTH       0

DEGREE DAYS
 HEATING
  YESTERDAY        0      7     -7        0
  MONTH TO DATE  117     76     41       59
  SINCE SEP 1    117     76     41       59
  SINCE JUL 1    133     99     34       80

 COOLING
  YESTERDAY        2      1      1        3
  MONTH TO DATE   21     40    -19       73
  SINCE SEP 1     21     40    -19       73
  SINCE JAN 1    500    593    -93      652
...............................................







THE CHANHASSEN MN CLIMATE NORMALS FOR TODAY
                         NORMAL
 MAXIMUM TEMPERATURE (F)   69
 MINIMUM TEMPERATURE (F)   49



-  INDICATES NEGATIVE NUMBERS.
R  INDICATES RECORD WAS SET OR TIED.
MM INDICATES DATA IS MISSING.
T  INDICATES TRACE AMOUNT.




$$
