000
CDUS43 KMPX 302125
CLIMPX


CLIMATE REPORT
NATIONAL WEATHER SERVICE CHANHASSEN MN
424 PM CDT SUN AUG 30 2015


...................................

...THE CHANHASSEN MN CLIMATE SUMMARY FOR AUGUST 30 2015...
VALID AS OF 0400 PM LOCAL TIME.

CLIMATE NORMAL PERIOD 1981 TO 2010
CLIMATE RECORD PERIOD 1995 TO 2015


WEATHER ITEM   OBSERVED TIME   RECORD YEAR NORMAL DEPARTURE LAST
                VALUE   (LST)  VALUE       VALUE  FROM      YEAR
                                                  NORMAL
..................................................................
TEMPERATURE (F)
 TODAY
  MAXIMUM         78        MM  MM      MM  77      1       76
  MINIMUM         58        MM  MM      MM  58      0       61
  AVERAGE         68                        67      1       69

PRECIPITATION (IN)
  TODAY            0.00         MM      MM   0.14  -0.14     0.30
  MONTH TO DATE    2.71                      4.00  -1.29     2.44
  SINCE JUN 1     14.26                     11.61   2.65    16.19
  SINCE JAN 1     22.98                     21.86   1.12    32.09

SNOWFALL (IN)
  TODAY            0.0          MM      MM   0.0    0.0      0.0
  MONTH TO DATE    0.0                       0.0    0.0      0.0
  SINCE JUN 1      T                         0.0    0.0      0.0
  SINCE JUL 1      0.0                       0.0    0.0      0.0
  SNOW DEPTH       0

DEGREE DAYS
 HEATING
  TODAY            0                         1     -1        0
  MONTH TO DATE   30                         7     23        3
  SINCE JUN 1     60                        64     -4       49
  SINCE JUL 1     42                        15     27       16

 COOLING
  TODAY            3                         4     -1        4
  MONTH TO DATE  120                       166    -46      181
  SINCE JUN 1    416                       518   -102      435
  SINCE JAN 1    424                       551   -127      472
..................................................................




SKY COVER
  POSSIBLE SUNSHINE  MM
  AVERAGE SKY COVER  MM


WEATHER CONDITIONS
 THE FOLLOWING WEATHER WAS RECORDED TODAY.
  NO SIGNIFICANT WEATHER WAS OBSERVED.


RELATIVE HUMIDITY (PERCENT)
 HIGHEST    MM
 LOWEST     MM
 AVERAGE    MM

..........................................................


THE CHANHASSEN MN CLIMATE NORMALS FOR TOMORROW
                         NORMAL    RECORD    YEAR
 MAXIMUM TEMPERATURE (F)   77        MM        MM
 MINIMUM TEMPERATURE (F)   58        MM        MM


SUNRISE AND SUNSET
AUGUST 30 2015........SUNRISE   634 AM CDT   SUNSET   755 PM CDT
AUGUST 31 2015........SUNRISE   635 AM CDT   SUNSET   753 PM CDT


-  INDICATES NEGATIVE NUMBERS.
R  INDICATES RECORD WAS SET OR TIED.
MM INDICATES DATA IS MISSING.
T  INDICATES TRACE AMOUNT.




$$
