717
CDUS43 KMPX 190630
CLIMPX


CLIMATE REPORT
NATIONAL WEATHER SERVICE CHANHASSEN MN
1230 AM CST MON FEB 19 2018


...................................

...THE CHANHASSEN MN CLIMATE SUMMARY FOR FEBRUARY 18 2018...

CLIMATE NORMAL PERIOD 1981 TO 2010
CLIMATE RECORD PERIOD 1995 TO 2018


WEATHER ITEM   OBSERVED TIME   RECORD YEAR NORMAL DEPARTURE LAST
                VALUE   (LST)  VALUE       VALUE  FROM      YEAR
                                                  NORMAL
..................................................................
TEMPERATURE (F)
 YESTERDAY
  MAXIMUM         42        MM  57    2017  29     13       57
  MINIMUM         12        MM -15    2006  11      1       31
  AVERAGE         27                        20      7       44

PRECIPITATION (IN)
  YESTERDAY        0.00          0.08 2002   0.03  -0.03     0.00
  MONTH TO DATE    0.20                      0.56  -0.36     0.04
  SINCE DEC 1      2.27                      2.68  -0.41     3.17
  SINCE JAN 1      1.62                      1.43   0.19     0.92

SNOWFALL (IN)
  YESTERDAY        0.0           T    2008   0.3   -0.3      0.0
                                      2003
                                      2001
  MONTH TO DATE    3.4                       6.2   -2.8       T
  SINCE DEC 1     28.9                      30.4   -1.5     27.3
  SINCE JUL 1     30.7                      36.2   -5.5     32.4
  SNOW DEPTH       4

DEGREE DAYS
 HEATING
  YESTERDAY       38                        45     -7       21
  MONTH TO DATE 1003                       854    149      699
  SINCE DEC 1   4043                      3878    165     3554
  SINCE JUL 1   5656                      5585     71     4777

 COOLING
  YESTERDAY        0                         0      0        0
  MONTH TO DATE    0                         0      0        0
  SINCE DEC 1      0                         0      0        0
  SINCE JAN 1      0                         0      0        0
..................................................................


WIND (MPH)
  HIGHEST WIND SPEED    MM   HIGHEST WIND DIRECTION    MM
  HIGHEST GUST SPEED    MM   HIGHEST GUST DIRECTION    MM
  AVERAGE WIND SPEED    MM


SKY COVER
  POSSIBLE SUNSHINE  MM
  AVERAGE SKY COVER  MM


WEATHER CONDITIONS
 THE FOLLOWING WEATHER WAS RECORDED YESTERDAY.
  NO SIGNIFICANT WEATHER WAS OBSERVED.


RELATIVE HUMIDITY (PERCENT)
 HIGHEST    MM
 LOWEST     MM
 AVERAGE    MM

..........................................................


THE CHANHASSEN MN CLIMATE NORMALS FOR TODAY
                         NORMAL    RECORD    YEAR
 MAXIMUM TEMPERATURE (F)   29        59      2017
 MINIMUM TEMPERATURE (F)   12       -13      2015


SUNRISE AND SUNSET
FEBRUARY 19 2018......SUNRISE   709 AM CST   SUNSET   548 PM CST
FEBRUARY 20 2018......SUNRISE   707 AM CST   SUNSET   550 PM CST


-  INDICATES NEGATIVE NUMBERS.
R  INDICATES RECORD WAS SET OR TIED.
MM INDICATES DATA IS MISSING.
T  INDICATES TRACE AMOUNT.




$$
