000
CDUS43 KMPX 272132
CLIMPX


CLIMATE REPORT
NATIONAL WEATHER SERVICE CHANHASSEN MN
432 PM CDT WED MAY 27 2015


...................................

...THE CHANHASSEN MN CLIMATE SUMMARY FOR MAY 27 2015...
VALID AS OF 0400 PM LOCAL TIME.

CLIMATE NORMAL PERIOD 1981 TO 2010
CLIMATE RECORD PERIOD 1995 TO 2015


WEATHER ITEM   OBSERVED TIME   RECORD YEAR NORMAL DEPARTURE LAST
                VALUE   (LST)  VALUE       VALUE  FROM      YEAR
                                                  NORMAL
..................................................................
TEMPERATURE (F)
 TODAY
  MAXIMUM         83        MM  MM      MM  72     11       71
  MINIMUM         53        MM  MM      MM  51      2       59
  AVERAGE         68                        61      7       65

PRECIPITATION (IN)
  TODAY            0.02         MM      MM   0.11  -0.09     0.36
  MONTH TO DATE    4.61                      3.17   1.44     3.74
  SINCE MAR 1      7.61                      7.95  -0.34    11.48
  SINCE JAN 1      8.37                      9.76  -1.39    14.39

SNOWFALL (IN)
  TODAY            0.0          MM      MM   0.0    0.0      0.0
  MONTH TO DATE    T                         0.3   -0.3       T
  SINCE MAR 1      9.3                      14.5   -5.2     14.2
  SINCE JUL 1     33.4                      54.2  -20.8     69.5
  SNOW DEPTH       0

DEGREE DAYS
 HEATING
  TODAY            0                         5     -5        0
  MONTH TO DATE  228                       227      1      282
  SINCE MAR 1   1704                      1831   -127     2258
  SINCE JUL 1   7962                      7846    116     9141

 COOLING
  TODAY            3                         1      2        0
  MONTH TO DATE    4                        21    -17       12
  SINCE MAR 1      4                        24    -20       12
  SINCE JAN 1      4                        24    -20       12
..................................................................




SKY COVER
  POSSIBLE SUNSHINE  MM
  AVERAGE SKY COVER  MM


WEATHER CONDITIONS
 THE FOLLOWING WEATHER WAS RECORDED TODAY.
  NO SIGNIFICANT WEATHER WAS OBSERVED.


RELATIVE HUMIDITY (PERCENT)
 HIGHEST    MM
 LOWEST     MM
 AVERAGE    MM

..........................................................


THE CHANHASSEN MN CLIMATE NORMALS FOR TOMORROW
                         NORMAL    RECORD    YEAR
 MAXIMUM TEMPERATURE (F)   72        MM        MM
 MINIMUM TEMPERATURE (F)   51        MM        MM


SUNRISE AND SUNSET
MAY 27 2015...........SUNRISE   535 AM CDT   SUNSET   849 PM CDT
MAY 28 2015...........SUNRISE   534 AM CDT   SUNSET   850 PM CDT


-  INDICATES NEGATIVE NUMBERS.
R  INDICATES RECORD WAS SET OR TIED.
MM INDICATES DATA IS MISSING.
T  INDICATES TRACE AMOUNT.




$$
