000
CDUS43 KMPX 300630
CLIMPX


CLIMATE REPORT
NATIONAL WEATHER SERVICE CHANHASSEN MN
129 AM CDT TUE SEP 30 2014


...................................

...THE CHANHASSEN MN CLIMATE SUMMARY FOR SEPTEMBER 29 2014...

CLIMATE NORMAL PERIOD 1981 TO 2010
CLIMATE RECORD PERIOD 1995 TO 2014


WEATHER ITEM   OBSERVED NORMAL DEPARTURE LAST
                VALUE   VALUE  FROM      YEAR
                               NORMAL
...............................................
TEMPERATURE (F)
 YESTERDAY
  MAXIMUM         63     65     -2       75
  MINIMUM         43     44     -1       44
  AVERAGE         53     55     -2       60

PRECIPITATION (IN)
  YESTERDAY        0.03   0.10  -0.07     0.00
  MONTH TO DATE    1.15   3.33  -2.18     1.57
  SINCE SEP 1      1.15   3.33  -2.18     1.57
  SINCE JAN 1     33.66  25.33   8.33    29.78

SNOWFALL (IN)
  YESTERDAY        0.0    0.0    0.0      0.0
  MONTH TO DATE    0.0    0.0    0.0      0.0
  SINCE SEP 1      0.0    0.0    0.0      0.0
  SINCE JUL 1      0.0    0.0    0.0      0.0
  SNOW DEPTH       0

DEGREE DAYS
 HEATING
  YESTERDAY       12     11      1        5
  MONTH TO DATE  151    165    -14      107
  SINCE SEP 1    151    165    -14      107
  SINCE JUL 1    167    188    -21      128

 COOLING
  YESTERDAY        0      1     -1        0
  MONTH TO DATE   35     50    -15       84
  SINCE SEP 1     35     50    -15       84
  SINCE JAN 1    514    603    -89      663
...............................................







THE CHANHASSEN MN CLIMATE NORMALS FOR TODAY
                         NORMAL
 MAXIMUM TEMPERATURE (F)   65
 MINIMUM TEMPERATURE (F)   44



-  INDICATES NEGATIVE NUMBERS.
R  INDICATES RECORD WAS SET OR TIED.
MM INDICATES DATA IS MISSING.
T  INDICATES TRACE AMOUNT.




$$
