000
CDUS43 KMPX 272256
CLIMPX


CLIMATE REPORT
NATIONAL WEATHER SERVICE CHANHASSEN MN
456 PM CST MON FEB 27 2017


...................................

...THE CHANHASSEN MN CLIMATE SUMMARY FOR FEBRUARY 27 2017...
VALID AS OF 0400 PM LOCAL TIME.

CLIMATE NORMAL PERIOD 1981 TO 2010
CLIMATE RECORD PERIOD 1995 TO 2017


WEATHER ITEM   OBSERVED TIME   RECORD YEAR NORMAL DEPARTURE LAST
                VALUE   (LST)  VALUE       VALUE  FROM      YEAR
                                                  NORMAL
..................................................................
TEMPERATURE (F)
 TODAY
  MAXIMUM         43        MM  MM      MM  32     11       58
  MINIMUM         22        MM  MM      MM  15      7       32
  AVERAGE         33                        24      9       45

PRECIPITATION (IN)
  TODAY            0.00         MM      MM   0.04  -0.04     0.00
  MONTH TO DATE    0.72                      0.90  -0.18     1.16
  SINCE DEC 1      3.85                      3.02   0.83     3.44
  SINCE JAN 1      1.60                      1.77  -0.17     1.47

SNOWFALL (IN)
  TODAY            0.0          MM      MM   0.3   -0.3      0.0
  MONTH TO DATE    T                         9.3   -9.3     12.6
  SINCE DEC 1     27.3                      33.5   -6.2     26.6
  SINCE JUL 1     32.4                      39.3   -6.9     29.6
  SNOW DEPTH       0

DEGREE DAYS
 HEATING
  TODAY           32                        42    -10       20
  MONTH TO DATE  964                      1243   -279     1156
  SINCE DEC 1   3819                      4267   -448     3815
  SINCE JUL 1   5042                      5974   -932     5147

 COOLING
  TODAY            0                         0      0        0
  MONTH TO DATE    0                         0      0        0
  SINCE DEC 1      0                         0      0        0
  SINCE JAN 1      0                         0      0        0
..................................................................




SKY COVER
  POSSIBLE SUNSHINE  MM
  AVERAGE SKY COVER  MM


WEATHER CONDITIONS
 THE FOLLOWING WEATHER WAS RECORDED TODAY.
  NO SIGNIFICANT WEATHER WAS OBSERVED.


RELATIVE HUMIDITY (PERCENT)
 HIGHEST    MM
 LOWEST     MM
 AVERAGE    MM

..........................................................


THE CHANHASSEN MN CLIMATE NORMALS FOR TOMORROW
                         NORMAL    RECORD    YEAR
 MAXIMUM TEMPERATURE (F)   32        44      2004
 MINIMUM TEMPERATURE (F)   15       -11      2014


SUNRISE AND SUNSET
FEBRUARY 27 2017......SUNRISE   655 AM CST   SUNSET   600 PM CST
FEBRUARY 28 2017......SUNRISE   653 AM CST   SUNSET   601 PM CST


-  INDICATES NEGATIVE NUMBERS.
R  INDICATES RECORD WAS SET OR TIED.
MM INDICATES DATA IS MISSING.
T  INDICATES TRACE AMOUNT.




$$
