000
CDUS43 KMPX 190945
CLIMPX


CLIMATE REPORT
NATIONAL WEATHER SERVICE CHANHASSEN MN
344 AM CST THU JAN 19 2017


...................................

...THE CHANHASSEN MN CLIMATE SUMMARY FOR JANUARY 18 2017...

CLIMATE NORMAL PERIOD 1981 TO 2010
CLIMATE RECORD PERIOD 1995 TO 2017


WEATHER ITEM   OBSERVED TIME   RECORD YEAR NORMAL DEPARTURE LAST
                VALUE   (LST)  VALUE       VALUE  FROM      YEAR
                                                  NORMAL
..................................................................
TEMPERATURE (F)
 YESTERDAY
  MAXIMUM         40R       MM  40    2013  23     17        0
  MINIMUM         24        MM -15    2016   5     19      -15
  AVERAGE         32                        14     18       -7

PRECIPITATION (IN)
  YESTERDAY        0.00          0.26 2014   0.02  -0.02      T
  MONTH TO DATE    0.50                      0.53  -0.03     0.21
  SINCE DEC 1      2.75                      1.78   0.97     2.18
  SINCE JAN 1      0.50                      0.53  -0.03     0.21

SNOWFALL (IN)
  YESTERDAY        0.0           4.5  2014   0.3   -0.3       T
  MONTH TO DATE    4.8                       5.8   -1.0      2.9
  SINCE DEC 1     23.2                      19.7    3.5     12.2
  SINCE JUL 1     28.3                      25.5    2.8     15.2
  SNOW DEPTH       3

DEGREE DAYS
 HEATING
  YESTERDAY       33                        51    -18       72
  MONTH TO DATE  951                       916     35      969
  SINCE DEC 1   2383                      2370     13     2097
  SINCE JUL 1   3606                      4077   -471     3429

 COOLING
  YESTERDAY        0                         0      0        0
  MONTH TO DATE    0                         0      0        0
  SINCE DEC 1      0                         0      0        0
  SINCE JAN 1      0                         0      0        0
..................................................................


WIND (MPH)
  HIGHEST WIND SPEED    MM   HIGHEST WIND DIRECTION    MM
  HIGHEST GUST SPEED    MM   HIGHEST GUST DIRECTION    MM
  AVERAGE WIND SPEED    MM


SKY COVER
  POSSIBLE SUNSHINE  MM
  AVERAGE SKY COVER  MM


WEATHER CONDITIONS
 THE FOLLOWING WEATHER WAS RECORDED YESTERDAY.
  NO SIGNIFICANT WEATHER WAS OBSERVED.


RELATIVE HUMIDITY (PERCENT)
 HIGHEST    MM
 LOWEST     MM
 AVERAGE    MM

..........................................................


THE CHANHASSEN MN CLIMATE NORMALS FOR TODAY
                         NORMAL    RECORD    YEAR
 MAXIMUM TEMPERATURE (F)   23        39      2015
                                             2013
 MINIMUM TEMPERATURE (F)    5       -16      2008


SUNRISE AND SUNSET
JANUARY 19 2017.......SUNRISE   746 AM CST   SUNSET   505 PM CST
JANUARY 20 2017.......SUNRISE   745 AM CST   SUNSET   506 PM CST


-  INDICATES NEGATIVE NUMBERS.
R  INDICATES RECORD WAS SET OR TIED.
MM INDICATES DATA IS MISSING.
T  INDICATES TRACE AMOUNT.




$$
