000
CDUS43 KMPX 240640
CLIMPX


CLIMATE REPORT
NATIONAL WEATHER SERVICE CHANHASSEN MN
1240 AM CST WED DEC 24 2014


...................................

...THE CHANHASSEN MN CLIMATE SUMMARY FOR DECEMBER 23 2014...

CLIMATE NORMAL PERIOD 1981 TO 2010
CLIMATE RECORD PERIOD 1995 TO 2014


WEATHER ITEM   OBSERVED TIME   RECORD YEAR NORMAL DEPARTURE LAST
                VALUE   (LST)  VALUE       VALUE  FROM      YEAR
                                                  NORMAL
..................................................................
TEMPERATURE (F)
 YESTERDAY
  MAXIMUM         35        MM  43    2005  24     11        1
  MINIMUM         33        MM -13    2013   8     25      -13
  AVERAGE         34                        16     18       -6

PRECIPITATION (IN)
  YESTERDAY        0.02          0.29 2009   0.04  -0.02     0.01
  MONTH TO DATE    0.60                      0.94  -0.34     1.07
  SINCE DEC 1      0.60                      0.94  -0.34     1.07
  SINCE JAN 1     36.06                     30.85   5.21    34.89

SNOWFALL (IN)
  YESTERDAY        T             3.0  2009   0.4   -0.4      0.2
  MONTH TO DATE    1.2                      10.5   -9.3     13.0
  SINCE DEC 1      1.2                      10.5   -9.3     13.0
  SINCE JUL 1      9.3                      16.3   -7.0     14.8
  SNOW DEPTH       0

DEGREE DAYS
 HEATING
  YESTERDAY       31                        49    -18       71
  MONTH TO DATE  901                      1054   -153     1256
  SINCE DEC 1    901                      1054   -153     1256
  SINCE JUL 1   2838                      2761     77     2978

 COOLING
  YESTERDAY        0                         0      0        0
  MONTH TO DATE    0                         0      0        0
  SINCE DEC 1      0                         0      0        0
  SINCE JAN 1    514                       605    -91      667
..................................................................


WIND (MPH)
  HIGHEST WIND SPEED    MM   HIGHEST WIND DIRECTION    MM
  HIGHEST GUST SPEED    MM   HIGHEST GUST DIRECTION    MM
  AVERAGE WIND SPEED    MM


SKY COVER
  POSSIBLE SUNSHINE  MM
  AVERAGE SKY COVER  MM


WEATHER CONDITIONS
 THE FOLLOWING WEATHER WAS RECORDED YESTERDAY.
  NO SIGNIFICANT WEATHER WAS OBSERVED.


RELATIVE HUMIDITY (PERCENT)
 HIGHEST    MM
 LOWEST     MM
 AVERAGE    MM

..........................................................


THE CHANHASSEN MN CLIMATE NORMALS FOR TODAY
                         NORMAL    RECORD    YEAR
 MAXIMUM TEMPERATURE (F)   24        42      2011
 MINIMUM TEMPERATURE (F)    8       -19      2000


SUNRISE AND SUNSET
DECEMBER 24 2014......SUNRISE   750 AM CST   SUNSET   438 PM CST
DECEMBER 25 2014......SUNRISE   751 AM CST   SUNSET   438 PM CST


-  INDICATES NEGATIVE NUMBERS.
R  INDICATES RECORD WAS SET OR TIED.
MM INDICATES DATA IS MISSING.
T  INDICATES TRACE AMOUNT.




$$
