000
CDUS43 KMPX 230645
CLIMPX


CLIMATE REPORT
NATIONAL WEATHER SERVICE CHANHASSEN MN
144 AM CDT SAT SEP 23 2017


...................................

...THE CHANHASSEN MN CLIMATE SUMMARY FOR SEPTEMBER 22 2017...

CLIMATE NORMAL PERIOD 1981 TO 2010
CLIMATE RECORD PERIOD 1995 TO 2017


WEATHER ITEM   OBSERVED TIME   RECORD YEAR NORMAL DEPARTURE LAST
                VALUE   (LST)  VALUE       VALUE  FROM      YEAR
                                                  NORMAL
..................................................................
TEMPERATURE (F)
 YESTERDAY
  MAXIMUM         90        MM  MM      MM  68     22       69
  MINIMUM         71        MM  MM      MM  48     23       59
  AVERAGE         81                        58     23       64

PRECIPITATION (IN)
  YESTERDAY        0.00         MM      MM   0.10  -0.10     0.06
  MONTH TO DATE    1.29                      2.61  -1.32     4.42
  SINCE SEP 1      1.29                      2.61  -1.32     4.42
  SINCE JAN 1     30.83                     24.61   6.22    32.38

SNOWFALL (IN)
  YESTERDAY        0.0          MM      MM   0.0    0.0      0.0
  MONTH TO DATE    T                         0.0    0.0      0.0
  SINCE SEP 1      T                         0.0    0.0      0.0
  SINCE JUL 1      T                         0.0    0.0      0.0
  SNOW DEPTH       0

DEGREE DAYS
 HEATING
  YESTERDAY        0                         8     -8        1
  MONTH TO DATE   63                        98    -35       26
  SINCE SEP 1     63                        98    -35       26
  SINCE JUL 1     84                       121    -37       39

 COOLING
  YESTERDAY       16                         1     15        0
  MONTH TO DATE   56                        43     13       42
  SINCE SEP 1     56                        43     13       42
  SINCE JAN 1    454                       596   -142      628
..................................................................


WIND (MPH)
  HIGHEST WIND SPEED    MM   HIGHEST WIND DIRECTION    MM
  HIGHEST GUST SPEED    MM   HIGHEST GUST DIRECTION    MM
  AVERAGE WIND SPEED    MM


SKY COVER
  POSSIBLE SUNSHINE  MM
  AVERAGE SKY COVER  MM


WEATHER CONDITIONS
 THE FOLLOWING WEATHER WAS RECORDED YESTERDAY.
  NO SIGNIFICANT WEATHER WAS OBSERVED.


RELATIVE HUMIDITY (PERCENT)
 HIGHEST    MM
 LOWEST     MM
 AVERAGE    MM

..........................................................


THE CHANHASSEN MN CLIMATE NORMALS FOR TODAY
                         NORMAL    RECORD    YEAR
 MAXIMUM TEMPERATURE (F)   68        MM        MM
 MINIMUM TEMPERATURE (F)   47        MM        MM


SUNRISE AND SUNSET
SEPTEMBER 23 2017.....SUNRISE   703 AM CDT   SUNSET   709 PM CDT
SEPTEMBER 24 2017.....SUNRISE   704 AM CDT   SUNSET   707 PM CDT


-  INDICATES NEGATIVE NUMBERS.
R  INDICATES RECORD WAS SET OR TIED.
MM INDICATES DATA IS MISSING.
T  INDICATES TRACE AMOUNT.




$$
