000
CDUS43 KMPX 100640
CLIMPX


CLIMATE REPORT
NATIONAL WEATHER SERVICE CHANHASSEN MN
1239 AM CST WED FEB 10 2016


...................................

...THE CHANHASSEN MN CLIMATE SUMMARY FOR FEBRUARY 9 2016...

CLIMATE NORMAL PERIOD 1981 TO 2010
CLIMATE RECORD PERIOD 1995 TO 2016


WEATHER ITEM   OBSERVED TIME   RECORD YEAR NORMAL DEPARTURE LAST
                VALUE   (LST)  VALUE       VALUE  FROM      YEAR
                                                  NORMAL
..................................................................
TEMPERATURE (F)
 YESTERDAY
  MAXIMUM         15        MM  46    2009  26    -11       32
  MINIMUM          4        MM -11    2011   8     -4       19
  AVERAGE         10                        17     -7       26

PRECIPITATION (IN)
  YESTERDAY        0.00          0.17 2009   0.03  -0.03     0.00
  MONTH TO DATE    0.73                      0.27   0.46     0.11
  SINCE DEC 1      3.01                      2.39   0.62     1.45
  SINCE JAN 1      1.04                      1.14  -0.10     0.48

SNOWFALL (IN)
  YESTERDAY        0.0           1.2  2006   0.4   -0.4      0.0
  MONTH TO DATE   10.9                       3.2    7.7      2.5
  SINCE DEC 1     24.9                      27.4   -2.5     13.7
  SINCE JUL 1     27.9                      33.2   -5.3     21.8
  SNOW DEPTH       4

DEGREE DAYS
 HEATING
  YESTERDAY       55                        48      7       39
  MONTH TO DATE  417                       438    -21      449
  SINCE DEC 1   3076                      3462   -386     3231
  SINCE JUL 1   4408                      5169   -761     5168

 COOLING
  YESTERDAY        0                         0      0        0
  MONTH TO DATE    0                         0      0        0
  SINCE DEC 1      0                         0      0        0
  SINCE JAN 1      0                         0      0        0
..................................................................


WIND (MPH)
  HIGHEST WIND SPEED    MM   HIGHEST WIND DIRECTION    MM
  HIGHEST GUST SPEED    MM   HIGHEST GUST DIRECTION    MM
  AVERAGE WIND SPEED    MM


SKY COVER
  POSSIBLE SUNSHINE  MM
  AVERAGE SKY COVER  MM


WEATHER CONDITIONS
 THE FOLLOWING WEATHER WAS RECORDED YESTERDAY.
  NO SIGNIFICANT WEATHER WAS OBSERVED.


RELATIVE HUMIDITY (PERCENT)
 HIGHEST    MM
 LOWEST     MM
 AVERAGE    MM

..........................................................


THE CHANHASSEN MN CLIMATE NORMALS FOR TODAY
                         NORMAL    RECORD    YEAR
 MAXIMUM TEMPERATURE (F)   26        44      2009
 MINIMUM TEMPERATURE (F)    9       -18      2011


SUNRISE AND SUNSET
FEBRUARY 10 2016......SUNRISE   723 AM CST   SUNSET   535 PM CST
FEBRUARY 11 2016......SUNRISE   721 AM CST   SUNSET   536 PM CST


-  INDICATES NEGATIVE NUMBERS.
R  INDICATES RECORD WAS SET OR TIED.
MM INDICATES DATA IS MISSING.
T  INDICATES TRACE AMOUNT.




$$
