000
CDUS43 KMPX 030630
CLIMPX


CLIMATE REPORT
NATIONAL WEATHER SERVICE CHANHASSEN MN
1227 AM CST TUE MAR 3 2015


...................................

...THE CHANHASSEN MN CLIMATE SUMMARY FOR MARCH 2 2015...

CLIMATE NORMAL PERIOD 1981 TO 2010
CLIMATE RECORD PERIOD 1995 TO 2015


WEATHER ITEM   OBSERVED TIME   RECORD YEAR NORMAL DEPARTURE LAST
                VALUE   (LST)  VALUE       VALUE  FROM      YEAR
                                                  NORMAL
..................................................................
TEMPERATURE (F)
 YESTERDAY
  MAXIMUM         25        MM  MM      MM  33     -8        1
  MINIMUM          3        MM  MM      MM  16    -13      -18
  AVERAGE         14                        25    -11       -8

PRECIPITATION (IN)
  YESTERDAY        T            MM      MM   0.04  -0.04     0.00
  MONTH TO DATE    T                         0.08  -0.08      T
  SINCE MAR 1      T                         0.08  -0.08      T
  SINCE JAN 1      0.72                      1.89  -1.17     2.91

SNOWFALL (IN)
  YESTERDAY        T            MM      MM   0.4   -0.4      0.0
  MONTH TO DATE    T                         0.8   -0.8       T
  SINCE MAR 1      T                         0.8   -0.8       T
  SINCE JUL 1     24.1                      40.5  -16.4     55.3
  SNOW DEPTH       T

DEGREE DAYS
 HEATING
  YESTERDAY       51                        40     11       73
  MONTH TO DATE   96                        81     15      140
  SINCE MAR 1     96                        81     15      140
  SINCE JUL 1   6354                      6096    258     7023

 COOLING
  YESTERDAY        0                         0      0        0
  MONTH TO DATE    0                         0      0        0
  SINCE MAR 1      0                         0      0        0
  SINCE JAN 1      0                         0      0        0
..................................................................


WIND (MPH)
  HIGHEST WIND SPEED    MM   HIGHEST WIND DIRECTION    MM
  HIGHEST GUST SPEED    MM   HIGHEST GUST DIRECTION    MM
  AVERAGE WIND SPEED    MM


SKY COVER
  POSSIBLE SUNSHINE  MM
  AVERAGE SKY COVER  MM


WEATHER CONDITIONS
 THE FOLLOWING WEATHER WAS RECORDED YESTERDAY.
  NO SIGNIFICANT WEATHER WAS OBSERVED.


RELATIVE HUMIDITY (PERCENT)
 HIGHEST    MM
 LOWEST     MM
 AVERAGE    MM

..........................................................


THE CHANHASSEN MN CLIMATE NORMALS FOR TODAY
                         NORMAL    RECORD    YEAR
 MAXIMUM TEMPERATURE (F)   34        MM        MM
 MINIMUM TEMPERATURE (F)   17        MM        MM


SUNRISE AND SUNSET
MARCH  3 2015.........SUNRISE   649 AM CST   SUNSET   604 PM CST
MARCH  4 2015.........SUNRISE   647 AM CST   SUNSET   606 PM CST


-  INDICATES NEGATIVE NUMBERS.
R  INDICATES RECORD WAS SET OR TIED.
MM INDICATES DATA IS MISSING.
T  INDICATES TRACE AMOUNT.




$$
