000
CDUS43 KMPX 150944
CLIMPX


CLIMATE REPORT
NATIONAL WEATHER SERVICE CHANHASSEN MN
444 AM CDT TUE APR 15 2014


...................................

...THE CHANHASSEN MN CLIMATE SUMMARY FOR APRIL 14 2014...

CLIMATE NORMAL PERIOD 1981 TO 2010
CLIMATE RECORD PERIOD 1995 TO 2014


WEATHER ITEM   OBSERVED NORMAL DEPARTURE LAST
                VALUE   VALUE  FROM      YEAR
                               NORMAL
...............................................
TEMPERATURE (F)
 YESTERDAY
  MAXIMUM         37     57    -20       38
  MINIMUM         23     35    -12       29
  AVERAGE         30     46    -16       34

PRECIPITATION (IN)
  YESTERDAY        0.00   0.10  -0.10     0.54
  MONTH TO DATE    0.84   1.35  -0.51     3.29
  SINCE MAR 1      1.53   3.13  -1.60     4.93
  SINCE JAN 1      4.44   4.94  -0.50     6.64

SNOWFALL (IN)
  YESTERDAY        0.0    0.1   -0.1      0.3
  MONTH TO DATE    8.7    2.3    6.4      8.7
  SINCE MAR 1     12.1   13.1   -1.0     20.2
  SINCE JUL 1     67.4   52.8   14.6     57.8
  SNOW DEPTH       0

DEGREE DAYS
 HEATING
  YESTERDAY       35     19     16       31
  MONTH TO DATE  349    315     34      423
  SINCE MAR 1   1617   1361    256     1668
  SINCE JUL 1   8500   7376   1124     7490

 COOLING
  YESTERDAY        0      0      0        0
  MONTH TO DATE    0      0      0        0
  SINCE MAR 1      0      0      0        0
  SINCE JAN 1      0      0      0        0
...............................................







THE CHANHASSEN MN CLIMATE NORMALS FOR TODAY
                         NORMAL
 MAXIMUM TEMPERATURE (F)   57
 MINIMUM TEMPERATURE (F)   36



-  INDICATES NEGATIVE NUMBERS.
R  INDICATES RECORD WAS SET OR TIED.
MM INDICATES DATA IS MISSING.
T  INDICATES TRACE AMOUNT.




$$
