736
CDUS43 KMPX 160655
CLIMPX


CLIMATE REPORT
NATIONAL WEATHER SERVICE CHANHASSEN MN
1255 AM CST TUE JAN 16 2018


...................................

...THE CHANHASSEN MN CLIMATE SUMMARY FOR JANUARY 15 2018...

CLIMATE NORMAL PERIOD 1981 TO 2010
CLIMATE RECORD PERIOD 1995 TO 2018


WEATHER ITEM   OBSERVED TIME   RECORD YEAR NORMAL DEPARTURE LAST
                VALUE   (LST)  VALUE       VALUE  FROM      YEAR
                                                  NORMAL
..................................................................
TEMPERATURE (F)
 YESTERDAY
  MAXIMUM          9        MM  42    2012  23    -14       31
  MINIMUM         -2        MM -25    2009   5     -7       -3
  AVERAGE          4                        14    -10       14

PRECIPITATION (IN)
  YESTERDAY        T             0.07 2014   0.02  -0.02     0.00
  MONTH TO DATE    0.33                      0.45  -0.12     0.35
  SINCE DEC 1      0.98                      1.70  -0.72     2.60
  SINCE JAN 1      0.33                      0.45  -0.12     0.35

SNOWFALL (IN)
  YESTERDAY        T             1.6  2007   0.3   -0.3      0.0
  MONTH TO DATE    5.7                       4.9    0.8      4.5
  SINCE DEC 1     12.3                      18.8   -6.5     22.9
  SINCE JUL 1     14.1                      24.6  -10.5     28.0
  SNOW DEPTH       5

DEGREE DAYS
 HEATING
  YESTERDAY       61                        51     10       51
  MONTH TO DATE  864                       763    101      849
  SINCE DEC 1   2343                      2217    126     2281
  SINCE JUL 1   3956                      3924     32     3504

 COOLING
  YESTERDAY        0                         0      0        0
  MONTH TO DATE    0                         0      0        0
  SINCE DEC 1      0                         0      0        0
  SINCE JAN 1      0                         0      0        0
..................................................................


WIND (MPH)
  HIGHEST WIND SPEED    MM   HIGHEST WIND DIRECTION    MM
  HIGHEST GUST SPEED    MM   HIGHEST GUST DIRECTION    MM
  AVERAGE WIND SPEED    MM


SKY COVER
  POSSIBLE SUNSHINE  MM
  AVERAGE SKY COVER  MM


WEATHER CONDITIONS
 THE FOLLOWING WEATHER WAS RECORDED YESTERDAY.
  NO SIGNIFICANT WEATHER WAS OBSERVED.


RELATIVE HUMIDITY (PERCENT)
 HIGHEST    MM
 LOWEST     MM
 AVERAGE    MM

..........................................................


THE CHANHASSEN MN CLIMATE NORMALS FOR TODAY
                         NORMAL    RECORD    YEAR
 MAXIMUM TEMPERATURE (F)   23        36      2013
 MINIMUM TEMPERATURE (F)    5       -26      2009


SUNRISE AND SUNSET
JANUARY 16 2018.......SUNRISE   748 AM CST   SUNSET   501 PM CST
JANUARY 17 2018.......SUNRISE   747 AM CST   SUNSET   502 PM CST


-  INDICATES NEGATIVE NUMBERS.
R  INDICATES RECORD WAS SET OR TIED.
MM INDICATES DATA IS MISSING.
T  INDICATES TRACE AMOUNT.




$$
