947
CDUS43 KMPX 090025
CLIMPX


CLIMATE REPORT
NATIONAL WEATHER SERVICE CHANHASSEN MN
623 PM CST FRI DEC 8 2017


...................................

...THE CHANHASSEN MN CLIMATE SUMMARY FOR DECEMBER 8 2017...
VALID TODAY AS OF 0600 PM LOCAL TIME.

CLIMATE NORMAL PERIOD 1981 TO 2010
CLIMATE RECORD PERIOD 1995 TO 2017


WEATHER ITEM   OBSERVED TIME   RECORD YEAR NORMAL DEPARTURE LAST
                VALUE   (LST)  VALUE       VALUE  FROM      YEAR
                                                  NORMAL
..................................................................
TEMPERATURE (F)
 TODAY
  MAXIMUM         28        MM  47    1999  28      0       22
  MINIMUM         20        MM  -7          13      7       12
  AVERAGE         24                        20      4       17

PRECIPITATION (IN)
  TODAY            T   R         T    2005   0.05  -0.05     0.01
                                      2005
                                      2014
  MONTH TO DATE    0.37                      0.35   0.02     0.20
  SINCE DEC 1      0.37                      0.35   0.02     0.20
  SINCE JAN 1     37.59                     30.26   7.33    38.48

SNOWFALL (IN)
  TODAY            T   R         T    2012   0.5   -0.5      0.3
                                      2005
                                      2000
  MONTH TO DATE    3.0                       3.4   -0.4      3.4
  SINCE DEC 1      3.0                       3.4   -0.4      3.4
  SINCE JUL 1      4.8                       9.2   -4.4      8.5
  SNOW DEPTH       2

DEGREE DAYS
 HEATING
  TODAY           41                        45     -4       48
  MONTH TO DATE  301                       344    -43      301
  SINCE DEC 1    301                       344    -43      301
  SINCE JUL 1   1914                      2051   -137     1524

 COOLING
  TODAY            0                         0      0        0
  MONTH TO DATE    0                         0      0        0
  SINCE DEC 1      0                         0      0        0
  SINCE JAN 1    478                       605   -127      631
..................................................................


WIND (MPH)
  HIGHEST WIND SPEED    MM   HIGHEST WIND DIRECTION    MM
  HIGHEST GUST SPEED    MM   HIGHEST GUST DIRECTION    MM
  AVERAGE WIND SPEED    MM


SKY COVER
  POSSIBLE SUNSHINE  MM
  AVERAGE SKY COVER  MM


WEATHER CONDITIONS
 THE FOLLOWING WEATHER WAS RECORDED TODAY.
  NO SIGNIFICANT WEATHER WAS OBSERVED.


RELATIVE HUMIDITY (PERCENT)
 HIGHEST    MM
 LOWEST     MM
 AVERAGE    MM

..........................................................


THE CHANHASSEN MN CLIMATE NORMALS FOR TOMORROW
                         NORMAL    RECORD    YEAR
 MAXIMUM TEMPERATURE (F)   27        47      2006
 MINIMUM TEMPERATURE (F)   13        -7      2013


SUNRISE AND SUNSET
DECEMBER  8 2017......SUNRISE   739 AM CST   SUNSET   433 PM CST
DECEMBER  9 2017......SUNRISE   740 AM CST   SUNSET   433 PM CST


-  INDICATES NEGATIVE NUMBERS.
R  INDICATES RECORD WAS SET OR TIED.
MM INDICATES DATA IS MISSING.
T  INDICATES TRACE AMOUNT.




$$
