000
CDUS43 KMPX 200644
CLIMPX


CLIMATE REPORT
NATIONAL WEATHER SERVICE CHANHASSEN MN
142 AM CDT WED AUG 20 2014


...................................

...THE CHANHASSEN MN CLIMATE SUMMARY FOR AUGUST 19 2014...

CLIMATE NORMAL PERIOD 1981 TO 2010
CLIMATE RECORD PERIOD 1995 TO 2014


WEATHER ITEM   OBSERVED NORMAL DEPARTURE LAST
                VALUE   VALUE  FROM      YEAR
                               NORMAL
...............................................
TEMPERATURE (F)
 YESTERDAY
  MAXIMUM         79     80     -1       85
  MINIMUM         63     60      3       63
  AVERAGE         71     70      1       74

PRECIPITATION (IN)
  YESTERDAY        0.00   0.13  -0.13     0.00
  MONTH TO DATE    1.01   2.48  -1.47     1.65
  SINCE JUN 1     14.76  10.09   4.67    12.62
  SINCE JAN 1     30.66  20.34  10.32    28.12

SNOWFALL (IN)
  YESTERDAY        0.0    0.0    0.0      0.0
  MONTH TO DATE    0.0    0.0    0.0      0.0
  SINCE JUN 1      0.0    0.0    0.0      0.0
  SINCE JUL 1      0.0    0.0    0.0      0.0
  SNOW DEPTH       0

DEGREE DAYS
 HEATING
  YESTERDAY        0      0      0        0
  MONTH TO DATE    0      0      0        5
  SINCE JUN 1     46     57    -11       83
  SINCE JUL 1     13      8      5       21

 COOLING
  YESTERDAY        6      5      1        9
  MONTH TO DATE  121    118      3       45
  SINCE JUN 1    375    470    -95      396
  SINCE JAN 1    412    503    -91      419
...............................................







THE CHANHASSEN MN CLIMATE NORMALS FOR TODAY
                         NORMAL
 MAXIMUM TEMPERATURE (F)   79
 MINIMUM TEMPERATURE (F)   60



-  INDICATES NEGATIVE NUMBERS.
R  INDICATES RECORD WAS SET OR TIED.
MM INDICATES DATA IS MISSING.
T  INDICATES TRACE AMOUNT.




$$
