714
CDUS43 KMPX 080623
CLIMPX


CLIMATE REPORT
NATIONAL WEATHER SERVICE CHANHASSEN MN
1223 AM CST THU DEC 8 2016


...................................

...THE CHANHASSEN MN CLIMATE SUMMARY FOR DECEMBER 7 2016...

CLIMATE NORMAL PERIOD 1981 TO 2010
CLIMATE RECORD PERIOD 1995 TO 2016


WEATHER ITEM   OBSERVED TIME   RECORD YEAR NORMAL DEPARTURE LAST
                VALUE   (LST)  VALUE       VALUE  FROM      YEAR
                                                  NORMAL
..................................................................
TEMPERATURE (F)
 YESTERDAY
  MAXIMUM         18        MM  44    2015  28    -10       44
  MINIMUM         14        MM -16    2013  13      1       29
  AVERAGE         16                        21     -5       37

PRECIPITATION (IN)
  YESTERDAY        T             0.07 2012   0.04  -0.04     0.00
  MONTH TO DATE    0.19                      0.30  -0.11     0.04
  SINCE DEC 1      0.19                      0.30  -0.11     0.04
  SINCE JAN 1     38.47                     30.21   8.26    33.48

SNOWFALL (IN)
  YESTERDAY        T             0.8  2012   0.4   -0.4      0.0
  MONTH TO DATE    3.1                       2.9    0.2      0.3
  SINCE DEC 1      3.1                       2.9    0.2      0.3
  SINCE JUL 1      8.2                       8.7   -0.5      3.3
  SNOW DEPTH       T

DEGREE DAYS
 HEATING
  YESTERDAY       49                        44      5       28
  MONTH TO DATE  253                       299    -46      225
  SINCE DEC 1    253                       299    -46      225
  SINCE JUL 1   1476                      2006   -530     1557

 COOLING
  YESTERDAY        0                         0      0        0
  MONTH TO DATE    0                         0      0        0
  SINCE DEC 1      0                         0      0        0
  SINCE JAN 1    631                       605     26      551
..................................................................


WIND (MPH)
  HIGHEST WIND SPEED    MM   HIGHEST WIND DIRECTION    MM
  HIGHEST GUST SPEED    MM   HIGHEST GUST DIRECTION    MM
  AVERAGE WIND SPEED    MM


SKY COVER
  POSSIBLE SUNSHINE  MM
  AVERAGE SKY COVER  MM


WEATHER CONDITIONS
 THE FOLLOWING WEATHER WAS RECORDED YESTERDAY.
  NO SIGNIFICANT WEATHER WAS OBSERVED.


RELATIVE HUMIDITY (PERCENT)
 HIGHEST    MM
 LOWEST     MM
 AVERAGE    MM

..........................................................


THE CHANHASSEN MN CLIMATE NORMALS FOR TODAY
                         NORMAL    RECORD    YEAR
 MAXIMUM TEMPERATURE (F)   28        47      1999
 MINIMUM TEMPERATURE (F)   13        -7      2007


SUNRISE AND SUNSET
DECEMBER  8 2016......SUNRISE   740 AM CST   SUNSET   433 PM CST
DECEMBER  9 2016......SUNRISE   741 AM CST   SUNSET   433 PM CST


-  INDICATES NEGATIVE NUMBERS.
R  INDICATES RECORD WAS SET OR TIED.
MM INDICATES DATA IS MISSING.
T  INDICATES TRACE AMOUNT.




$$
