000
CDUS43 KMPX 220627
CLIMPX


CLIMATE REPORT
NATIONAL WEATHER SERVICE CHANHASSEN MN
127 AM CDT TUE JUL 22 2014


...................................

...THE CHANHASSEN MN CLIMATE SUMMARY FOR JULY 21 2014...

CLIMATE NORMAL PERIOD 1981 TO 2010
CLIMATE RECORD PERIOD 1995 TO 2014


WEATHER ITEM   OBSERVED NORMAL DEPARTURE LAST
                VALUE   VALUE  FROM      YEAR
                               NORMAL
...............................................
TEMPERATURE (F)
 YESTERDAY
  MAXIMUM         89     82      7       80
  MINIMUM         72     62     10       57
  AVERAGE         81     72      9       69

PRECIPITATION (IN)
  YESTERDAY        0.00   0.11  -0.11     0.70
  MONTH TO DATE    2.81   2.45   0.36     4.53
  SINCE JUN 1     13.23   6.47   6.76    10.81
  SINCE JAN 1     29.13  16.72  12.41    26.31

SNOWFALL (IN)
  YESTERDAY        0.0    0.0    0.0      0.0
  MONTH TO DATE    0.0    0.0    0.0      0.0
  SINCE JUN 1      0.0    0.0    0.0      0.0
  SINCE JUL 1      0.0    0.0    0.0      0.0
  SNOW DEPTH       0

DEGREE DAYS
 HEATING
  YESTERDAY        0      0      0        0
  MONTH TO DATE   13      0     13        0
  SINCE JUN 1     46     49     -3       62
  SINCE JUL 1     13      0     13        0

 COOLING
  YESTERDAY       16      7      9        4
  MONTH TO DATE   90    151    -61      215
  SINCE JUN 1    202    278    -76      327
  SINCE JAN 1    239    311    -72      350
...............................................







THE CHANHASSEN MN CLIMATE NORMALS FOR TODAY
                         NORMAL
 MAXIMUM TEMPERATURE (F)   82
 MINIMUM TEMPERATURE (F)   62



-  INDICATES NEGATIVE NUMBERS.
R  INDICATES RECORD WAS SET OR TIED.
MM INDICATES DATA IS MISSING.
T  INDICATES TRACE AMOUNT.




$$
