000
CDUS43 KMPX 180750
CLIMPX


CLIMATE REPORT
NATIONAL WEATHER SERVICE CHANHASSEN MN
250 AM CDT MON AUG 18 2014


...................................

...THE CHANHASSEN MN CLIMATE SUMMARY FOR AUGUST 17 2014...

CLIMATE NORMAL PERIOD 1981 TO 2010
CLIMATE RECORD PERIOD 1995 TO 2014


WEATHER ITEM   OBSERVED NORMAL DEPARTURE LAST
                VALUE   VALUE  FROM      YEAR
                               NORMAL
...............................................
TEMPERATURE (F)
 YESTERDAY
  MAXIMUM         80     80      0       80
  MINIMUM         67     61      6       53
  AVERAGE         74     70      4       67

PRECIPITATION (IN)
  YESTERDAY        0.75   0.14   0.61     0.00
  MONTH TO DATE    0.93   2.22  -1.29     1.65
  SINCE JUN 1     14.68   9.83   4.85    12.62
  SINCE JAN 1     30.58  20.08  10.50    28.12

SNOWFALL (IN)
  YESTERDAY        0.0    0.0    0.0      0.0
  MONTH TO DATE    0.0    0.0    0.0      0.0
  SINCE JUN 1      0.0    0.0    0.0      0.0
  SINCE JUL 1      0.0    0.0    0.0      0.0
  SNOW DEPTH       0

DEGREE DAYS
 HEATING
  YESTERDAY        0      0      0        0
  MONTH TO DATE    0      0      0        5
  SINCE JUN 1     46     57    -11       83
  SINCE JUL 1     13      8      5       21

 COOLING
  YESTERDAY        9      6      3        2
  MONTH TO DATE  106    108     -2       32
  SINCE JUN 1    360    460   -100      383
  SINCE JAN 1    397    493    -96      406
...............................................







THE CHANHASSEN MN CLIMATE NORMALS FOR TODAY
                         NORMAL
 MAXIMUM TEMPERATURE (F)   80
 MINIMUM TEMPERATURE (F)   60



-  INDICATES NEGATIVE NUMBERS.
R  INDICATES RECORD WAS SET OR TIED.
MM INDICATES DATA IS MISSING.
T  INDICATES TRACE AMOUNT.




$$
