000
CDUS43 KMPX 242227
CLIMPX


CLIMATE REPORT
NATIONAL WEATHER SERVICE CHANHASSEN MN
427 PM CST MON NOV 24 2014


...................................

...THE CHANHASSEN MN CLIMATE SUMMARY FOR NOVEMBER 24 2014...
VALID AS OF 0400 PM LOCAL TIME.

CLIMATE NORMAL PERIOD 1981 TO 2010
CLIMATE RECORD PERIOD 1995 TO 2014


WEATHER ITEM   OBSERVED NORMAL DEPARTURE LAST
                VALUE   VALUE  FROM      YEAR
                               NORMAL
...............................................
TEMPERATURE (F)
 TODAY
  MAXIMUM         31     35     -4       30
  MINIMUM         15     20     -5        4
  AVERAGE         23     28     -5       17

PRECIPITATION (IN)
  TODAY            0.01   0.06  -0.05     0.00
  MONTH TO DATE    0.48   1.61  -1.13     0.51
  SINCE SEP 1      2.70   7.55  -4.85     5.61
  SINCE JAN 1     35.21  29.55   5.66    33.82

SNOWFALL (IN)
  TODAY            0.3    0.3    0.0      0.0
  MONTH TO DATE    5.0    3.6    1.4      1.8
  SINCE SEP 1      5.0    4.0    1.0      1.8
  SINCE JUL 1      5.0    4.0    1.0      1.8
  SNOW DEPTH       T

DEGREE DAYS
 HEATING
  TODAY           42     37      5       48
  MONTH TO DATE  918    733    185      766
  SINCE SEP 1   1619   1446    173     1445
  SINCE JUL 1   1635   1469    166     1466

 COOLING
  TODAY            0      0      0        0
  MONTH TO DATE    0      0      0        0
  SINCE SEP 1     35     52    -17       88
  SINCE JAN 1    514    605    -91      667
...............................................







THE CHANHASSEN MN CLIMATE NORMALS FOR TOMORROW
                         NORMAL
 MAXIMUM TEMPERATURE (F)   34
 MINIMUM TEMPERATURE (F)   20



-  INDICATES NEGATIVE NUMBERS.
R  INDICATES RECORD WAS SET OR TIED.
MM INDICATES DATA IS MISSING.
T  INDICATES TRACE AMOUNT.




$$
