000
CDUS43 KMPX 180631
CLIMPX


CLIMATE REPORT
NATIONAL WEATHER SERVICE CHANHASSEN MN
1230 AM CST SAT FEB 18 2017


...................................

...THE CHANHASSEN MN CLIMATE SUMMARY FOR FEBRUARY 17 2017...

CLIMATE NORMAL PERIOD 1981 TO 2010
CLIMATE RECORD PERIOD 1995 TO 2017


WEATHER ITEM   OBSERVED TIME   RECORD YEAR NORMAL DEPARTURE LAST
                VALUE   (LST)  VALUE       VALUE  FROM      YEAR
                                                  NORMAL
..................................................................
TEMPERATURE (F)
 YESTERDAY
  MAXIMUM         62R       MM  44    2002  28     34       29
  MINIMUM         27        MM -15    2006  11     16        9
  AVERAGE         45                        20     25       19

PRECIPITATION (IN)
  YESTERDAY        0.00          T    2005   0.04  -0.04     0.00
                                      2005
                                      2015
  MONTH TO DATE    0.04                      0.53  -0.49     0.78
  SINCE DEC 1      3.17                      2.65   0.52     3.06
  SINCE JAN 1      0.92                      1.40  -0.48     1.09

SNOWFALL (IN)
  YESTERDAY        0.0           T    2015   0.3   -0.3      0.0
                                      2008
                                      2007
  MONTH TO DATE    T                         5.9   -5.9     12.4
  SINCE DEC 1     27.3                      30.1   -2.8     26.4
  SINCE JUL 1     32.4                      35.9   -3.5     29.4
  SNOW DEPTH       0

DEGREE DAYS
 HEATING
  YESTERDAY       20                        45    -25       46
  MONTH TO DATE  678                       809   -131      840
  SINCE DEC 1   3533                      3833   -300     3499
  SINCE JUL 1   4756                      5540   -784     4831

 COOLING
  YESTERDAY        0                         0      0        0
  MONTH TO DATE    0                         0      0        0
  SINCE DEC 1      0                         0      0        0
  SINCE JAN 1      0                         0      0        0
..................................................................


WIND (MPH)
  HIGHEST WIND SPEED    MM   HIGHEST WIND DIRECTION    MM
  HIGHEST GUST SPEED    MM   HIGHEST GUST DIRECTION    MM
  AVERAGE WIND SPEED    MM


SKY COVER
  POSSIBLE SUNSHINE  MM
  AVERAGE SKY COVER  MM


WEATHER CONDITIONS
 THE FOLLOWING WEATHER WAS RECORDED YESTERDAY.
  NO SIGNIFICANT WEATHER WAS OBSERVED.


RELATIVE HUMIDITY (PERCENT)
 HIGHEST    MM
 LOWEST     MM
 AVERAGE    MM

..........................................................


THE CHANHASSEN MN CLIMATE NORMALS FOR TODAY
                         NORMAL    RECORD    YEAR
 MAXIMUM TEMPERATURE (F)   29        48      2002
 MINIMUM TEMPERATURE (F)   11       -15      2006


SUNRISE AND SUNSET
FEBRUARY 18 2017......SUNRISE   710 AM CST   SUNSET   547 PM CST
FEBRUARY 19 2017......SUNRISE   708 AM CST   SUNSET   549 PM CST


-  INDICATES NEGATIVE NUMBERS.
R  INDICATES RECORD WAS SET OR TIED.
MM INDICATES DATA IS MISSING.
T  INDICATES TRACE AMOUNT.




$$
