000
CDUS43 KMPX 150632
CLIMPX


CLIMATE REPORT
NATIONAL WEATHER SERVICE CHANHASSEN MN
1230 AM CST WED NOV 15 2017


...................................

...THE CHANHASSEN MN CLIMATE SUMMARY FOR NOVEMBER 14 2017...

CLIMATE NORMAL PERIOD 1981 TO 2010
CLIMATE RECORD PERIOD 1995 TO 2017


WEATHER ITEM   OBSERVED TIME   RECORD YEAR NORMAL DEPARTURE LAST
                VALUE   (LST)  VALUE       VALUE  FROM      YEAR
                                                  NORMAL
..................................................................
TEMPERATURE (F)
 YESTERDAY
  MAXIMUM         44        MM  MM      MM  41      3       50
  MINIMUM         39        MM  MM      MM  26     13       33
  AVERAGE         42                        34      8       42

PRECIPITATION (IN)
  YESTERDAY        0.03         MM      MM   0.06  -0.03     0.00
  MONTH TO DATE    0.23                      0.95  -0.72     0.00
  SINCE SEP 1      7.67                      6.89   0.78     8.61
  SINCE JAN 1     37.21                     28.89   8.32    36.57

SNOWFALL (IN)
  YESTERDAY        0.0          MM      MM   0.2   -0.2      0.0
  MONTH TO DATE    1.1                       1.5   -0.4      0.0
  SINCE SEP 1      1.8                       1.9   -0.1      0.0
  SINCE JUL 1      1.8                       1.9   -0.1      0.0
  SNOW DEPTH       0

DEGREE DAYS
 HEATING
  YESTERDAY       23                        31     -8       23
  MONTH TO DATE  480                       386     94      228
  SINCE SEP 1   1091                      1099     -8      742
  SINCE JUL 1   1112                      1122    -10      755

 COOLING
  YESTERDAY        0                         0      0        0
  MONTH TO DATE    0                         0      0        0
  SINCE SEP 1     80                        52     28       45
  SINCE JAN 1    478                       605   -127      631
..................................................................


WIND (MPH)
  HIGHEST WIND SPEED    MM   HIGHEST WIND DIRECTION    MM
  HIGHEST GUST SPEED    MM   HIGHEST GUST DIRECTION    MM
  AVERAGE WIND SPEED    MM


SKY COVER
  POSSIBLE SUNSHINE  MM
  AVERAGE SKY COVER  MM


WEATHER CONDITIONS
 THE FOLLOWING WEATHER WAS RECORDED YESTERDAY.
  NO SIGNIFICANT WEATHER WAS OBSERVED.


RELATIVE HUMIDITY (PERCENT)
 HIGHEST    MM
 LOWEST     MM
 AVERAGE    MM

..........................................................


THE CHANHASSEN MN CLIMATE NORMALS FOR TODAY
                         NORMAL    RECORD    YEAR
 MAXIMUM TEMPERATURE (F)   41        MM        MM
 MINIMUM TEMPERATURE (F)   26        MM        MM


SUNRISE AND SUNSET
NOVEMBER 15 2017......SUNRISE   712 AM CST   SUNSET   445 PM CST
NOVEMBER 16 2017......SUNRISE   713 AM CST   SUNSET   445 PM CST


-  INDICATES NEGATIVE NUMBERS.
R  INDICATES RECORD WAS SET OR TIED.
MM INDICATES DATA IS MISSING.
T  INDICATES TRACE AMOUNT.




$$
