000
CDUS43 KMPX 220629
CLIMPX


CLIMATE REPORT
NATIONAL WEATHER SERVICE CHANHASSEN MN
129 AM CDT TUE APR 22 2014


...................................

...THE CHANHASSEN MN CLIMATE SUMMARY FOR APRIL 21 2014...

CLIMATE NORMAL PERIOD 1981 TO 2010
CLIMATE RECORD PERIOD 1995 TO 2014


WEATHER ITEM   OBSERVED NORMAL DEPARTURE LAST
                VALUE   VALUE  FROM      YEAR
                               NORMAL
...............................................
TEMPERATURE (F)
 YESTERDAY
  MAXIMUM         65     60      5       49
  MINIMUM         41     38      3       32
  AVERAGE         53     49      4       41

PRECIPITATION (IN)
  YESTERDAY        0.19   0.10   0.09     0.15
  MONTH TO DATE    1.86   2.02  -0.16     5.00
  SINCE MAR 1      2.55   3.80  -1.25     6.64
  SINCE JAN 1      5.46   5.61  -0.15     8.35

SNOWFALL (IN)
  YESTERDAY        0.0    0.0    0.0      0.3
  MONTH TO DATE   10.8    2.9    7.9     18.1
  SINCE MAR 1     14.2   13.7    0.5     29.6
  SINCE JUL 1     69.5   53.4   16.1     67.2
  SNOW DEPTH       0

DEGREE DAYS
 HEATING
  YESTERDAY       12     16     -4       24
  MONTH TO DATE  506    436     70      631
  SINCE MAR 1   1774   1482    292     1876
  SINCE JUL 1   8657   7497   1160     7698

 COOLING
  YESTERDAY        0      0      0        0
  MONTH TO DATE    0      0      0        0
  SINCE MAR 1      0      0      0        0
  SINCE JAN 1      0      0      0        0
...............................................







THE CHANHASSEN MN CLIMATE NORMALS FOR TODAY
                         NORMAL
 MAXIMUM TEMPERATURE (F)   61
 MINIMUM TEMPERATURE (F)   39



-  INDICATES NEGATIVE NUMBERS.
R  INDICATES RECORD WAS SET OR TIED.
MM INDICATES DATA IS MISSING.
T  INDICATES TRACE AMOUNT.




$$
