000
CDUS43 KMPX 012241
CLIMPX


CLIMATE REPORT
NATIONAL WEATHER SERVICE CHANHASSEN MN
440 PM CST SUN MAR 1 2015


...................................

...THE CHANHASSEN MN CLIMATE SUMMARY FOR MARCH 1 2015...
VALID AS OF 0400 PM LOCAL TIME.

CLIMATE NORMAL PERIOD 1981 TO 2010
CLIMATE RECORD PERIOD 1995 TO 2015


WEATHER ITEM   OBSERVED TIME   RECORD YEAR NORMAL DEPARTURE LAST
                VALUE   (LST)  VALUE       VALUE  FROM      YEAR
                                                  NORMAL
..................................................................
TEMPERATURE (F)
 TODAY
  MAXIMUM         27        MM  MM      MM  33     -6        5
  MINIMUM         12        MM  MM      MM  16     -4      -10
  AVERAGE         20                        24     -4       -2

PRECIPITATION (IN)
  TODAY            T            MM      MM   0.04  -0.04      T
  MONTH TO DATE    T                         0.04  -0.04      T
  SINCE MAR 1      T                         0.04  -0.04      T
  SINCE JAN 1      0.72                      1.85  -1.13     2.91

SNOWFALL (IN)
  TODAY            T            MM      MM   0.4   -0.4       T
  MONTH TO DATE    T                         0.4   -0.4       T
  SINCE MAR 1      T                         0.4   -0.4       T
  SINCE JUL 1     24.1                      40.1  -16.0     55.3
  SNOW DEPTH       T

DEGREE DAYS
 HEATING
  TODAY           45                        41      4       67
  MONTH TO DATE   45                        41      4       67
  SINCE MAR 1     45                        41      4       67
  SINCE JUL 1   6303                      6056    247     6950

 COOLING
  TODAY            0                         0      0        0
  MONTH TO DATE    0                         0      0        0
  SINCE MAR 1      0                         0      0        0
  SINCE JAN 1      0                         0      0        0
..................................................................




SKY COVER
  POSSIBLE SUNSHINE  MM
  AVERAGE SKY COVER  MM


WEATHER CONDITIONS
 THE FOLLOWING WEATHER WAS RECORDED TODAY.
  NO SIGNIFICANT WEATHER WAS OBSERVED.


RELATIVE HUMIDITY (PERCENT)
 HIGHEST    MM
 LOWEST     MM
 AVERAGE    MM

..........................................................


THE CHANHASSEN MN CLIMATE NORMALS FOR TOMORROW
                         NORMAL    RECORD    YEAR
 MAXIMUM TEMPERATURE (F)   33        MM        MM
 MINIMUM TEMPERATURE (F)   16        MM        MM


SUNRISE AND SUNSET
MARCH  1 2015.........SUNRISE   652 AM CST   SUNSET   602 PM CST
MARCH  2 2015.........SUNRISE   651 AM CST   SUNSET   603 PM CST


-  INDICATES NEGATIVE NUMBERS.
R  INDICATES RECORD WAS SET OR TIED.
MM INDICATES DATA IS MISSING.
T  INDICATES TRACE AMOUNT.




$$
