000
CDUS43 KMPX 200632
CLIMPX


CLIMATE REPORT
NATIONAL WEATHER SERVICE CHANHASSEN MN
132 AM CDT THU JUL 20 2017


...................................

...THE CHANHASSEN MN CLIMATE SUMMARY FOR JULY 19 2017...

CLIMATE NORMAL PERIOD 1981 TO 2010
CLIMATE RECORD PERIOD 1995 TO 2017


WEATHER ITEM   OBSERVED TIME   RECORD YEAR NORMAL DEPARTURE LAST
                VALUE   (LST)  VALUE       VALUE  FROM      YEAR
                                                  NORMAL
..................................................................
TEMPERATURE (F)
 YESTERDAY
  MAXIMUM         MM        MM  MM      MM  82     MM       84
  MINIMUM         MM        MM  MM      MM  62     MM       63
  AVERAGE         MM                        72     MM       74

PRECIPITATION (IN)
  YESTERDAY       MM            MM      MM   0.10  MM        0.00
  MONTH TO DATE    0.86                      2.22  -1.36     2.92
  SINCE JUN 1      6.18                      6.24  -0.06     7.50
  SINCE JAN 1     18.60                     16.49   2.11    15.75

SNOWFALL (IN)
  YESTERDAY       MM            MM      MM   0.0   MM        0.0
  MONTH TO DATE    0.0                       0.0    0.0      0.0
  SINCE JUN 1      T                         0.0    0.0       T
  SINCE JUL 1      0.0                       0.0    0.0      0.0
  SNOW DEPTH      MM

DEGREE DAYS
 HEATING
  YESTERDAY       MM                         0     MM        0
  MONTH TO DATE    2                         0      2        3
  SINCE JUN 1     41                        49     -8       24
  SINCE JUL 1      2                         0      2        3

 COOLING
  YESTERDAY       MM                         7     MM        9
  MONTH TO DATE  128                       137     -9      112
  SINCE JUN 1    245                       264    -19      251
  SINCE JAN 1    258                       297    -39      293
..................................................................


WIND (MPH)
  HIGHEST WIND SPEED    MM   HIGHEST WIND DIRECTION    MM
  HIGHEST GUST SPEED    MM   HIGHEST GUST DIRECTION    MM
  AVERAGE WIND SPEED    MM


SKY COVER
  POSSIBLE SUNSHINE  MM
  AVERAGE SKY COVER  MM


WEATHER CONDITIONS
 THE FOLLOWING WEATHER WAS RECORDED YESTERDAY.
  NO SIGNIFICANT WEATHER WAS OBSERVED.


RELATIVE HUMIDITY (PERCENT)
 HIGHEST    MM
 LOWEST     MM
 AVERAGE    MM

..........................................................


THE CHANHASSEN MN CLIMATE NORMALS FOR TODAY
                         NORMAL    RECORD    YEAR
 MAXIMUM TEMPERATURE (F)   82        MM        MM
 MINIMUM TEMPERATURE (F)   62        MM        MM


SUNRISE AND SUNSET
JULY 20 2017..........SUNRISE   548 AM CDT   SUNSET   853 PM CDT
JULY 21 2017..........SUNRISE   549 AM CDT   SUNSET   852 PM CDT


-  INDICATES NEGATIVE NUMBERS.
R  INDICATES RECORD WAS SET OR TIED.
MM INDICATES DATA IS MISSING.
T  INDICATES TRACE AMOUNT.




$$
