000
CDUS43 KMPX 270628
CLIMPX


CLIMATE REPORT
NATIONAL WEATHER SERVICE CHANHASSEN MN
1227 AM CST FRI FEB 27 2015


...................................

...THE CHANHASSEN MN CLIMATE SUMMARY FOR FEBRUARY 26 2015...

CLIMATE NORMAL PERIOD 1981 TO 2010
CLIMATE RECORD PERIOD 1995 TO 2015


WEATHER ITEM   OBSERVED TIME   RECORD YEAR NORMAL DEPARTURE LAST
                VALUE   (LST)  VALUE       VALUE  FROM      YEAR
                                                  NORMAL
..................................................................
TEMPERATURE (F)
 YESTERDAY
  MAXIMUM          8        MM  MM      MM  32    -24       19
  MINIMUM         -6        MM  MM      MM  15    -21      -15
  AVERAGE          1                        23    -22        2

PRECIPITATION (IN)
  YESTERDAY        0.00         MM      MM   0.05  -0.05      T
  MONTH TO DATE    0.35                      0.86  -0.51     1.58
  SINCE DEC 1      1.69                      2.98  -1.29     4.16
  SINCE JAN 1      0.72                      1.73  -1.01     2.90

SNOWFALL (IN)
  YESTERDAY        0.0          MM      MM   0.4   -0.4       T
  MONTH TO DATE    4.8                       9.0   -4.2     18.1
  SINCE DEC 1     16.0                      33.2  -17.2     53.2
  SINCE JUL 1     24.1                      39.0  -14.9     55.0
  SNOW DEPTH       1

DEGREE DAYS
 HEATING
  YESTERDAY       64                        42     22       63
  MONTH TO DATE 1419                      1201    218     1495
  SINCE DEC 1   4201                      4225    -24     5023
  SINCE JUL 1   6138                      5932    206     6745

 COOLING
  YESTERDAY        0                         0      0        0
  MONTH TO DATE    0                         0      0        0
  SINCE DEC 1      0                         0      0        0
  SINCE JAN 1      0                         0      0        0
..................................................................


WIND (MPH)
  HIGHEST WIND SPEED    MM   HIGHEST WIND DIRECTION    MM
  HIGHEST GUST SPEED    MM   HIGHEST GUST DIRECTION    MM
  AVERAGE WIND SPEED    MM


SKY COVER
  POSSIBLE SUNSHINE  MM
  AVERAGE SKY COVER  MM


WEATHER CONDITIONS
 THE FOLLOWING WEATHER WAS RECORDED YESTERDAY.
  NO SIGNIFICANT WEATHER WAS OBSERVED.


RELATIVE HUMIDITY (PERCENT)
 HIGHEST    MM
 LOWEST     MM
 AVERAGE    MM

..........................................................


THE CHANHASSEN MN CLIMATE NORMALS FOR TODAY
                         NORMAL    RECORD    YEAR
 MAXIMUM TEMPERATURE (F)   32        MM        MM
 MINIMUM TEMPERATURE (F)   15        MM        MM


SUNRISE AND SUNSET
FEBRUARY 27 2015......SUNRISE   656 AM CST   SUNSET   559 PM CST
FEBRUARY 28 2015......SUNRISE   654 AM CST   SUNSET   600 PM CST


-  INDICATES NEGATIVE NUMBERS.
R  INDICATES RECORD WAS SET OR TIED.
MM INDICATES DATA IS MISSING.
T  INDICATES TRACE AMOUNT.




$$
