000
CDUS43 KMPX 040748
CLIMPX


CLIMATE REPORT
NATIONAL WEATHER SERVICE CHANHASSEN MN
148 AM CST THU FEB 4 2016


...................................

...THE CHANHASSEN MN CLIMATE SUMMARY FOR FEBRUARY 3 2016...

CLIMATE NORMAL PERIOD 1981 TO 2010
CLIMATE RECORD PERIOD 1995 TO 2016


WEATHER ITEM   OBSERVED TIME   RECORD YEAR NORMAL DEPARTURE LAST
                VALUE   (LST)  VALUE       VALUE  FROM      YEAR
                                                  NORMAL
..................................................................
TEMPERATURE (F)
 YESTERDAY
  MAXIMUM         21        MM  MM      MM  25     -4       16
  MINIMUM          4        MM  MM      MM   7     -3        3
  AVERAGE         13                        16     -3       10

PRECIPITATION (IN)
  YESTERDAY        0.15         MM      MM   0.03   0.12     0.11
  MONTH TO DATE    0.70                      0.09   0.61     0.11
  SINCE DEC 1      2.98                      2.21   0.77     1.45
  SINCE JAN 1      1.01                      0.96   0.05     0.48

SNOWFALL (IN)
  YESTERDAY        2.1          MM      MM   0.4    1.7      2.2
  MONTH TO DATE   10.4                       1.1    9.3      2.3
  SINCE DEC 1     24.4                      25.3   -0.9     13.5
  SINCE JUL 1     27.4                      31.1   -3.7     21.6
  SNOW DEPTH      10

DEGREE DAYS
 HEATING
  YESTERDAY       52                        49      3       55
  MONTH TO DATE  133                       148    -15      167
  SINCE DEC 1   2792                      3172   -380     2949
  SINCE JUL 1   4124                      4879   -755     4886

 COOLING
  YESTERDAY        0                         0      0        0
  MONTH TO DATE    0                         0      0        0
  SINCE DEC 1      0                         0      0        0
  SINCE JAN 1      0                         0      0        0
..................................................................


WIND (MPH)
  HIGHEST WIND SPEED    MM   HIGHEST WIND DIRECTION    MM
  HIGHEST GUST SPEED    MM   HIGHEST GUST DIRECTION    MM
  AVERAGE WIND SPEED    MM


SKY COVER
  POSSIBLE SUNSHINE  MM
  AVERAGE SKY COVER  MM


WEATHER CONDITIONS
 THE FOLLOWING WEATHER WAS RECORDED YESTERDAY.
  NO SIGNIFICANT WEATHER WAS OBSERVED.


RELATIVE HUMIDITY (PERCENT)
 HIGHEST    MM
 LOWEST     MM
 AVERAGE    MM

..........................................................


THE CHANHASSEN MN CLIMATE NORMALS FOR TODAY
                         NORMAL    RECORD    YEAR
 MAXIMUM TEMPERATURE (F)   25        MM        MM
 MINIMUM TEMPERATURE (F)    7        MM        MM


SUNRISE AND SUNSET
FEBRUARY  4 2016......SUNRISE   731 AM CST   SUNSET   526 PM CST
FEBRUARY  5 2016......SUNRISE   729 AM CST   SUNSET   528 PM CST


-  INDICATES NEGATIVE NUMBERS.
R  INDICATES RECORD WAS SET OR TIED.
MM INDICATES DATA IS MISSING.
T  INDICATES TRACE AMOUNT.




$$
