151
CDUS43 KMPX 211042
CLIMPX


CLIMATE REPORT
NATIONAL WEATHER SERVICE CHANHASSEN MN
442 AM CST TUE FEB 21 2017


...................................

...THE CHANHASSEN MN CLIMATE SUMMARY FOR FEBRUARY 20 2017...

CLIMATE NORMAL PERIOD 1981 TO 2010
CLIMATE RECORD PERIOD 1995 TO 2017


WEATHER ITEM   OBSERVED TIME   RECORD YEAR NORMAL DEPARTURE LAST
                VALUE   (LST)  VALUE       VALUE  FROM      YEAR
                                                  NORMAL
..................................................................
TEMPERATURE (F)
 YESTERDAY
  MAXIMUM         54R       MM  54    2017  29     25       42
  MINIMUM         38        MM -14    2008  12     26       27
  AVERAGE         46                        21     25       35

PRECIPITATION (IN)
  YESTERDAY        0.68          0.87 2011   0.04   0.64     0.00
  MONTH TO DATE    0.72                      0.63   0.09     1.14
  SINCE DEC 1      3.85                      2.75   1.10     3.42
  SINCE JAN 1      1.60                      1.50   0.10     1.45

SNOWFALL (IN)
  YESTERDAY        0.0          11.0  2011   0.3   -0.3      0.0
  MONTH TO DATE    T                         6.9   -6.9     12.4
  SINCE DEC 1     27.3                      31.1   -3.8     26.4
  SINCE JUL 1     32.4                      36.9   -4.5     29.4
  SNOW DEPTH       0

DEGREE DAYS
 HEATING
  YESTERDAY       19                        44    -25       30
  MONTH TO DATE  739                       943   -204      928
  SINCE DEC 1   3594                      3967   -373     3587
  SINCE JUL 1   4817                      5674   -857     4919

 COOLING
  YESTERDAY        0                         0      0        0
  MONTH TO DATE    0                         0      0        0
  SINCE DEC 1      0                         0      0        0
  SINCE JAN 1      0                         0      0        0
..................................................................


WIND (MPH)
  HIGHEST WIND SPEED    MM   HIGHEST WIND DIRECTION    MM
  HIGHEST GUST SPEED    MM   HIGHEST GUST DIRECTION    MM
  AVERAGE WIND SPEED    MM


SKY COVER
  POSSIBLE SUNSHINE  MM
  AVERAGE SKY COVER  MM


WEATHER CONDITIONS
 THE FOLLOWING WEATHER WAS RECORDED YESTERDAY.
  NO SIGNIFICANT WEATHER WAS OBSERVED.


RELATIVE HUMIDITY (PERCENT)
 HIGHEST    MM
 LOWEST     MM
 AVERAGE    MM

..........................................................


THE CHANHASSEN MN CLIMATE NORMALS FOR TODAY
                         NORMAL    RECORD    YEAR
 MAXIMUM TEMPERATURE (F)   30        44      2007
 MINIMUM TEMPERATURE (F)   13       -15      2001


SUNRISE AND SUNSET
FEBRUARY 21 2017......SUNRISE   705 AM CST   SUNSET   551 PM CST
FEBRUARY 22 2017......SUNRISE   703 AM CST   SUNSET   553 PM CST


-  INDICATES NEGATIVE NUMBERS.
R  INDICATES RECORD WAS SET OR TIED.
MM INDICATES DATA IS MISSING.
T  INDICATES TRACE AMOUNT.




$$
