000
CDUS43 KMPX 230642
CLIMPX


CLIMATE REPORT
NATIONAL WEATHER SERVICE CHANHASSEN MN
1241 AM CST SUN NOV 23 2014


...................................

...THE CHANHASSEN MN CLIMATE SUMMARY FOR NOVEMBER 22 2014...

CLIMATE NORMAL PERIOD 1981 TO 2010
CLIMATE RECORD PERIOD 1995 TO 2014


WEATHER ITEM   OBSERVED NORMAL DEPARTURE LAST
                VALUE   VALUE  FROM      YEAR
                               NORMAL
...............................................
TEMPERATURE (F)
 YESTERDAY
  MAXIMUM         43     36      7       34
  MINIMUM         32     22     10       10
  AVERAGE         38     29      9       22

PRECIPITATION (IN)
  YESTERDAY        0.00   0.06  -0.06      T
  MONTH TO DATE    0.46   1.49  -1.03     0.51
  SINCE SEP 1      2.68   7.43  -4.75     5.61
  SINCE JAN 1     35.19  29.43   5.76    33.82

SNOWFALL (IN)
  YESTERDAY        0.0    0.2   -0.2       T
  MONTH TO DATE    4.6    3.1    1.5      1.8
  SINCE SEP 1      4.6    3.5    1.1      1.8
  SINCE JUL 1      4.6    3.5    1.1      1.8
  SNOW DEPTH       2

DEGREE DAYS
 HEATING
  YESTERDAY       27     36     -9       43
  MONTH TO DATE  851    659    192      664
  SINCE SEP 1   1552   1372    180     1343
  SINCE JUL 1   1568   1395    173     1364

 COOLING
  YESTERDAY        0      0      0        0
  MONTH TO DATE    0      0      0        0
  SINCE SEP 1     35     52    -17       88
  SINCE JAN 1    514    605    -91      667
...............................................







THE CHANHASSEN MN CLIMATE NORMALS FOR TODAY
                         NORMAL
 MAXIMUM TEMPERATURE (F)   35
 MINIMUM TEMPERATURE (F)   21



-  INDICATES NEGATIVE NUMBERS.
R  INDICATES RECORD WAS SET OR TIED.
MM INDICATES DATA IS MISSING.
T  INDICATES TRACE AMOUNT.




$$
