993
CDUS43 KMPX 120639
CLIMPX


CLIMATE REPORT
NATIONAL WEATHER SERVICE CHANHASSEN MN
1239 AM CST FRI JAN 12 2018


...................................

...THE CHANHASSEN MN CLIMATE SUMMARY FOR JANUARY 11 2018...

CLIMATE NORMAL PERIOD 1981 TO 2010
CLIMATE RECORD PERIOD 1995 TO 2018


WEATHER ITEM   OBSERVED TIME   RECORD YEAR NORMAL DEPARTURE LAST
                VALUE   (LST)  VALUE       VALUE  FROM      YEAR
                                                  NORMAL
..................................................................
TEMPERATURE (F)
 YESTERDAY
  MAXIMUM         34        MM  44    2002  23     11        8
  MINIMUM         -5        MM -12    2016   5    -10        2
  AVERAGE         15                        14      1        5

PRECIPITATION (IN)
  YESTERDAY        0.17R         0.11 2011   0.03   0.14     0.08
  MONTH TO DATE    0.18                      0.34  -0.16     0.35
  SINCE DEC 1      0.83                      1.59  -0.76     2.60
  SINCE JAN 1      0.18                      0.34  -0.16     0.35

SNOWFALL (IN)
  YESTERDAY        2.0 R         1.7  2017   0.3    1.7      1.7
  MONTH TO DATE    2.1                       3.6   -1.5      4.5
  SINCE DEC 1      8.7                      17.5   -8.8     22.9
  SINCE JUL 1     10.5                      23.3  -12.8     28.0
  SNOW DEPTH       T

DEGREE DAYS
 HEATING
  YESTERDAY       50                        51     -1       60
  MONTH TO DATE  599                       559     40      616
  SINCE DEC 1   2078                      2013     65     2048
  SINCE JUL 1   3691                      3720    -29     3271

 COOLING
  YESTERDAY        0                         0      0        0
  MONTH TO DATE    0                         0      0        0
  SINCE DEC 1      0                         0      0        0
  SINCE JAN 1      0                         0      0        0
..................................................................


WIND (MPH)
  HIGHEST WIND SPEED    MM   HIGHEST WIND DIRECTION    MM
  HIGHEST GUST SPEED    MM   HIGHEST GUST DIRECTION    MM
  AVERAGE WIND SPEED    MM


SKY COVER
  POSSIBLE SUNSHINE  MM
  AVERAGE SKY COVER  MM


WEATHER CONDITIONS
 THE FOLLOWING WEATHER WAS RECORDED YESTERDAY.
  NO SIGNIFICANT WEATHER WAS OBSERVED.


RELATIVE HUMIDITY (PERCENT)
 HIGHEST    MM
 LOWEST     MM
 AVERAGE    MM

..........................................................


THE CHANHASSEN MN CLIMATE NORMALS FOR TODAY
                         NORMAL    RECORD    YEAR
 MAXIMUM TEMPERATURE (F)   23        43      2006
 MINIMUM TEMPERATURE (F)    5       -13      2015


SUNRISE AND SUNSET
JANUARY 12 2018.......SUNRISE   750 AM CST   SUNSET   456 PM CST
JANUARY 13 2018.......SUNRISE   749 AM CST   SUNSET   457 PM CST


-  INDICATES NEGATIVE NUMBERS.
R  INDICATES RECORD WAS SET OR TIED.
MM INDICATES DATA IS MISSING.
T  INDICATES TRACE AMOUNT.




$$
