000
CDUS43 KMPX 160024
CLIMPX


CLIMATE REPORT
NATIONAL WEATHER SERVICE CHANHASSEN MN
724 PM CDT WED MAR 15 2017


...................................

...THE CHANHASSEN MN CLIMATE SUMMARY FOR MARCH 15 2017...
VALID TODAY AS OF 0700 PM LOCAL TIME.

CLIMATE NORMAL PERIOD 1981 TO 2010
CLIMATE RECORD PERIOD 1995 TO 2017


WEATHER ITEM   OBSERVED TIME   RECORD YEAR NORMAL DEPARTURE LAST
                VALUE   (LST)  VALUE       VALUE  FROM      YEAR
                                                  NORMAL
..................................................................
TEMPERATURE (F)
 TODAY
  MAXIMUM         29        MM  MM      MM  39    -10       56
  MINIMUM          6        MM  MM          22    -16       45
  AVERAGE         18                        31    -13       51

PRECIPITATION (IN)
  TODAY            0.00         MM      MM   0.05  -0.05     0.06
  MONTH TO DATE    0.35                      0.67  -0.32     0.10
  SINCE MAR 1      0.35                      0.67  -0.32     0.10
  SINCE JAN 1      1.95                      2.48  -0.53     1.59

SNOWFALL (IN)
  TODAY            0.0          MM      MM   0.4   -0.4      0.0
  MONTH TO DATE    5.5                       5.9   -0.4      0.6
  SINCE MAR 1      5.5                       5.9   -0.4      0.6
  SINCE JUL 1     37.9                      45.6   -7.7     30.5
  SNOW DEPTH       2

DEGREE DAYS
 HEATING
  TODAY           47                        34     13       14
  MONTH TO DATE  598                       564     34      365
  SINCE MAR 1    598                       564     34      365
  SINCE JUL 1   5667                      6579   -912     5580

 COOLING
  TODAY            0                         0      0        0
  MONTH TO DATE    0                         0      0        0
  SINCE MAR 1      0                         0      0        0
  SINCE JAN 1      0                         0      0        0
..................................................................


WIND (MPH)
  HIGHEST WIND SPEED    MM   HIGHEST WIND DIRECTION    MM
  HIGHEST GUST SPEED    MM   HIGHEST GUST DIRECTION    MM
  AVERAGE WIND SPEED    MM


SKY COVER
  POSSIBLE SUNSHINE  MM
  AVERAGE SKY COVER  MM


WEATHER CONDITIONS
 THE FOLLOWING WEATHER WAS RECORDED TODAY.
  NO SIGNIFICANT WEATHER WAS OBSERVED.


RELATIVE HUMIDITY (PERCENT)
 HIGHEST    MM
 LOWEST     MM
 AVERAGE    MM

..........................................................


THE CHANHASSEN MN CLIMATE NORMALS FOR TOMORROW
                         NORMAL    RECORD    YEAR
 MAXIMUM TEMPERATURE (F)   40        MM        MM
 MINIMUM TEMPERATURE (F)   22        MM        MM


SUNRISE AND SUNSET
MARCH 15 2017.........SUNRISE   726 AM CDT   SUNSET   721 PM CDT
MARCH 16 2017.........SUNRISE   724 AM CDT   SUNSET   722 PM CDT


-  INDICATES NEGATIVE NUMBERS.
R  INDICATES RECORD WAS SET OR TIED.
MM INDICATES DATA IS MISSING.
T  INDICATES TRACE AMOUNT.




$$
