000
CDUS43 KMPX 170124
CLIMPX


CLIMATE REPORT
NATIONAL WEATHER SERVICE CHANHASSEN MN
824 PM CDT TUE SEP 16 2014


...................................

...THE CHANHASSEN MN CLIMATE SUMMARY FOR SEPTEMBER 16 2014...
VALID TODAY AS OF 0800 PM LOCAL TIME.

CLIMATE NORMAL PERIOD 1981 TO 2010
CLIMATE RECORD PERIOD 1995 TO 2014


WEATHER ITEM   OBSERVED NORMAL DEPARTURE LAST
                VALUE   VALUE  FROM      YEAR
                               NORMAL
...............................................
TEMPERATURE (F)
 TODAY
  MAXIMUM         67     71     -4       65
  MINIMUM         37     51    -14       41
  AVERAGE         52     61     -9       53

PRECIPITATION (IN)
  TODAY            0.00   0.12  -0.12     0.00
  MONTH TO DATE    0.61   1.96  -1.35     0.99
  SINCE SEP 1      0.61   1.96  -1.35     0.99
  SINCE JAN 1     33.12  23.96   9.16    29.20

SNOWFALL (IN)
  TODAY            0.0    0.0    0.0      0.0
  MONTH TO DATE    0.0    0.0    0.0      0.0
  SINCE SEP 1      0.0    0.0    0.0      0.0
  SINCE JUL 1      0.0    0.0    0.0      0.0
  SNOW DEPTH       0

DEGREE DAYS
 HEATING
  TODAY           13      6      7       12
  MONTH TO DATE  112     57     55       50
  SINCE SEP 1    112     57     55       50
  SINCE JUL 1    128     80     48       71

 COOLING
  TODAY            0      1     -1        0
  MONTH TO DATE   19     37    -18       68
  SINCE SEP 1     19     37    -18       68
  SINCE JAN 1    498    590    -92      647
...............................................







THE CHANHASSEN MN CLIMATE NORMALS FOR TOMORROW
                         NORMAL
 MAXIMUM TEMPERATURE (F)   70
 MINIMUM TEMPERATURE (F)   50



-  INDICATES NEGATIVE NUMBERS.
R  INDICATES RECORD WAS SET OR TIED.
MM INDICATES DATA IS MISSING.
T  INDICATES TRACE AMOUNT.




$$
