450
CDUS43 KMPX 010842
CLIMPX


CLIMATE REPORT
NATIONAL WEATHER SERVICE CHANHASSEN MN
240 AM CST THU DEC 1 2016


...................................

...THE CHANHASSEN MN CLIMATE SUMMARY FOR NOVEMBER 30 2016...

CLIMATE NORMAL PERIOD 1981 TO 2010
CLIMATE RECORD PERIOD 1995 TO 2016


WEATHER ITEM   OBSERVED TIME   RECORD YEAR NORMAL DEPARTURE LAST
                VALUE   (LST)  VALUE       VALUE  FROM      YEAR
                                                  NORMAL
..................................................................
TEMPERATURE (F)
 YESTERDAY
  MAXIMUM         37        MM  MM      MM  31      6       32
  MINIMUM         33        MM  MM      MM  17     16       28
  AVERAGE         35                        24     11       30

PRECIPITATION (IN)
  YESTERDAY        0.06         MM      MM   0.06   0.00     0.29
  MONTH TO DATE    1.71                      1.97  -0.26     4.73
  SINCE SEP 1     10.32                      7.91   2.41    10.46
  SINCE JAN 1     38.28                     29.91   8.37    33.44

SNOWFALL (IN)
  YESTERDAY        T            MM      MM   0.3   -0.3      2.1
  MONTH TO DATE    5.1                       5.4   -0.3      3.0
  SINCE SEP 1      5.1                       5.8   -0.7      3.0
  SINCE JUL 1      5.1                       5.8   -0.7      3.0
  SNOW DEPTH       0

DEGREE DAYS
 HEATING
  YESTERDAY       30                        41    -11       35
  MONTH TO DATE  696                       970   -274      752
  SINCE SEP 1   1210                      1684   -474     1290
  SINCE JUL 1   1223                      1707   -484     1332

 COOLING
  YESTERDAY        0                         0      0        0
  MONTH TO DATE    0                         0      0        0
  SINCE SEP 1     45                        52     -7      119
  SINCE JAN 1    631                       605     26      551
..................................................................


WIND (MPH)
  HIGHEST WIND SPEED    MM   HIGHEST WIND DIRECTION    MM
  HIGHEST GUST SPEED    MM   HIGHEST GUST DIRECTION    MM
  AVERAGE WIND SPEED    MM


SKY COVER
  POSSIBLE SUNSHINE  MM
  AVERAGE SKY COVER  MM


WEATHER CONDITIONS
 THE FOLLOWING WEATHER WAS RECORDED YESTERDAY.
  NO SIGNIFICANT WEATHER WAS OBSERVED.


RELATIVE HUMIDITY (PERCENT)
 HIGHEST    MM
 LOWEST     MM
 AVERAGE    MM

..........................................................


THE CHANHASSEN MN CLIMATE NORMALS FOR TODAY
                         NORMAL    RECORD    YEAR
 MAXIMUM TEMPERATURE (F)   31        MM        MM
 MINIMUM TEMPERATURE (F)   16        MM        MM


SUNRISE AND SUNSET
DECEMBER  1 2016......SUNRISE   732 AM CST   SUNSET   434 PM CST
DECEMBER  2 2016......SUNRISE   733 AM CST   SUNSET   434 PM CST


-  INDICATES NEGATIVE NUMBERS.
R  INDICATES RECORD WAS SET OR TIED.
MM INDICATES DATA IS MISSING.
T  INDICATES TRACE AMOUNT.




$$
