000
CDUS43 KMPX 152138
CLIMPX


CLIMATE REPORT
NATIONAL WEATHER SERVICE CHANHASSEN MN
438 PM CDT WED OCT 15 2014


...................................

...THE CHANHASSEN MN CLIMATE SUMMARY FOR OCTOBER 15 2014...
VALID AS OF 0400 PM LOCAL TIME.

CLIMATE NORMAL PERIOD 1981 TO 2010
CLIMATE RECORD PERIOD 1995 TO 2014


WEATHER ITEM   OBSERVED NORMAL DEPARTURE LAST
                VALUE   VALUE  FROM      YEAR
                               NORMAL
...............................................
TEMPERATURE (F)
 TODAY
  MAXIMUM         63     58      5       52
  MINIMUM         37     38     -1       44
  AVERAGE         50     48      2       48

PRECIPITATION (IN)
  TODAY            0.00   0.09  -0.09     0.62
  MONTH TO DATE    1.03   1.40  -0.37     3.17
  SINCE SEP 1      2.18   4.83  -2.65     4.74
  SINCE JAN 1     34.69  26.83   7.86    32.95

SNOWFALL (IN)
  TODAY            0.0    0.0    0.0      0.0
  MONTH TO DATE    T      0.1   -0.1      0.0
  SINCE SEP 1      T      0.1   -0.1      0.0
  SINCE JUL 1      T      0.1   -0.1      0.0
  SNOW DEPTH       0

DEGREE DAYS
 HEATING
  TODAY           15     17     -2       17
  MONTH TO DATE  259    214     45      159
  SINCE SEP 1    426    390     36      266
  SINCE JUL 1    442    413     29      287

 COOLING
  TODAY            0      0      0        0
  MONTH TO DATE    0      0      0        0
  SINCE SEP 1     35     47    -12       88
  SINCE JAN 1    514    600    -86      667
...............................................







THE CHANHASSEN MN CLIMATE NORMALS FOR TOMORROW
                         NORMAL
 MAXIMUM TEMPERATURE (F)   58
 MINIMUM TEMPERATURE (F)   38



-  INDICATES NEGATIVE NUMBERS.
R  INDICATES RECORD WAS SET OR TIED.
MM INDICATES DATA IS MISSING.
T  INDICATES TRACE AMOUNT.




$$
