000
CDUS43 KMPX 262156
CLIMPX


CLIMATE REPORT
NATIONAL WEATHER SERVICE CHANHASSEN MN
456 PM CDT FRI SEP 26 2014


...................................

...THE CHANHASSEN MN CLIMATE SUMMARY FOR SEPTEMBER 26 2014...
VALID AS OF 0400 PM LOCAL TIME.

CLIMATE NORMAL PERIOD 1981 TO 2010
CLIMATE RECORD PERIOD 1995 TO 2014


WEATHER ITEM   OBSERVED NORMAL DEPARTURE LAST
                VALUE   VALUE  FROM      YEAR
                               NORMAL
...............................................
TEMPERATURE (F)
 TODAY
  MAXIMUM         79     66     13       79
  MINIMUM         55     46      9       55
  AVERAGE         67     56     11       67

PRECIPITATION (IN)
  TODAY            0.00   0.11  -0.11     0.00
  MONTH TO DATE    1.12   3.04  -1.92     1.38
  SINCE SEP 1      1.12   3.04  -1.92     1.38
  SINCE JAN 1     33.63  25.04   8.59    29.59

SNOWFALL (IN)
  TODAY            0.0    0.0    0.0      0.0
  MONTH TO DATE    0.0    0.0    0.0      0.0
  SINCE SEP 1      0.0    0.0    0.0      0.0
  SINCE JUL 1      0.0    0.0    0.0      0.0
  SNOW DEPTH       0

DEGREE DAYS
 HEATING
  TODAY            0     10    -10        0
  MONTH TO DATE  139    134      5       95
  SINCE SEP 1    139    134      5       95
  SINCE JUL 1    155    157     -2      116

 COOLING
  TODAY            2      1      1        2
  MONTH TO DATE   26     47    -21       75
  SINCE SEP 1     26     47    -21       75
  SINCE JAN 1    505    600    -95      654
...............................................







THE CHANHASSEN MN CLIMATE NORMALS FOR TOMORROW
                         NORMAL
 MAXIMUM TEMPERATURE (F)   66
 MINIMUM TEMPERATURE (F)   45



-  INDICATES NEGATIVE NUMBERS.
R  INDICATES RECORD WAS SET OR TIED.
MM INDICATES DATA IS MISSING.
T  INDICATES TRACE AMOUNT.




$$
