000
CDUS43 KMPX 101034
CLIMPX


CLIMATE REPORT
NATIONAL WEATHER SERVICE CHANHASSEN MN
433 AM CST TUE JAN 10 2017


...................................

...THE CHANHASSEN MN CLIMATE SUMMARY FOR JANUARY 9 2017...

CLIMATE NORMAL PERIOD 1981 TO 2010
CLIMATE RECORD PERIOD 1995 TO 2017


WEATHER ITEM   OBSERVED TIME   RECORD YEAR NORMAL DEPARTURE LAST
                VALUE   (LST)  VALUE       VALUE  FROM      YEAR
                                                  NORMAL
..................................................................
TEMPERATURE (F)
 YESTERDAY
  MAXIMUM         25        MM  48    2012  23      2       18
                                      2002
  MINIMUM         15        MM -18    2010   6      9       -8
  AVERAGE         20                        14      6        5

PRECIPITATION (IN)
  YESTERDAY        0.06R         T    2003   0.03   0.03      T
                                      2003
                                      2016
  MONTH TO DATE    0.08                      0.28  -0.20     0.20
  SINCE DEC 1      2.33                      1.53   0.80     2.17
  SINCE JAN 1      0.08                      0.28  -0.20     0.20

SNOWFALL (IN)
  YESTERDAY        0.7 R         T    2016   0.3    0.4       T
                                      2007
                                      2003
  MONTH TO DATE    0.8                       3.0   -2.2      2.4
  SINCE DEC 1     19.2                      16.9    2.3     11.7
  SINCE JUL 1     24.3                      22.7    1.6     14.7
  SNOW DEPTH       3

DEGREE DAYS
 HEATING
  YESTERDAY       45                        51     -6       60
  MONTH TO DATE  505                       457     48      395
  SINCE DEC 1   1937                      1911     26     1523
  SINCE JUL 1   3160                      3618   -458     2855

 COOLING
  YESTERDAY        0                         0      0        0
  MONTH TO DATE    0                         0      0        0
  SINCE DEC 1      0                         0      0        0
  SINCE JAN 1      0                         0      0        0
..................................................................


WIND (MPH)
  HIGHEST WIND SPEED    MM   HIGHEST WIND DIRECTION    MM
  HIGHEST GUST SPEED    MM   HIGHEST GUST DIRECTION    MM
  AVERAGE WIND SPEED    MM


SKY COVER
  POSSIBLE SUNSHINE  MM
  AVERAGE SKY COVER  MM


WEATHER CONDITIONS
 THE FOLLOWING WEATHER WAS RECORDED YESTERDAY.
  NO SIGNIFICANT WEATHER WAS OBSERVED.


RELATIVE HUMIDITY (PERCENT)
 HIGHEST    MM
 LOWEST     MM
 AVERAGE    MM

..........................................................


THE CHANHASSEN MN CLIMATE NORMALS FOR TODAY
                         NORMAL    RECORD    YEAR
 MAXIMUM TEMPERATURE (F)   23        52      2012
 MINIMUM TEMPERATURE (F)    5       -13      2016


SUNRISE AND SUNSET
JANUARY 10 2017.......SUNRISE   750 AM CST   SUNSET   454 PM CST
JANUARY 11 2017.......SUNRISE   750 AM CST   SUNSET   455 PM CST


-  INDICATES NEGATIVE NUMBERS.
R  INDICATES RECORD WAS SET OR TIED.
MM INDICATES DATA IS MISSING.
T  INDICATES TRACE AMOUNT.




$$
