000
CDUS43 KMPX 302126
CLIMPX


CLIMATE REPORT
NATIONAL WEATHER SERVICE CHANHASSEN MN
425 PM CDT THU OCT 30 2014


...................................

...THE CHANHASSEN MN CLIMATE SUMMARY FOR OCTOBER 30 2014...
VALID AS OF 0400 PM LOCAL TIME.

CLIMATE NORMAL PERIOD 1981 TO 2010
CLIMATE RECORD PERIOD 1995 TO 2014


WEATHER ITEM   OBSERVED NORMAL DEPARTURE LAST
                VALUE   VALUE  FROM      YEAR
                               NORMAL
...............................................
TEMPERATURE (F)
 TODAY
  MAXIMUM         48     51     -3       48
  MINIMUM         36     33      3       38
  AVERAGE         42     42      0       43

PRECIPITATION (IN)
  TODAY            T      0.07  -0.07     0.08
  MONTH TO DATE    1.07   2.45  -1.38     3.52
  SINCE SEP 1      2.22   5.88  -3.66     5.09
  SINCE JAN 1     34.73  27.88   6.85    33.30

SNOWFALL (IN)
  TODAY            0.0    0.1   -0.1      0.0
  MONTH TO DATE    T      0.4   -0.4       T
  SINCE SEP 1      T      0.4   -0.4       T
  SINCE JUL 1      T      0.4   -0.4       T
  SNOW DEPTH       0

DEGREE DAYS
 HEATING
  TODAY           23     23      0       22
  MONTH TO DATE  497    513    -16      551
  SINCE SEP 1    664    689    -25      658
  SINCE JUL 1    680    712    -32      679

 COOLING
  TODAY            0      0      0        0
  MONTH TO DATE    0      0      0        0
  SINCE SEP 1     35     47    -12       88
  SINCE JAN 1    514    600    -86      667
...............................................







THE CHANHASSEN MN CLIMATE NORMALS FOR TOMORROW
                         NORMAL
 MAXIMUM TEMPERATURE (F)   50
 MINIMUM TEMPERATURE (F)   33



-  INDICATES NEGATIVE NUMBERS.
R  INDICATES RECORD WAS SET OR TIED.
MM INDICATES DATA IS MISSING.
T  INDICATES TRACE AMOUNT.




$$
