000
CDUS43 KMPX 220844
CLIMPX


CLIMATE REPORT
NATIONAL WEATHER SERVICE CHANHASSEN MN
243 AM CST THU FEB 22 2018


...................................

...THE CHANHASSEN MN CLIMATE SUMMARY FOR FEBRUARY 21 2018...

CLIMATE NORMAL PERIOD 1981 TO 2010
CLIMATE RECORD PERIOD 1995 TO 2018


WEATHER ITEM   OBSERVED TIME   RECORD YEAR NORMAL DEPARTURE LAST
                VALUE   (LST)  VALUE       VALUE  FROM      YEAR
                                                  NORMAL
..................................................................
TEMPERATURE (F)
 YESTERDAY
  MAXIMUM         18        MM  60    2017  30    -12       60
  MINIMUM         -1        MM -15    2001  13    -14       30
  AVERAGE          9                        21    -12       45

PRECIPITATION (IN)
  YESTERDAY        0.00          0.11 2011   0.03  -0.03     0.00
  MONTH TO DATE    0.35                      0.66  -0.31     0.72
  SINCE DEC 1      2.42                      2.78  -0.36     3.85
  SINCE JAN 1      1.77                      1.53   0.24     1.60

SNOWFALL (IN)
  YESTERDAY        0.0           3.1  2009   0.4   -0.4      0.0
  MONTH TO DATE    4.2                       7.3   -3.1       T
  SINCE DEC 1     29.7                      31.5   -1.8     27.3
  SINCE JUL 1     31.5                      37.3   -5.8     32.4
  SNOW DEPTH       4

DEGREE DAYS
 HEATING
  YESTERDAY       56                        44     12       20
  MONTH TO DATE 1156                       987    169      759
  SINCE DEC 1   4196                      4011    185     3614
  SINCE JUL 1   5809                      5718     91     4837

 COOLING
  YESTERDAY        0                         0      0        0
  MONTH TO DATE    0                         0      0        0
  SINCE DEC 1      0                         0      0        0
  SINCE JAN 1      0                         0      0        0
..................................................................


WIND (MPH)
  HIGHEST WIND SPEED    MM   HIGHEST WIND DIRECTION    MM
  HIGHEST GUST SPEED    MM   HIGHEST GUST DIRECTION    MM
  AVERAGE WIND SPEED    MM


SKY COVER
  POSSIBLE SUNSHINE  MM
  AVERAGE SKY COVER  MM


WEATHER CONDITIONS
 THE FOLLOWING WEATHER WAS RECORDED YESTERDAY.
  NO SIGNIFICANT WEATHER WAS OBSERVED.


RELATIVE HUMIDITY (PERCENT)
 HIGHEST    MM
 LOWEST     MM
 AVERAGE    MM

..........................................................


THE CHANHASSEN MN CLIMATE NORMALS FOR TODAY
                         NORMAL    RECORD    YEAR
 MAXIMUM TEMPERATURE (F)   30        56      2017
 MINIMUM TEMPERATURE (F)   13       -10      2015


SUNRISE AND SUNSET
FEBRUARY 22 2018......SUNRISE   704 AM CST   SUNSET   552 PM CST
FEBRUARY 23 2018......SUNRISE   702 AM CST   SUNSET   554 PM CST


-  INDICATES NEGATIVE NUMBERS.
R  INDICATES RECORD WAS SET OR TIED.
MM INDICATES DATA IS MISSING.
T  INDICATES TRACE AMOUNT.




$$
