000
CDUS43 KMPX 130634
CLIMPX


CLIMATE REPORT
NATIONAL WEATHER SERVICE CHANHASSEN MN
1234 AM CST SAT JAN 13 2018


...................................

...THE CHANHASSEN MN CLIMATE SUMMARY FOR JANUARY 12 2018...

CLIMATE NORMAL PERIOD 1981 TO 2010
CLIMATE RECORD PERIOD 1995 TO 2018


WEATHER ITEM   OBSERVED TIME   RECORD YEAR NORMAL DEPARTURE LAST
                VALUE   (LST)  VALUE       VALUE  FROM      YEAR
                                                  NORMAL
..................................................................
TEMPERATURE (F)
 YESTERDAY
  MAXIMUM          1        MM  43    2006  23    -22       12
  MINIMUM        -13R       MM -13    2015   5    -18       -8
  AVERAGE         -6                        14    -20        2

PRECIPITATION (IN)
  YESTERDAY        0.00          T    2004   0.03  -0.03     0.00
                                      2004
                                      2016
  MONTH TO DATE    0.18                      0.37  -0.19     0.35
  SINCE DEC 1      0.83                      1.62  -0.79     2.60
  SINCE JAN 1      0.18                      0.37  -0.19     0.35

SNOWFALL (IN)
  YESTERDAY        0.0           T    2016   0.4   -0.4      0.0
                                      2013
                                      2012
  MONTH TO DATE    2.1                       4.0   -1.9      4.5
  SINCE DEC 1      8.7                      17.9   -9.2     22.9
  SINCE JUL 1     10.5                      23.7  -13.2     28.0
  SNOW DEPTH       2

DEGREE DAYS
 HEATING
  YESTERDAY       71                        51     20       63
  MONTH TO DATE  670                       610     60      679
  SINCE DEC 1   2149                      2064     85     2111
  SINCE JUL 1   3762                      3771     -9     3334

 COOLING
  YESTERDAY        0                         0      0        0
  MONTH TO DATE    0                         0      0        0
  SINCE DEC 1      0                         0      0        0
  SINCE JAN 1      0                         0      0        0
..................................................................


WIND (MPH)
  HIGHEST WIND SPEED    MM   HIGHEST WIND DIRECTION    MM
  HIGHEST GUST SPEED    MM   HIGHEST GUST DIRECTION    MM
  AVERAGE WIND SPEED    MM


SKY COVER
  POSSIBLE SUNSHINE  MM
  AVERAGE SKY COVER  MM


WEATHER CONDITIONS
 THE FOLLOWING WEATHER WAS RECORDED YESTERDAY.
  NO SIGNIFICANT WEATHER WAS OBSERVED.


RELATIVE HUMIDITY (PERCENT)
 HIGHEST    MM
 LOWEST     MM
 AVERAGE    MM

..........................................................


THE CHANHASSEN MN CLIMATE NORMALS FOR TODAY
                         NORMAL    RECORD    YEAR
 MAXIMUM TEMPERATURE (F)   23        35      2002
 MINIMUM TEMPERATURE (F)    5       -21      2009


SUNRISE AND SUNSET
JANUARY 13 2018.......SUNRISE   749 AM CST   SUNSET   457 PM CST
JANUARY 14 2018.......SUNRISE   749 AM CST   SUNSET   458 PM CST


-  INDICATES NEGATIVE NUMBERS.
R  INDICATES RECORD WAS SET OR TIED.
MM INDICATES DATA IS MISSING.
T  INDICATES TRACE AMOUNT.




$$
