724
CDUS43 KMPX 120809
CLIMPX


CLIMATE REPORT
NATIONAL WEATHER SERVICE CHANHASSEN MN
308 AM CDT TUE MAY 12 2015


...................................

...THE CHANHASSEN MN CLIMATE SUMMARY FOR MAY 11 2015...

CLIMATE NORMAL PERIOD 1981 TO 2010
CLIMATE RECORD PERIOD 1995 TO 2015


WEATHER ITEM   OBSERVED TIME   RECORD YEAR NORMAL DEPARTURE LAST
                VALUE   (LST)  VALUE       VALUE  FROM      YEAR
                                                  NORMAL
..................................................................
TEMPERATURE (F)
 YESTERDAY
  MAXIMUM         54        MM  MM      MM  67    -13       68
  MINIMUM         41        MM  MM      MM  46     -5       44
  AVERAGE         48                        57     -9       56

PRECIPITATION (IN)
  YESTERDAY        0.04         MM      MM   0.12  -0.08     0.69
  MONTH TO DATE    1.84                      1.27   0.57     1.81
  SINCE MAR 1      4.84                      6.05  -1.21     9.55
  SINCE JAN 1      5.60                      7.86  -2.26    12.46

SNOWFALL (IN)
  YESTERDAY        0.0          MM      MM   0.1   -0.1      0.0
  MONTH TO DATE    T                         0.3   -0.3       T
  SINCE MAR 1      9.3                      14.5   -5.2     14.2
  SINCE JUL 1     33.4                      54.2  -20.8     69.5
  SNOW DEPTH       0

DEGREE DAYS
 HEATING
  YESTERDAY       17                         9      8        9
  MONTH TO DATE   74                       115    -41      141
  SINCE MAR 1   1550                      1719   -169     2117
  SINCE JUL 1   7808                      7734     74     9000

 COOLING
  YESTERDAY        0                         1     -1        0
  MONTH TO DATE    1                         5     -4        0
  SINCE MAR 1      1                         8     -7        0
  SINCE JAN 1      1                         8     -7        0
..................................................................


WIND (MPH)
  HIGHEST WIND SPEED    MM   HIGHEST WIND DIRECTION    MM
  HIGHEST GUST SPEED    MM   HIGHEST GUST DIRECTION    MM
  AVERAGE WIND SPEED    MM


SKY COVER
  POSSIBLE SUNSHINE  MM
  AVERAGE SKY COVER  MM


WEATHER CONDITIONS
 THE FOLLOWING WEATHER WAS RECORDED YESTERDAY.
  NO SIGNIFICANT WEATHER WAS OBSERVED.


RELATIVE HUMIDITY (PERCENT)
 HIGHEST    MM
 LOWEST     MM
 AVERAGE    MM

..........................................................


THE CHANHASSEN MN CLIMATE NORMALS FOR TODAY
                         NORMAL    RECORD    YEAR
 MAXIMUM TEMPERATURE (F)   68        MM        MM
 MINIMUM TEMPERATURE (F)   46        MM        MM


SUNRISE AND SUNSET
MAY 12 2015...........SUNRISE   549 AM CDT   SUNSET   832 PM CDT
MAY 13 2015...........SUNRISE   548 AM CDT   SUNSET   834 PM CDT


-  INDICATES NEGATIVE NUMBERS.
R  INDICATES RECORD WAS SET OR TIED.
MM INDICATES DATA IS MISSING.
T  INDICATES TRACE AMOUNT.




$$
