000
CDUS43 KMPX 190039
CLIMPX


CLIMATE REPORT
NATIONAL WEATHER SERVICE CHANHASSEN MN
738 PM CDT SAT OCT 18 2014


...................................

...THE CHANHASSEN MN CLIMATE SUMMARY FOR OCTOBER 18 2014...
VALID TODAY AS OF 0700 PM LOCAL TIME.

CLIMATE NORMAL PERIOD 1981 TO 2010
CLIMATE RECORD PERIOD 1995 TO 2014


WEATHER ITEM   OBSERVED NORMAL DEPARTURE LAST
                VALUE   VALUE  FROM      YEAR
                               NORMAL
...............................................
TEMPERATURE (F)
 TODAY
  MAXIMUM         53     57     -4       51
  MINIMUM         43     37      6       37
  AVERAGE         48     47      1       44

PRECIPITATION (IN)
  TODAY            0.00   0.09  -0.09     0.05
  MONTH TO DATE    1.03   1.66  -0.63     3.37
  SINCE SEP 1      2.18   5.09  -2.91     4.94
  SINCE JAN 1     34.69  27.09   7.60    33.15

SNOWFALL (IN)
  TODAY            0.0    0.0    0.0      0.0
  MONTH TO DATE    T      0.1   -0.1      0.0
  SINCE SEP 1      T      0.1   -0.1      0.0
  SINCE JUL 1      T      0.1   -0.1      0.0
  SNOW DEPTH       0

DEGREE DAYS
 HEATING
  TODAY           17     18     -1       21
  MONTH TO DATE  302    266     36      219
  SINCE SEP 1    469    442     27      326
  SINCE JUL 1    485    465     20      347

 COOLING
  TODAY            0      0      0        0
  MONTH TO DATE    0      0      0        0
  SINCE SEP 1     35     47    -12       88
  SINCE JAN 1    514    600    -86      667
...............................................







THE CHANHASSEN MN CLIMATE NORMALS FOR TOMORROW
                         NORMAL
 MAXIMUM TEMPERATURE (F)   57
 MINIMUM TEMPERATURE (F)   37



-  INDICATES NEGATIVE NUMBERS.
R  INDICATES RECORD WAS SET OR TIED.
MM INDICATES DATA IS MISSING.
T  INDICATES TRACE AMOUNT.




$$
