000
CDUS43 KMPX 170733
CLIMPX


CLIMATE REPORT
NATIONAL WEATHER SERVICE CHANHASSEN MN
233 AM CDT SAT JUN 17 2017


...................................

...THE CHANHASSEN MN CLIMATE SUMMARY FOR JUNE 16 2017...

CLIMATE NORMAL PERIOD 1981 TO 2010
CLIMATE RECORD PERIOD 1995 TO 2017


WEATHER ITEM   OBSERVED TIME   RECORD YEAR NORMAL DEPARTURE LAST
                VALUE   (LST)  VALUE       VALUE  FROM      YEAR
                                                  NORMAL
..................................................................
TEMPERATURE (F)
 YESTERDAY
  MAXIMUM         84        MM  MM      MM  78      6       78
  MINIMUM         60        MM  MM      MM  58      2       62
  AVERAGE         72                        68      4       70

PRECIPITATION (IN)
  YESTERDAY        T            MM      MM   0.14  -0.14      T
  MONTH TO DATE    2.04                      2.13  -0.09     4.50
  SINCE JUN 1      2.04                      2.13  -0.09     4.50
  SINCE JAN 1     14.46                     12.38   2.08    12.75

SNOWFALL (IN)
  YESTERDAY        0.0          MM      MM   0.0    0.0      0.0
  MONTH TO DATE    T                         0.0    0.0       T
  SINCE JUN 1      T                         0.0    0.0       T
  SINCE JUL 1     38.5                      53.9  -15.4     35.5
  SNOW DEPTH       0

DEGREE DAYS
 HEATING
  YESTERDAY        0                         1     -1        0
  MONTH TO DATE    5                        39    -34       20
  SINCE JUN 1      5                        39    -34       20
  SINCE JUL 1   6874                      7904  -1030     6819

 COOLING
  YESTERDAY        7                         4      3        5
  MONTH TO DATE  100                        48     52       56
  SINCE JUN 1    100                        48     52       56
  SINCE JAN 1    113                        81     32       98
..................................................................


WIND (MPH)
  HIGHEST WIND SPEED    MM   HIGHEST WIND DIRECTION    MM
  HIGHEST GUST SPEED    MM   HIGHEST GUST DIRECTION    MM
  AVERAGE WIND SPEED    MM


SKY COVER
  POSSIBLE SUNSHINE  MM
  AVERAGE SKY COVER  MM


WEATHER CONDITIONS
 THE FOLLOWING WEATHER WAS RECORDED YESTERDAY.
  NO SIGNIFICANT WEATHER WAS OBSERVED.


RELATIVE HUMIDITY (PERCENT)
 HIGHEST    MM
 LOWEST     MM
 AVERAGE    MM

..........................................................


THE CHANHASSEN MN CLIMATE NORMALS FOR TODAY
                         NORMAL    RECORD    YEAR
 MAXIMUM TEMPERATURE (F)   79        MM        MM
 MINIMUM TEMPERATURE (F)   58        MM        MM


SUNRISE AND SUNSET
JUNE 17 2017..........SUNRISE   528 AM CDT   SUNSET   903 PM CDT
JUNE 18 2017..........SUNRISE   528 AM CDT   SUNSET   903 PM CDT


-  INDICATES NEGATIVE NUMBERS.
R  INDICATES RECORD WAS SET OR TIED.
MM INDICATES DATA IS MISSING.
T  INDICATES TRACE AMOUNT.




$$
