000
CDUS43 KMPX 010912
CLIMPX


CLIMATE REPORT
NATIONAL WEATHER SERVICE CHANHASSEN MN
410 AM CDT TUE SEP 1 2015


...................................

...THE CHANHASSEN MN CLIMATE SUMMARY FOR AUGUST 31 2015...

CLIMATE NORMAL PERIOD 1981 TO 2010
CLIMATE RECORD PERIOD 1995 TO 2015


WEATHER ITEM   OBSERVED TIME   RECORD YEAR NORMAL DEPARTURE LAST
                VALUE   (LST)  VALUE       VALUE  FROM      YEAR
                                                  NORMAL
..................................................................
TEMPERATURE (F)
 YESTERDAY
  MAXIMUM         83        MM  MM      MM  77      6       83
  MINIMUM         63        MM  MM      MM  58      5       60
  AVERAGE         73                        67      6       72

PRECIPITATION (IN)
  YESTERDAY        0.00         MM      MM   0.14  -0.14     0.42
  MONTH TO DATE    2.71                      4.14  -1.43     2.86
  SINCE JUN 1     14.26                     11.75   2.51    16.61
  SINCE JAN 1     22.98                     22.00   0.98    32.51

SNOWFALL (IN)
  YESTERDAY        0.0          MM      MM   0.0    0.0      0.0
  MONTH TO DATE    0.0                       0.0    0.0      0.0
  SINCE JUN 1      T                         0.0    0.0      0.0
  SINCE JUL 1      0.0                       0.0    0.0      0.0
  SNOW DEPTH       0

DEGREE DAYS
 HEATING
  YESTERDAY        0                         1     -1        0
  MONTH TO DATE   30                         8     22        3
  SINCE JUN 1     60                        72    -12       49
  SINCE JUL 1     42                        23     19       16

 COOLING
  YESTERDAY        8                         3      5        7
  MONTH TO DATE  128                       168    -40      188
  SINCE JUN 1    424                       520    -96      442
  SINCE JAN 1    432                       553   -121      479
..................................................................


WIND (MPH)
  HIGHEST WIND SPEED    MM   HIGHEST WIND DIRECTION    MM
  HIGHEST GUST SPEED    MM   HIGHEST GUST DIRECTION    MM
  AVERAGE WIND SPEED    MM


SKY COVER
  POSSIBLE SUNSHINE  MM
  AVERAGE SKY COVER  MM


WEATHER CONDITIONS
 THE FOLLOWING WEATHER WAS RECORDED YESTERDAY.
  NO SIGNIFICANT WEATHER WAS OBSERVED.


RELATIVE HUMIDITY (PERCENT)
 HIGHEST    MM
 LOWEST     MM
 AVERAGE    MM

..........................................................


THE CHANHASSEN MN CLIMATE NORMALS FOR TODAY
                         NORMAL    RECORD    YEAR
 MAXIMUM TEMPERATURE (F)   76        MM        MM
 MINIMUM TEMPERATURE (F)   57        MM        MM


SUNRISE AND SUNSET
SEPTEMBER  1 2015.....SUNRISE   636 AM CDT   SUNSET   752 PM CDT
SEPTEMBER  2 2015.....SUNRISE   637 AM CDT   SUNSET   750 PM CDT


-  INDICATES NEGATIVE NUMBERS.
R  INDICATES RECORD WAS SET OR TIED.
MM INDICATES DATA IS MISSING.
T  INDICATES TRACE AMOUNT.




$$
