000
CDUS43 KMPX 180815
CLIMPX


CLIMATE REPORT
NATIONAL WEATHER SERVICE CHANHASSEN MN
314 AM CDT WED MAY 18 2016


...................................

...THE CHANHASSEN MN CLIMATE SUMMARY FOR MAY 17 2016...

CLIMATE NORMAL PERIOD 1981 TO 2010
CLIMATE RECORD PERIOD 1995 TO 2016


WEATHER ITEM   OBSERVED TIME   RECORD YEAR NORMAL DEPARTURE LAST
                VALUE   (LST)  VALUE       VALUE  FROM      YEAR
                                                  NORMAL
..................................................................
TEMPERATURE (F)
 YESTERDAY
  MAXIMUM         63        MM  MM      MM  69     -6       73
  MINIMUM         41        MM  MM      MM  48     -7       44
  AVERAGE         52                        58     -6       59

PRECIPITATION (IN)
  YESTERDAY        0.00         MM      MM   0.12  -0.12     0.40
  MONTH TO DATE    1.19                      1.97  -0.78     3.01
  SINCE MAR 1      5.92                      6.75  -0.83     6.01
  SINCE JAN 1      7.41                      8.56  -1.15     6.77

SNOWFALL (IN)
  YESTERDAY        0.0          MM      MM   0.0    0.0      0.0
  MONTH TO DATE    0.0                       0.3   -0.3       T
  SINCE MAR 1      5.6                      14.5   -8.9      9.3
  SINCE JUL 1     35.5                      54.2  -18.7     33.4
  SNOW DEPTH       0

DEGREE DAYS
 HEATING
  YESTERDAY       13                         8      5        6
  MONTH TO DATE  209                       165     44      127
  SINCE MAR 1   1550                      1769   -219     1603
  SINCE JUL 1   6765                      7784  -1019     7861

 COOLING
  YESTERDAY        0                         1     -1        0
  MONTH TO DATE    9                        11     -2        1
  SINCE MAR 1     16                        14      2        1
  SINCE JAN 1     16                        14      2        1
..................................................................


WIND (MPH)
  HIGHEST WIND SPEED    MM   HIGHEST WIND DIRECTION    MM
  HIGHEST GUST SPEED    MM   HIGHEST GUST DIRECTION    MM
  AVERAGE WIND SPEED    MM


SKY COVER
  POSSIBLE SUNSHINE  MM
  AVERAGE SKY COVER  MM


WEATHER CONDITIONS
 THE FOLLOWING WEATHER WAS RECORDED YESTERDAY.
  NO SIGNIFICANT WEATHER WAS OBSERVED.


RELATIVE HUMIDITY (PERCENT)
 HIGHEST    MM
 LOWEST     MM
 AVERAGE    MM

..........................................................


THE CHANHASSEN MN CLIMATE NORMALS FOR TODAY
                         NORMAL    RECORD    YEAR
 MAXIMUM TEMPERATURE (F)   69        MM        MM
 MINIMUM TEMPERATURE (F)   48        MM        MM


SUNRISE AND SUNSET
MAY 18 2016...........SUNRISE   542 AM CDT   SUNSET   840 PM CDT
MAY 19 2016...........SUNRISE   541 AM CDT   SUNSET   841 PM CDT


-  INDICATES NEGATIVE NUMBERS.
R  INDICATES RECORD WAS SET OR TIED.
MM INDICATES DATA IS MISSING.
T  INDICATES TRACE AMOUNT.




$$
