000
CDUS43 KMPX 250729
CLIMPX


CLIMATE REPORT
NATIONAL WEATHER SERVICE CHANHASSEN MN
124 AM CST FRI NOV 25 2016


...................................

...THE CHANHASSEN MN CLIMATE SUMMARY FOR NOVEMBER 24 2016...

CLIMATE NORMAL PERIOD 1981 TO 2010
CLIMATE RECORD PERIOD 1995 TO 2016


WEATHER ITEM   OBSERVED TIME   RECORD YEAR NORMAL DEPARTURE LAST
                VALUE   (LST)  VALUE       VALUE  FROM      YEAR
                                                  NORMAL
..................................................................
TEMPERATURE (F)
 YESTERDAY
  MAXIMUM         35        MM  MM      MM  35      0       45
  MINIMUM         32        MM  MM      MM  20     12       28
  AVERAGE         34                        28      6       37

PRECIPITATION (IN)
  YESTERDAY        0.04         MM      MM   0.06  -0.02     0.00
  MONTH TO DATE    1.33                      1.61  -0.28     4.36
  SINCE SEP 1      9.94                      7.55   2.39    10.09
  SINCE JAN 1     37.90                     29.55   8.35    33.07

SNOWFALL (IN)
  YESTERDAY        0.1          MM      MM   0.3   -0.2      0.0
  MONTH TO DATE    5.1                       3.6    1.5       T
  SINCE SEP 1      5.1                       4.0    1.1       T
  SINCE JUL 1      5.1                       4.0    1.1       T
  SNOW DEPTH       3

DEGREE DAYS
 HEATING
  YESTERDAY       31                        37     -6       28
  MONTH TO DATE  521                       733   -212      526
  SINCE SEP 1   1035                      1446   -411     1064
  SINCE JUL 1   1048                      1469   -421     1106

 COOLING
  YESTERDAY        0                         0      0        0
  MONTH TO DATE    0                         0      0        0
  SINCE SEP 1     45                        52     -7      119
  SINCE JAN 1    631                       605     26      551
..................................................................


WIND (MPH)
  HIGHEST WIND SPEED    MM   HIGHEST WIND DIRECTION    MM
  HIGHEST GUST SPEED    MM   HIGHEST GUST DIRECTION    MM
  AVERAGE WIND SPEED    MM


SKY COVER
  POSSIBLE SUNSHINE  MM
  AVERAGE SKY COVER  MM


WEATHER CONDITIONS
 THE FOLLOWING WEATHER WAS RECORDED YESTERDAY.
  NO SIGNIFICANT WEATHER WAS OBSERVED.


RELATIVE HUMIDITY (PERCENT)
 HIGHEST    MM
 LOWEST     MM
 AVERAGE    MM

..........................................................


THE CHANHASSEN MN CLIMATE NORMALS FOR TODAY
                         NORMAL    RECORD    YEAR
 MAXIMUM TEMPERATURE (F)   34        MM        MM
 MINIMUM TEMPERATURE (F)   20        MM        MM


SUNRISE AND SUNSET
NOVEMBER 25 2016......SUNRISE   725 AM CST   SUNSET   437 PM CST
NOVEMBER 26 2016......SUNRISE   726 AM CST   SUNSET   437 PM CST


-  INDICATES NEGATIVE NUMBERS.
R  INDICATES RECORD WAS SET OR TIED.
MM INDICATES DATA IS MISSING.
T  INDICATES TRACE AMOUNT.




$$
