000
CDUS43 KMPX 100642
CLIMPX


CLIMATE REPORT
NATIONAL WEATHER SERVICE CHANHASSEN MN
1241 AM CST SAT FEB 10 2018


...................................

...THE CHANHASSEN MN CLIMATE SUMMARY FOR FEBRUARY 9 2018...

CLIMATE NORMAL PERIOD 1981 TO 2010
CLIMATE RECORD PERIOD 1995 TO 2018


WEATHER ITEM   OBSERVED TIME   RECORD YEAR NORMAL DEPARTURE LAST
                VALUE   (LST)  VALUE       VALUE  FROM      YEAR
                                                  NORMAL
..................................................................
TEMPERATURE (F)
 YESTERDAY
  MAXIMUM          9        MM  46    2009  26    -17       20
  MINIMUM         -3        MM -11    2011   8    -11        1
  AVERAGE          3                        17    -14       11

PRECIPITATION (IN)
  YESTERDAY        T             0.17 2009   0.03  -0.03     0.00
  MONTH TO DATE    0.19                      0.27  -0.08      T
  SINCE DEC 1      2.26                      2.39  -0.13     3.13
  SINCE JAN 1      1.61                      1.14   0.47     0.88

SNOWFALL (IN)
  YESTERDAY        T             1.2  2006   0.4   -0.4      0.0
  MONTH TO DATE    3.3                       3.2    0.1       T
  SINCE DEC 1     28.8                      27.4    1.4     27.3
  SINCE JUL 1     30.6                      33.2   -2.6     32.4
  SNOW DEPTH       6

DEGREE DAYS
 HEATING
  YESTERDAY       62                        48     14       54
  MONTH TO DATE  560                       438    122      436
  SINCE DEC 1   3600                      3462    138     3291
  SINCE JUL 1   5213                      5169     44     4514

 COOLING
  YESTERDAY        0                         0      0        0
  MONTH TO DATE    0                         0      0        0
  SINCE DEC 1      0                         0      0        0
  SINCE JAN 1      0                         0      0        0
..................................................................


WIND (MPH)
  HIGHEST WIND SPEED    MM   HIGHEST WIND DIRECTION    MM
  HIGHEST GUST SPEED    MM   HIGHEST GUST DIRECTION    MM
  AVERAGE WIND SPEED    MM


SKY COVER
  POSSIBLE SUNSHINE  MM
  AVERAGE SKY COVER  MM


WEATHER CONDITIONS
 THE FOLLOWING WEATHER WAS RECORDED YESTERDAY.
  NO SIGNIFICANT WEATHER WAS OBSERVED.


RELATIVE HUMIDITY (PERCENT)
 HIGHEST    MM
 LOWEST     MM
 AVERAGE    MM

..........................................................


THE CHANHASSEN MN CLIMATE NORMALS FOR TODAY
                         NORMAL    RECORD    YEAR
 MAXIMUM TEMPERATURE (F)   26        46      2017
 MINIMUM TEMPERATURE (F)    9       -18      2011


SUNRISE AND SUNSET
FEBRUARY 10 2018......SUNRISE   722 AM CST   SUNSET   536 PM CST
FEBRUARY 11 2018......SUNRISE   721 AM CST   SUNSET   537 PM CST


-  INDICATES NEGATIVE NUMBERS.
R  INDICATES RECORD WAS SET OR TIED.
MM INDICATES DATA IS MISSING.
T  INDICATES TRACE AMOUNT.




$$
