000
CDUS43 KMPX 260038
CLIMPX


CLIMATE REPORT
NATIONAL WEATHER SERVICE CHANHASSEN MN
737 PM CDT THU SEP 25 2014


...................................

...THE CHANHASSEN MN CLIMATE SUMMARY FOR SEPTEMBER 25 2014...
VALID TODAY AS OF 0700 PM LOCAL TIME.

CLIMATE NORMAL PERIOD 1981 TO 2010
CLIMATE RECORD PERIOD 1995 TO 2014


WEATHER ITEM   OBSERVED NORMAL DEPARTURE LAST
                VALUE   VALUE  FROM      YEAR
                               NORMAL
...............................................
TEMPERATURE (F)
 TODAY
  MAXIMUM         76     67      9       72
  MINIMUM         58     46     12       48
  AVERAGE         67     56     11       60

PRECIPITATION (IN)
  TODAY            0.00   0.10  -0.10     0.00
  MONTH TO DATE    1.12   2.93  -1.81     1.38
  SINCE SEP 1      1.12   2.93  -1.81     1.38
  SINCE JAN 1     33.63  24.93   8.70    29.59

SNOWFALL (IN)
  TODAY            0.0    0.0    0.0      0.0
  MONTH TO DATE    0.0    0.0    0.0      0.0
  SINCE SEP 1      0.0    0.0    0.0      0.0
  SINCE JUL 1      0.0    0.0    0.0      0.0
  SNOW DEPTH       0

DEGREE DAYS
 HEATING
  TODAY            0      9     -9        5
  MONTH TO DATE  139    124     15       95
  SINCE SEP 1    139    124     15       95
  SINCE JUL 1    155    147      8      116

 COOLING
  TODAY            2      1      1        0
  MONTH TO DATE   24     46    -22       73
  SINCE SEP 1     24     46    -22       73
  SINCE JAN 1    503    599    -96      652
...............................................







THE CHANHASSEN MN CLIMATE NORMALS FOR TOMORROW
                         NORMAL
 MAXIMUM TEMPERATURE (F)   66
 MINIMUM TEMPERATURE (F)   46



-  INDICATES NEGATIVE NUMBERS.
R  INDICATES RECORD WAS SET OR TIED.
MM INDICATES DATA IS MISSING.
T  INDICATES TRACE AMOUNT.




$$
