000
CDUS43 KMPX 172148
CLIMPX


CLIMATE REPORT
NATIONAL WEATHER SERVICE CHANHASSEN MN
447 PM CDT THU JUL 17 2014


...................................

...THE CHANHASSEN MN CLIMATE SUMMARY FOR JULY 17 2014...
VALID AS OF 0400 PM LOCAL TIME.

CLIMATE NORMAL PERIOD 1981 TO 2010
CLIMATE RECORD PERIOD 1995 TO 2014


WEATHER ITEM   OBSERVED NORMAL DEPARTURE LAST
                VALUE   VALUE  FROM      YEAR
                               NORMAL
...............................................
TEMPERATURE (F)
 TODAY
  MAXIMUM         78     82     -4       91
  MINIMUM         53     62     -9       72
  AVERAGE         66     72     -6       82

PRECIPITATION (IN)
  TODAY            0.00   0.11  -0.11     0.00
  MONTH TO DATE    2.81   2.01   0.80     3.83
  SINCE JUN 1     13.23   6.03   7.20    10.11
  SINCE JAN 1     29.13  16.28  12.85    25.61

SNOWFALL (IN)
  TODAY            0.0    0.0    0.0      0.0
  MONTH TO DATE    0.0    0.0    0.0      0.0
  SINCE JUN 1      0.0    0.0    0.0      0.0
  SINCE JUL 1      0.0    0.0    0.0      0.0
  SNOW DEPTH       0

DEGREE DAYS
 HEATING
  TODAY            0      0      0        0
  MONTH TO DATE   13      0     13        0
  SINCE JUN 1     46     49     -3       62
  SINCE JUL 1     13      0     13        0

 COOLING
  TODAY            1      7     -6       17
  MONTH TO DATE   54    123    -69      177
  SINCE JUN 1    166    250    -84      289
  SINCE JAN 1    203    283    -80      312
...............................................







THE CHANHASSEN MN CLIMATE NORMALS FOR TOMORROW
                         NORMAL
 MAXIMUM TEMPERATURE (F)   82
 MINIMUM TEMPERATURE (F)   62



-  INDICATES NEGATIVE NUMBERS.
R  INDICATES RECORD WAS SET OR TIED.
MM INDICATES DATA IS MISSING.
T  INDICATES TRACE AMOUNT.




$$
