000
CDUS43 KMPX 110858
CLIMPX


CLIMATE REPORT
NATIONAL WEATHER SERVICE CHANHASSEN MN
357 AM CDT FRI APR 11 2014


...................................

...THE CHANHASSEN MN CLIMATE SUMMARY FOR APRIL 10 2014...

CLIMATE NORMAL PERIOD 1981 TO 2010
CLIMATE RECORD PERIOD 1995 TO 2014


WEATHER ITEM   OBSERVED NORMAL DEPARTURE LAST
                VALUE   VALUE  FROM      YEAR
                               NORMAL
...............................................
TEMPERATURE (F)
 YESTERDAY
  MAXIMUM         60     54      6       38
  MINIMUM         36     34      2       29
  AVERAGE         48     44      4       34

PRECIPITATION (IN)
  YESTERDAY        T      0.10  -0.10     0.08
  MONTH TO DATE    0.77   0.94  -0.17     1.69
  SINCE MAR 1      1.46   2.72  -1.26     3.33
  SINCE JAN 1      4.37   4.53  -0.16     5.04

SNOWFALL (IN)
  YESTERDAY        0.0    0.1   -0.1      0.6
  MONTH TO DATE    8.7    1.8    6.9      2.4
  SINCE MAR 1     12.1   12.6   -0.5     13.9
  SINCE JUL 1     67.4   52.3   15.1     51.5
  SNOW DEPTH       0

DEGREE DAYS
 HEATING
  YESTERDAY       17     21     -4       31
  MONTH TO DATE  257    235     22      293
  SINCE MAR 1   1525   1281    244     1538
  SINCE JUL 1   8408   7296   1112     7360

 COOLING
  YESTERDAY        0      0      0        0
  MONTH TO DATE    0      0      0        0
  SINCE MAR 1      0      0      0        0
  SINCE JAN 1      0      0      0        0
...............................................







THE CHANHASSEN MN CLIMATE NORMALS FOR TODAY
                         NORMAL
 MAXIMUM TEMPERATURE (F)   55
 MINIMUM TEMPERATURE (F)   34



-  INDICATES NEGATIVE NUMBERS.
R  INDICATES RECORD WAS SET OR TIED.
MM INDICATES DATA IS MISSING.
T  INDICATES TRACE AMOUNT.




$$
