000
CDUS43 KMPX 140828
CLIMPX


CLIMATE REPORT
NATIONAL WEATHER SERVICE CHANHASSEN MN
328 AM CDT MON APR 14 2014


...................................

...THE CHANHASSEN MN CLIMATE SUMMARY FOR APRIL 13 2014...

CLIMATE NORMAL PERIOD 1981 TO 2010
CLIMATE RECORD PERIOD 1995 TO 2014


WEATHER ITEM   OBSERVED NORMAL DEPARTURE LAST
                VALUE   VALUE  FROM      YEAR
                               NORMAL
...............................................
TEMPERATURE (F)
 YESTERDAY
  MAXIMUM         45     56    -11       37
  MINIMUM         31     35     -4       28
  AVERAGE         38     46     -8       33

PRECIPITATION (IN)
  YESTERDAY        0.00   0.10  -0.10      T
  MONTH TO DATE    0.84   1.25  -0.41     2.75
  SINCE MAR 1      1.53   3.03  -1.50     4.39
  SINCE JAN 1      4.44   4.84  -0.40     6.10

SNOWFALL (IN)
  YESTERDAY        0.0    0.1   -0.1      0.1
  MONTH TO DATE    8.7    2.2    6.5      8.4
  SINCE MAR 1     12.1   13.0   -0.9     19.9
  SINCE JUL 1     67.4   52.7   14.7     57.5
  SNOW DEPTH       0

DEGREE DAYS
 HEATING
  YESTERDAY       27     20      7       32
  MONTH TO DATE  314    296     18      392
  SINCE MAR 1   1582   1342    240     1637
  SINCE JUL 1   8465   7357   1108     7459

 COOLING
  YESTERDAY        0      0      0        0
  MONTH TO DATE    0      0      0        0
  SINCE MAR 1      0      0      0        0
  SINCE JAN 1      0      0      0        0
...............................................







THE CHANHASSEN MN CLIMATE NORMALS FOR TODAY
                         NORMAL
 MAXIMUM TEMPERATURE (F)   57
 MINIMUM TEMPERATURE (F)   35



-  INDICATES NEGATIVE NUMBERS.
R  INDICATES RECORD WAS SET OR TIED.
MM INDICATES DATA IS MISSING.
T  INDICATES TRACE AMOUNT.




$$
