000
CDUS43 KMPX 160643
CLIMPX


CLIMATE REPORT
NATIONAL WEATHER SERVICE CHANHASSEN MN
140 AM CDT TUE MAY 16 2017


...................................

...THE CHANHASSEN MN CLIMATE SUMMARY FOR MAY 15 2017...

CLIMATE NORMAL PERIOD 1981 TO 2010
CLIMATE RECORD PERIOD 1995 TO 2017


WEATHER ITEM   OBSERVED TIME   RECORD YEAR NORMAL DEPARTURE LAST
                VALUE   (LST)  VALUE       VALUE  FROM      YEAR
                                                  NORMAL
..................................................................
TEMPERATURE (F)
 YESTERDAY
  MAXIMUM         68        MM  MM      MM  68      0       64
  MINIMUM         58        MM  MM      MM  47     11       28
  AVERAGE         63                        58      5       46

PRECIPITATION (IN)
  YESTERDAY        0.43         MM      MM   0.12   0.31     0.00
  MONTH TO DATE    0.78                      1.73  -0.95     1.19
  SINCE MAR 1      6.48                      6.51  -0.03     5.92
  SINCE JAN 1      8.08                      8.32  -0.24     7.41

SNOWFALL (IN)
  YESTERDAY        0.0          MM      MM   0.0    0.0      0.0
  MONTH TO DATE    T                         0.3   -0.3      0.0
  SINCE MAR 1      6.1                      14.5   -8.4      5.6
  SINCE JUL 1     38.5                      54.2  -15.7     35.5
  SNOW DEPTH       0

DEGREE DAYS
 HEATING
  YESTERDAY        2                         8     -6       19
  MONTH TO DATE  134                       149    -15      187
  SINCE MAR 1   1648                      1753   -105     1528
  SINCE JUL 1   6717                      7768  -1051     6743

 COOLING
  YESTERDAY        0                         1     -1        0
  MONTH TO DATE    5                         9     -4        9
  SINCE MAR 1      5                        12     -7       16
  SINCE JAN 1      5                        12     -7       16
..................................................................


WIND (MPH)
  HIGHEST WIND SPEED    MM   HIGHEST WIND DIRECTION    MM
  HIGHEST GUST SPEED    MM   HIGHEST GUST DIRECTION    MM
  AVERAGE WIND SPEED    MM


SKY COVER
  POSSIBLE SUNSHINE  MM
  AVERAGE SKY COVER  MM


WEATHER CONDITIONS
 THE FOLLOWING WEATHER WAS RECORDED YESTERDAY.
  NO SIGNIFICANT WEATHER WAS OBSERVED.


RELATIVE HUMIDITY (PERCENT)
 HIGHEST    MM
 LOWEST     MM
 AVERAGE    MM

..........................................................


THE CHANHASSEN MN CLIMATE NORMALS FOR TODAY
                         NORMAL    RECORD    YEAR
 MAXIMUM TEMPERATURE (F)   69        MM        MM
 MINIMUM TEMPERATURE (F)   48        MM        MM


SUNRISE AND SUNSET
MAY 16 2017...........SUNRISE   544 AM CDT   SUNSET   838 PM CDT
MAY 17 2017...........SUNRISE   543 AM CDT   SUNSET   839 PM CDT


-  INDICATES NEGATIVE NUMBERS.
R  INDICATES RECORD WAS SET OR TIED.
MM INDICATES DATA IS MISSING.
T  INDICATES TRACE AMOUNT.




$$
