000
CDUS43 KMPX 131836
CLIMPX

CLIMATE REPORT
NATIONAL WEATHER SERVICE CHANHASSEN MN
404 AM CST SAT DEC 13 2014...COR FOR SNOW DEPTH


...................................

...THE CHANHASSEN MN CLIMATE SUMMARY FOR DECEMBER 12 2014...

CLIMATE NORMAL PERIOD 1981 TO 2010
CLIMATE RECORD PERIOD 1995 TO 2014


WEATHER ITEM   OBSERVED TIME   RECORD YEAR NORMAL DEPARTURE LAST
                VALUE   (LST)  VALUE       VALUE  FROM      YEAR
                                                  NORMAL
..................................................................
TEMPERATURE (F)
 YESTERDAY
  MAXIMUM         37        MM  47    1999  26     11       16
  MINIMUM         31        MM -15    2000  11     20        0
  AVERAGE         34                        19     15        8

PRECIPITATION (IN)
  YESTERDAY         T            T    2004   0.04  -0.04     0.00
                                      2004
                                      2011
  MONTH TO DATE    0.01                      0.51  -0.50     0.90
  SINCE DEC 1      0.01                      0.51  -0.50     0.90
  SINCE JAN 1     35.47                     30.42   5.05    34.72

SNOWFALL (IN)
  YESTERDAY        0.0           T    2008   0.5   -0.5      0.0
                                      2004
                                      2003
  MONTH TO DATE    0.1                       5.2   -5.1      9.2
  SINCE DEC 1      0.1                       5.2   -5.1      9.2
  SINCE JUL 1      8.2                      11.0   -2.8     11.0
  SNOW DEPTH       1

DEGREE DAYS
 HEATING
  YESTERDAY       31                        46    -15       57
  MONTH TO DATE  519                       526     -7      663
  SINCE DEC 1    519                       526     -7      663
  SINCE JUL 1   2456                      2233    223     2385

 COOLING
  YESTERDAY        0                         0      0        0
  MONTH TO DATE    0                         0      0        0
  SINCE DEC 1      0                         0      0        0
  SINCE JAN 1    514                       605    -91      667
..................................................................


WIND (MPH)
  HIGHEST WIND SPEED    MM   HIGHEST WIND DIRECTION    MM
  HIGHEST GUST SPEED    MM   HIGHEST GUST DIRECTION    MM
  AVERAGE WIND SPEED    MM


SKY COVER
  POSSIBLE SUNSHINE  MM
  AVERAGE SKY COVER  MM


WEATHER CONDITIONS
 THE FOLLOWING WEATHER WAS RECORDED YESTERDAY.
  NO SIGNIFICANT WEATHER WAS OBSERVED.


RELATIVE HUMIDITY (PERCENT)
 HIGHEST    MM
 LOWEST     MM
 AVERAGE    MM

..........................................................


THE CHANHASSEN MN CLIMATE NORMALS FOR TODAY
                         NORMAL    RECORD    YEAR
 MAXIMUM TEMPERATURE (F)   26        44      1999
 MINIMUM TEMPERATURE (F)   11       -11      2010


SUNRISE AND SUNSET
DECEMBER 13 2014......SUNRISE   744 AM CST   SUNSET   433 PM CST
DECEMBER 14 2014......SUNRISE   744 AM CST   SUNSET   434 PM CST


-  INDICATES NEGATIVE NUMBERS.
R  INDICATES RECORD WAS SET OR TIED.
MM INDICATES DATA IS MISSING.
T  INDICATES TRACE AMOUNT.




$$
