000
CDUS43 KMPX 230624
CLIMPX


CLIMATE REPORT
NATIONAL WEATHER SERVICE CHANHASSEN MN
124 AM CDT SAT AUG 23 2014


...................................

...THE CHANHASSEN MN CLIMATE SUMMARY FOR AUGUST 22 2014...

CLIMATE NORMAL PERIOD 1981 TO 2010
CLIMATE RECORD PERIOD 1995 TO 2014


WEATHER ITEM   OBSERVED NORMAL DEPARTURE LAST
                VALUE   VALUE  FROM      YEAR
                               NORMAL
...............................................
TEMPERATURE (F)
 YESTERDAY
  MAXIMUM         76     79     -3       84
  MINIMUM         68     60      8       62
  AVERAGE         72     69      3       73

PRECIPITATION (IN)
  YESTERDAY        0.00   0.14  -0.14     0.00
  MONTH TO DATE    1.18   2.90  -1.72     1.65
  SINCE JUN 1     14.93  10.51   4.42    12.62
  SINCE JAN 1     30.83  20.76  10.07    28.12

SNOWFALL (IN)
  YESTERDAY        0.0    0.0    0.0      0.0
  MONTH TO DATE    0.0    0.0    0.0      0.0
  SINCE JUN 1      0.0    0.0    0.0      0.0
  SINCE JUL 1      0.0    0.0    0.0      0.0
  SNOW DEPTH       0

DEGREE DAYS
 HEATING
  YESTERDAY        0      0      0        0
  MONTH TO DATE    0      0      0        5
  SINCE JUN 1     46     57    -11       83
  SINCE JUL 1     13      8      5       21

 COOLING
  YESTERDAY        7      5      2        8
  MONTH TO DATE  147    133     14       78
  SINCE JUN 1    401    485    -84      429
  SINCE JAN 1    438    518    -80      452
...............................................







THE CHANHASSEN MN CLIMATE NORMALS FOR TODAY
                         NORMAL
 MAXIMUM TEMPERATURE (F)   79
 MINIMUM TEMPERATURE (F)   60



-  INDICATES NEGATIVE NUMBERS.
R  INDICATES RECORD WAS SET OR TIED.
MM INDICATES DATA IS MISSING.
T  INDICATES TRACE AMOUNT.




$$
