000
CDUS43 KMPX 100639
CLIMPX


CLIMATE REPORT
NATIONAL WEATHER SERVICE CHANHASSEN MN
135 AM CDT WED SEP 10 2014


...................................

...THE CHANHASSEN MN CLIMATE SUMMARY FOR SEPTEMBER 9 2014...

CLIMATE NORMAL PERIOD 1981 TO 2010
CLIMATE RECORD PERIOD 1995 TO 2014


WEATHER ITEM   OBSERVED NORMAL DEPARTURE LAST
                VALUE   VALUE  FROM      YEAR
                               NORMAL
...............................................
TEMPERATURE (F)
 YESTERDAY
  MAXIMUM         74     73      1       91
  MINIMUM         58     54      4       67
  AVERAGE         66     64      2       79

PRECIPITATION (IN)
  YESTERDAY        0.19   0.11   0.08      T
  MONTH TO DATE    0.43   1.11  -0.68     0.15
  SINCE SEP 1      0.43   1.11  -0.68     0.15
  SINCE JAN 1     32.94  23.11   9.83    28.36

SNOWFALL (IN)
  YESTERDAY        0.0    0.0    0.0      0.0
  MONTH TO DATE    0.0    0.0    0.0      0.0
  SINCE SEP 1      0.0    0.0    0.0      0.0
  SINCE JUL 1      0.0    0.0    0.0      0.0
  SNOW DEPTH       0

DEGREE DAYS
 HEATING
  YESTERDAY        0      4     -4        0
  MONTH TO DATE   13     24    -11       12
  SINCE SEP 1     13     24    -11       12
  SINCE JUL 1     29     47    -18       33

 COOLING
  YESTERDAY        1      2     -1       14
  MONTH TO DATE   19     25     -6       57
  SINCE SEP 1     19     25     -6       57
  SINCE JAN 1    498    578    -80      636
...............................................







THE CHANHASSEN MN CLIMATE NORMALS FOR TODAY
                         NORMAL
 MAXIMUM TEMPERATURE (F)   73
 MINIMUM TEMPERATURE (F)   54



-  INDICATES NEGATIVE NUMBERS.
R  INDICATES RECORD WAS SET OR TIED.
MM INDICATES DATA IS MISSING.
T  INDICATES TRACE AMOUNT.




$$
