000
CDUS43 KMPX 130629
CLIMPX


CLIMATE REPORT
NATIONAL WEATHER SERVICE CHANHASSEN MN
1228 AM CST FRI JAN 13 2017


...................................

...THE CHANHASSEN MN CLIMATE SUMMARY FOR JANUARY 12 2017...

CLIMATE NORMAL PERIOD 1981 TO 2010
CLIMATE RECORD PERIOD 1995 TO 2017


WEATHER ITEM   OBSERVED TIME   RECORD YEAR NORMAL DEPARTURE LAST
                VALUE   (LST)  VALUE       VALUE  FROM      YEAR
                                                  NORMAL
..................................................................
TEMPERATURE (F)
 YESTERDAY
  MAXIMUM         12        MM  43    2006  23    -11        2
  MINIMUM         -8        MM -13    2015   5    -13       -9
  AVERAGE          2                        14    -12       -3

PRECIPITATION (IN)
  YESTERDAY        0.00          T    2004   0.03  -0.03      T
                                      2004
                                      2016
  MONTH TO DATE    0.35                      0.37  -0.02     0.21
  SINCE DEC 1      2.60                      1.62   0.98     2.18
  SINCE JAN 1      0.35                      0.37  -0.02     0.21

SNOWFALL (IN)
  YESTERDAY        0.0           T    2016   0.4   -0.4       T
                                      2013
                                      2012
  MONTH TO DATE    4.5                       4.0    0.5      2.9
  SINCE DEC 1     22.9                      17.9    5.0     12.2
  SINCE JUL 1     28.0                      23.7    4.3     15.2
  SNOW DEPTH       5

DEGREE DAYS
 HEATING
  YESTERDAY       63                        51     12       68
  MONTH TO DATE  679                       610     69      604
  SINCE DEC 1   2111                      2064     47     1732
  SINCE JUL 1   3334                      3771   -437     3064

 COOLING
  YESTERDAY        0                         0      0        0
  MONTH TO DATE    0                         0      0        0
  SINCE DEC 1      0                         0      0        0
  SINCE JAN 1      0                         0      0        0
..................................................................


WIND (MPH)
  HIGHEST WIND SPEED    MM   HIGHEST WIND DIRECTION    MM
  HIGHEST GUST SPEED    MM   HIGHEST GUST DIRECTION    MM
  AVERAGE WIND SPEED    MM


SKY COVER
  POSSIBLE SUNSHINE  MM
  AVERAGE SKY COVER  MM


WEATHER CONDITIONS
 THE FOLLOWING WEATHER WAS RECORDED YESTERDAY.
  NO SIGNIFICANT WEATHER WAS OBSERVED.


RELATIVE HUMIDITY (PERCENT)
 HIGHEST    MM
 LOWEST     MM
 AVERAGE    MM

..........................................................


THE CHANHASSEN MN CLIMATE NORMALS FOR TODAY
                         NORMAL    RECORD    YEAR
 MAXIMUM TEMPERATURE (F)   23        35      2002
 MINIMUM TEMPERATURE (F)    5       -21      2009


SUNRISE AND SUNSET
JANUARY 13 2017.......SUNRISE   749 AM CST   SUNSET   457 PM CST
JANUARY 14 2017.......SUNRISE   749 AM CST   SUNSET   459 PM CST


-  INDICATES NEGATIVE NUMBERS.
R  INDICATES RECORD WAS SET OR TIED.
MM INDICATES DATA IS MISSING.
T  INDICATES TRACE AMOUNT.




$$
