000
CDUS43 KMPX 190632
CLIMPX


CLIMATE REPORT
NATIONAL WEATHER SERVICE CHANHASSEN MN
131 AM CDT SAT JUL 19 2014


...................................

...THE CHANHASSEN MN CLIMATE SUMMARY FOR JULY 18 2014...

CLIMATE NORMAL PERIOD 1981 TO 2010
CLIMATE RECORD PERIOD 1995 TO 2014


WEATHER ITEM   OBSERVED NORMAL DEPARTURE LAST
                VALUE   VALUE  FROM      YEAR
                               NORMAL
...............................................
TEMPERATURE (F)
 YESTERDAY
  MAXIMUM         77     82     -5       91
  MINIMUM         58     62     -4       73
  AVERAGE         68     72     -4       82

PRECIPITATION (IN)
  YESTERDAY        0.00   0.11  -0.11     0.00
  MONTH TO DATE    2.81   2.12   0.69     3.83
  SINCE JUN 1     13.23   6.14   7.09    10.11
  SINCE JAN 1     29.13  16.39  12.74    25.61

SNOWFALL (IN)
  YESTERDAY        0.0    0.0    0.0      0.0
  MONTH TO DATE    0.0    0.0    0.0      0.0
  SINCE JUN 1      0.0    0.0    0.0      0.0
  SINCE JUL 1      0.0    0.0    0.0      0.0
  SNOW DEPTH       0

DEGREE DAYS
 HEATING
  YESTERDAY        0      0      0        0
  MONTH TO DATE   13      0     13        0
  SINCE JUN 1     46     49     -3       62
  SINCE JUL 1     13      0     13        0

 COOLING
  YESTERDAY        3      7     -4       17
  MONTH TO DATE   57    130    -73      194
  SINCE JUN 1    169    257    -88      306
  SINCE JAN 1    206    290    -84      329
...............................................







THE CHANHASSEN MN CLIMATE NORMALS FOR TODAY
                         NORMAL
 MAXIMUM TEMPERATURE (F)   82
 MINIMUM TEMPERATURE (F)   62



-  INDICATES NEGATIVE NUMBERS.
R  INDICATES RECORD WAS SET OR TIED.
MM INDICATES DATA IS MISSING.
T  INDICATES TRACE AMOUNT.




$$
