000
CDUS43 KMPX 070636
CLIMPX


CLIMATE REPORT
NATIONAL WEATHER SERVICE CHANHASSEN MN
1234 AM CST THU DEC 7 2017


...................................

...THE CHANHASSEN MN CLIMATE SUMMARY FOR DECEMBER 6 2017...

CLIMATE NORMAL PERIOD 1981 TO 2010
CLIMATE RECORD PERIOD 1995 TO 2017


WEATHER ITEM   OBSERVED TIME   RECORD YEAR NORMAL DEPARTURE LAST
                VALUE   (LST)  VALUE       VALUE  FROM      YEAR
                                                  NORMAL
..................................................................
TEMPERATURE (F)
 YESTERDAY
  MAXIMUM         19        MM  45    2012  29    -10       35
  MINIMUM         13        MM -10    2013  14     -1       16
  AVERAGE         16                        21     -5       26

PRECIPITATION (IN)
  YESTERDAY        0.04          0.06 2004   0.04   0.00      T
  MONTH TO DATE    0.37                      0.26   0.11     0.19
  SINCE DEC 1      0.37                      0.26   0.11     0.19
  SINCE JAN 1     37.59                     30.17   7.42    38.47

SNOWFALL (IN)
  YESTERDAY        0.6 R         0.6  2010   0.5    0.1       T
  MONTH TO DATE    3.0                       2.5    0.5      3.1
  SINCE DEC 1      3.0                       2.5    0.5      3.1
  SINCE JUL 1      4.8                       8.3   -3.5      8.2
  SNOW DEPTH       2

DEGREE DAYS
 HEATING
  YESTERDAY       49                        44      5       39
  MONTH TO DATE  208                       255    -47      204
  SINCE DEC 1    208                       255    -47      204
  SINCE JUL 1   1821                      1962   -141     1427

 COOLING
  YESTERDAY        0                         0      0        0
  MONTH TO DATE    0                         0      0        0
  SINCE DEC 1      0                         0      0        0
  SINCE JAN 1    478                       605   -127      631
..................................................................


WIND (MPH)
  HIGHEST WIND SPEED    MM   HIGHEST WIND DIRECTION    MM
  HIGHEST GUST SPEED    MM   HIGHEST GUST DIRECTION    MM
  AVERAGE WIND SPEED    MM


SKY COVER
  POSSIBLE SUNSHINE  MM
  AVERAGE SKY COVER  MM


WEATHER CONDITIONS
 THE FOLLOWING WEATHER WAS RECORDED YESTERDAY.
  NO SIGNIFICANT WEATHER WAS OBSERVED.


RELATIVE HUMIDITY (PERCENT)
 HIGHEST    MM
 LOWEST     MM
 AVERAGE    MM

..........................................................


THE CHANHASSEN MN CLIMATE NORMALS FOR TODAY
                         NORMAL    RECORD    YEAR
 MAXIMUM TEMPERATURE (F)   28        44      2015
 MINIMUM TEMPERATURE (F)   13       -16      2013


SUNRISE AND SUNSET
DECEMBER  7 2017......SUNRISE   738 AM CST   SUNSET   433 PM CST
DECEMBER  8 2017......SUNRISE   739 AM CST   SUNSET   433 PM CST


-  INDICATES NEGATIVE NUMBERS.
R  INDICATES RECORD WAS SET OR TIED.
MM INDICATES DATA IS MISSING.
T  INDICATES TRACE AMOUNT.




$$
