000
CDUS43 KMPX 080735
CLIMPX


CLIMATE REPORT
NATIONAL WEATHER SERVICE CHANHASSEN MN
234 AM CDT SUN OCT 8 2017


...................................

...THE CHANHASSEN MN CLIMATE SUMMARY FOR OCTOBER 7 2017...

CLIMATE NORMAL PERIOD 1981 TO 2010
CLIMATE RECORD PERIOD 1995 TO 2017


WEATHER ITEM   OBSERVED TIME   RECORD YEAR NORMAL DEPARTURE LAST
                VALUE   (LST)  VALUE       VALUE  FROM      YEAR
                                                  NORMAL
..................................................................
TEMPERATURE (F)
 YESTERDAY
  MAXIMUM         67        MM  MM      MM  62      5       46
  MINIMUM         50        MM  MM      MM  41      9       32
  AVERAGE         59                        51      8       39

PRECIPITATION (IN)
  YESTERDAY        0.06         MM      MM   0.09  -0.03     0.02
  MONTH TO DATE    3.99                      0.72   3.27     1.65
  SINCE SEP 1      6.17                      4.15   2.02     6.80
  SINCE JAN 1     35.71                     26.15   9.56    34.76

SNOWFALL (IN)
  YESTERDAY        0.0          MM      MM   0.1   -0.1      0.0
  MONTH TO DATE    0.0                       0.1   -0.1      0.0
  SINCE SEP 1      T                         0.1   -0.1      0.0
  SINCE JUL 1      T                         0.1   -0.1      0.0
  SNOW DEPTH       0

DEGREE DAYS
 HEATING
  YESTERDAY        6                        14     -8       26
  MONTH TO DATE   69                        90    -21       57
  SINCE SEP 1    180                       266    -86      135
  SINCE JUL 1    201                       289    -88      148

 COOLING
  YESTERDAY        0                         0      0        0
  MONTH TO DATE    0                         0      0        0
  SINCE SEP 1     79                        47     32       45
  SINCE JAN 1    477                       600   -123      631
..................................................................


WIND (MPH)
  HIGHEST WIND SPEED    MM   HIGHEST WIND DIRECTION    MM
  HIGHEST GUST SPEED    MM   HIGHEST GUST DIRECTION    MM
  AVERAGE WIND SPEED    MM


SKY COVER
  POSSIBLE SUNSHINE  MM
  AVERAGE SKY COVER  MM


WEATHER CONDITIONS
 THE FOLLOWING WEATHER WAS RECORDED YESTERDAY.
  NO SIGNIFICANT WEATHER WAS OBSERVED.


RELATIVE HUMIDITY (PERCENT)
 HIGHEST    MM
 LOWEST     MM
 AVERAGE    MM

..........................................................


THE CHANHASSEN MN CLIMATE NORMALS FOR TODAY
                         NORMAL    RECORD    YEAR
 MAXIMUM TEMPERATURE (F)   61        MM        MM
 MINIMUM TEMPERATURE (F)   41        MM        MM


SUNRISE AND SUNSET
OCTOBER  8 2017.......SUNRISE   721 AM CDT   SUNSET   641 PM CDT
OCTOBER  9 2017.......SUNRISE   723 AM CDT   SUNSET   640 PM CDT


-  INDICATES NEGATIVE NUMBERS.
R  INDICATES RECORD WAS SET OR TIED.
MM INDICATES DATA IS MISSING.
T  INDICATES TRACE AMOUNT.




$$
