000
CDUS43 KMPX 060920
CLIMPX


CLIMATE REPORT
NATIONAL WEATHER SERVICE CHANHASSEN MN
319 AM CST FRI JAN 6 2017


...................................

...THE CHANHASSEN MN CLIMATE SUMMARY FOR JANUARY 5 2017...

CLIMATE NORMAL PERIOD 1981 TO 2010
CLIMATE RECORD PERIOD 1995 TO 2017


WEATHER ITEM   OBSERVED TIME   RECORD YEAR NORMAL DEPARTURE LAST
                VALUE   (LST)  VALUE       VALUE  FROM      YEAR
                                                  NORMAL
..................................................................
TEMPERATURE (F)
 YESTERDAY
  MAXIMUM          0        MM  46    2012  23    -23       29
  MINIMUM        -11        MM -22    2014   6    -17       18
  AVERAGE         -5                        14    -19       24

PRECIPITATION (IN)
  YESTERDAY        0.01R         T    2006   0.03  -0.02     0.00
                                      2006
                                      2007
  MONTH TO DATE    0.02                      0.16  -0.14      T
  SINCE DEC 1      2.27                      1.41   0.86     1.97
  SINCE JAN 1      0.02                      0.16  -0.14      T

SNOWFALL (IN)
  YESTERDAY        0.1 R         T    2006   0.3   -0.2      0.0
                                      2005
                                      2004
  MONTH TO DATE    0.1                       1.7   -1.6       T
  SINCE DEC 1     18.5                      15.6    2.9      9.3
  SINCE JUL 1     23.6                      21.4    2.2     12.3
  SNOW DEPTH       3

DEGREE DAYS
 HEATING
  YESTERDAY       70                        51     19       41
  MONTH TO DATE  266                       253     13      225
  SINCE DEC 1   1698                      1707     -9     1353
  SINCE JUL 1   2921                      3414   -493     2685

 COOLING
  YESTERDAY        0                         0      0        0
  MONTH TO DATE    0                         0      0        0
  SINCE DEC 1      0                         0      0        0
  SINCE JAN 1      0                         0      0        0
..................................................................


WIND (MPH)
  HIGHEST WIND SPEED    MM   HIGHEST WIND DIRECTION    MM
  HIGHEST GUST SPEED    MM   HIGHEST GUST DIRECTION    MM
  AVERAGE WIND SPEED    MM


SKY COVER
  POSSIBLE SUNSHINE  MM
  AVERAGE SKY COVER  MM


WEATHER CONDITIONS
 THE FOLLOWING WEATHER WAS RECORDED YESTERDAY.
  NO SIGNIFICANT WEATHER WAS OBSERVED.


RELATIVE HUMIDITY (PERCENT)
 HIGHEST    MM
 LOWEST     MM
 AVERAGE    MM

..........................................................


THE CHANHASSEN MN CLIMATE NORMALS FOR TODAY
                         NORMAL    RECORD    YEAR
 MAXIMUM TEMPERATURE (F)   23        46      2012
 MINIMUM TEMPERATURE (F)    6       -24      2014


SUNRISE AND SUNSET
JANUARY  6 2017.......SUNRISE   752 AM CST   SUNSET   449 PM CST
JANUARY  7 2017.......SUNRISE   751 AM CST   SUNSET   450 PM CST


-  INDICATES NEGATIVE NUMBERS.
R  INDICATES RECORD WAS SET OR TIED.
MM INDICATES DATA IS MISSING.
T  INDICATES TRACE AMOUNT.




$$
