000
CDUS43 KMPX 072231
CLIMPX


CLIMATE REPORT
NATIONAL WEATHER SERVICE CHANHASSEN MN
430 PM CST SAT JAN 7 2017


...................................

...THE CHANHASSEN MN CLIMATE SUMMARY FOR JANUARY 7 2017...
VALID AS OF 0400 PM LOCAL TIME.

CLIMATE NORMAL PERIOD 1981 TO 2010
CLIMATE RECORD PERIOD 1995 TO 2017


WEATHER ITEM   OBSERVED TIME   RECORD YEAR NORMAL DEPARTURE LAST
                VALUE   (LST)  VALUE       VALUE  FROM      YEAR
                                                  NORMAL
..................................................................
TEMPERATURE (F)
 TODAY
  MAXIMUM          7        MM  52    2003  23    -16       32
  MINIMUM         -3        MM -17    2014   6     -9       29
  AVERAGE          2                        14    -12       31

PRECIPITATION (IN)
  TODAY            0.00          T    2007   0.03  -0.03     0.06
                                      2007
                                      2009
  MONTH TO DATE    0.02                      0.22  -0.20     0.10
  SINCE DEC 1      2.27                      1.47   0.80     2.07
  SINCE JAN 1      0.02                      0.22  -0.20     0.10

SNOWFALL (IN)
  TODAY            0.0           T    2007   0.3   -0.3      0.7
  MONTH TO DATE    0.1                       2.4   -2.3      1.0
  SINCE DEC 1     18.5                      16.3    2.2     10.3
  SINCE JUL 1     23.6                      22.1    1.5     13.3
  SNOW DEPTH       3

DEGREE DAYS
 HEATING
  TODAY           63                        51     12       34
  MONTH TO DATE  398                       355     43      295
  SINCE DEC 1   1830                      1809     21     1423
  SINCE JUL 1   3053                      3516   -463     2755

 COOLING
  TODAY            0                         0      0        0
  MONTH TO DATE    0                         0      0        0
  SINCE DEC 1      0                         0      0        0
  SINCE JAN 1      0                         0      0        0
..................................................................




SKY COVER
  POSSIBLE SUNSHINE  MM
  AVERAGE SKY COVER  MM


WEATHER CONDITIONS
 THE FOLLOWING WEATHER WAS RECORDED TODAY.
  NO SIGNIFICANT WEATHER WAS OBSERVED.


RELATIVE HUMIDITY (PERCENT)
 HIGHEST    MM
 LOWEST     MM
 AVERAGE    MM

..........................................................


THE CHANHASSEN MN CLIMATE NORMALS FOR TOMORROW
                         NORMAL    RECORD    YEAR
 MAXIMUM TEMPERATURE (F)   23        55      2003
 MINIMUM TEMPERATURE (F)    6       -15      2014


SUNRISE AND SUNSET
JANUARY  7 2017.......SUNRISE   751 AM CST   SUNSET   450 PM CST
JANUARY  8 2017.......SUNRISE   751 AM CST   SUNSET   451 PM CST


-  INDICATES NEGATIVE NUMBERS.
R  INDICATES RECORD WAS SET OR TIED.
MM INDICATES DATA IS MISSING.
T  INDICATES TRACE AMOUNT.




$$
