000
CDUS43 KMPX 282134
CLIMPX


CLIMATE REPORT
NATIONAL WEATHER SERVICE CHANHASSEN MN
434 PM CDT SUN JUN 28 2015


...................................

...THE CHANHASSEN MN CLIMATE SUMMARY FOR JUNE 28 2015...
VALID AS OF 0400 PM LOCAL TIME.

CLIMATE NORMAL PERIOD 1981 TO 2010
CLIMATE RECORD PERIOD 1995 TO 2015


WEATHER ITEM   OBSERVED TIME   RECORD YEAR NORMAL DEPARTURE LAST
                VALUE   (LST)  VALUE       VALUE  FROM      YEAR
                                                  NORMAL
..................................................................
TEMPERATURE (F)
 TODAY
  MAXIMUM         80        MM  MM      MM  81     -1       80
  MINIMUM         62        MM  MM      MM  61      1       65
  AVERAGE         71                        71      0       73

PRECIPITATION (IN)
  TODAY            0.12         MM      MM   0.13  -0.01     0.37
  MONTH TO DATE    2.75                      3.76  -1.01    10.41
  SINCE JUN 1      2.75                      3.76  -1.01    10.41
  SINCE JAN 1     11.47                     14.01  -2.54    26.31

SNOWFALL (IN)
  TODAY            0.0          MM      MM   0.0    0.0      0.0
  MONTH TO DATE    0.0                       0.0    0.0      0.0
  SINCE JUN 1      0.0                       0.0    0.0      0.0
  SINCE JUL 1     33.4                      53.9  -20.5     69.5
  SNOW DEPTH       0

DEGREE DAYS
 HEATING
  TODAY            0                         0      0        0
  MONTH TO DATE   18                        50    -32       33
  SINCE JUN 1     18                        50    -32       33
  SINCE JUL 1   8007                      7915     92     9174

 COOLING
  TODAY            6                         6      0        8
  MONTH TO DATE   91                       113    -22       98
  SINCE JUN 1     91                       113    -22       98
  SINCE JAN 1     99                       146    -47      135
..................................................................




SKY COVER
  POSSIBLE SUNSHINE  MM
  AVERAGE SKY COVER  MM


WEATHER CONDITIONS
 THE FOLLOWING WEATHER WAS RECORDED TODAY.
  NO SIGNIFICANT WEATHER WAS OBSERVED.


RELATIVE HUMIDITY (PERCENT)
 HIGHEST    MM
 LOWEST     MM
 AVERAGE    MM

..........................................................


THE CHANHASSEN MN CLIMATE NORMALS FOR TOMORROW
                         NORMAL    RECORD    YEAR
 MAXIMUM TEMPERATURE (F)   81        MM        MM
 MINIMUM TEMPERATURE (F)   61        MM        MM


SUNRISE AND SUNSET
JUNE 28 2015..........SUNRISE   530 AM CDT   SUNSET   904 PM CDT
JUNE 29 2015..........SUNRISE   531 AM CDT   SUNSET   904 PM CDT


-  INDICATES NEGATIVE NUMBERS.
R  INDICATES RECORD WAS SET OR TIED.
MM INDICATES DATA IS MISSING.
T  INDICATES TRACE AMOUNT.




$$
