099
CDUS43 KMPX 050704
CLIMPX


CLIMATE REPORT
NATIONAL WEATHER SERVICE CHANHASSEN MN
104 AM CST TUE DEC 5 2017


...................................

...THE CHANHASSEN MN CLIMATE SUMMARY FOR DECEMBER 4 2017...

CLIMATE NORMAL PERIOD 1981 TO 2010
CLIMATE RECORD PERIOD 1995 TO 2017


WEATHER ITEM   OBSERVED TIME   RECORD YEAR NORMAL DEPARTURE LAST
                VALUE   (LST)  VALUE       VALUE  FROM      YEAR
                                                  NORMAL
..................................................................
TEMPERATURE (F)
 YESTERDAY
  MAXIMUM         55        MM  MM      MM  29     26       36
  MINIMUM         23        MM  MM      MM  15      8       29
  AVERAGE         39                        22     17       33

PRECIPITATION (IN)
  YESTERDAY        0.33         MM      MM   0.04   0.29     0.16
  MONTH TO DATE    0.33                      0.17   0.16     0.19
  SINCE DEC 1      0.33                      0.17   0.16     0.19
  SINCE JAN 1     37.55                     30.08   7.47    38.47

SNOWFALL (IN)
  YESTERDAY        2.4          MM      MM   0.4    2.0      2.5
  MONTH TO DATE    2.4                       1.6    0.8      3.1
  SINCE DEC 1      2.4                       1.6    0.8      3.1
  SINCE JUL 1      4.2                       7.4   -3.2      8.2
  SNOW DEPTH       0

DEGREE DAYS
 HEATING
  YESTERDAY       26                        43    -17       32
  MONTH TO DATE  113                       168    -55      132
  SINCE DEC 1    113                       168    -55      132
  SINCE JUL 1   1726                      1875   -149     1355

 COOLING
  YESTERDAY        0                         0      0        0
  MONTH TO DATE    0                         0      0        0
  SINCE DEC 1      0                         0      0        0
  SINCE JAN 1    478                       605   -127      631
..................................................................


WIND (MPH)
  HIGHEST WIND SPEED    MM   HIGHEST WIND DIRECTION    MM
  HIGHEST GUST SPEED    MM   HIGHEST GUST DIRECTION    MM
  AVERAGE WIND SPEED    MM


SKY COVER
  POSSIBLE SUNSHINE  MM
  AVERAGE SKY COVER  MM


WEATHER CONDITIONS
 THE FOLLOWING WEATHER WAS RECORDED YESTERDAY.
  NO SIGNIFICANT WEATHER WAS OBSERVED.


RELATIVE HUMIDITY (PERCENT)
 HIGHEST    MM
 LOWEST     MM
 AVERAGE    MM

..........................................................


THE CHANHASSEN MN CLIMATE NORMALS FOR TODAY
                         NORMAL    RECORD    YEAR
 MAXIMUM TEMPERATURE (F)   29        MM        MM
 MINIMUM TEMPERATURE (F)   14        MM        MM


SUNRISE AND SUNSET
DECEMBER  5 2017......SUNRISE   736 AM CST   SUNSET   433 PM CST
DECEMBER  6 2017......SUNRISE   737 AM CST   SUNSET   433 PM CST


-  INDICATES NEGATIVE NUMBERS.
R  INDICATES RECORD WAS SET OR TIED.
MM INDICATES DATA IS MISSING.
T  INDICATES TRACE AMOUNT.




$$
