000
CDUS43 KMPX 070832
CLIMPX


CLIMATE REPORT
NATIONAL WEATHER SERVICE CHANHASSEN MN
231 AM CST SUN FEB 7 2016


...................................

...THE CHANHASSEN MN CLIMATE SUMMARY FOR FEBRUARY 6 2016...

CLIMATE NORMAL PERIOD 1981 TO 2010
CLIMATE RECORD PERIOD 1995 TO 2016


WEATHER ITEM   OBSERVED TIME   RECORD YEAR NORMAL DEPARTURE LAST
                VALUE   (LST)  VALUE       VALUE  FROM      YEAR
                                                  NORMAL
..................................................................
TEMPERATURE (F)
 YESTERDAY
  MAXIMUM         34        MM  45    2005  26      8       30
                                      2002
  MINIMUM         23        MM -12    2014   8     15       10
  AVERAGE         29                        16     13       20

PRECIPITATION (IN)
  YESTERDAY        T   R         T    2003   0.03  -0.03     0.00
                                      2003
                                      2014
  MONTH TO DATE    0.72                      0.18   0.54     0.11
  SINCE DEC 1      3.00                      2.30   0.70     1.45
  SINCE JAN 1      1.03                      1.05  -0.02     0.48

SNOWFALL (IN)
  YESTERDAY        T   R         T    2014   0.3   -0.3      0.0
                                      2010
                                      2001
  MONTH TO DATE   10.7                       2.1    8.6      2.5
  SINCE DEC 1     24.7                      26.3   -1.6     13.7
  SINCE JUL 1     27.7                      32.1   -4.4     21.8
  SNOW DEPTH       6

DEGREE DAYS
 HEATING
  YESTERDAY       36                        48    -12       45
  MONTH TO DATE  271                       294    -23      334
  SINCE DEC 1   2930                      3318   -388     3116
  SINCE JUL 1   4262                      5025   -763     5053

 COOLING
  YESTERDAY        0                         0      0        0
  MONTH TO DATE    0                         0      0        0
  SINCE DEC 1      0                         0      0        0
  SINCE JAN 1      0                         0      0        0
..................................................................


WIND (MPH)
  HIGHEST WIND SPEED    MM   HIGHEST WIND DIRECTION    MM
  HIGHEST GUST SPEED    MM   HIGHEST GUST DIRECTION    MM
  AVERAGE WIND SPEED    MM


SKY COVER
  POSSIBLE SUNSHINE  MM
  AVERAGE SKY COVER  MM


WEATHER CONDITIONS
 THE FOLLOWING WEATHER WAS RECORDED YESTERDAY.
  NO SIGNIFICANT WEATHER WAS OBSERVED.


RELATIVE HUMIDITY (PERCENT)
 HIGHEST    MM
 LOWEST     MM
 AVERAGE    MM

..........................................................


THE CHANHASSEN MN CLIMATE NORMALS FOR TODAY
                         NORMAL    RECORD    YEAR
 MAXIMUM TEMPERATURE (F)   26        41      2002
 MINIMUM TEMPERATURE (F)    8       -18      2003


SUNRISE AND SUNSET
FEBRUARY  7 2016......SUNRISE   727 AM CST   SUNSET   531 PM CST
FEBRUARY  8 2016......SUNRISE   725 AM CST   SUNSET   532 PM CST


-  INDICATES NEGATIVE NUMBERS.
R  INDICATES RECORD WAS SET OR TIED.
MM INDICATES DATA IS MISSING.
T  INDICATES TRACE AMOUNT.




$$
