000
CDUS43 KMPX 290744
CLIMPX


CLIMATE REPORT
NATIONAL WEATHER SERVICE CHANHASSEN MN
143 AM CST WED NOV 29 2017


...................................

...THE CHANHASSEN MN CLIMATE SUMMARY FOR NOVEMBER 28 2017...

CLIMATE NORMAL PERIOD 1981 TO 2010
CLIMATE RECORD PERIOD 1995 TO 2017


WEATHER ITEM   OBSERVED TIME   RECORD YEAR NORMAL DEPARTURE LAST
                VALUE   (LST)  VALUE       VALUE  FROM      YEAR
                                                  NORMAL
..................................................................
TEMPERATURE (F)
 YESTERDAY
  MAXIMUM         51        MM  MM      MM  32     19       53
  MINIMUM         32        MM  MM      MM  18     14       36
  AVERAGE         42                        25     17       45

PRECIPITATION (IN)
  YESTERDAY        0.00         MM      MM   0.06  -0.06     0.08
  MONTH TO DATE    0.24                      1.86  -1.62     1.62
  SINCE SEP 1      7.68                      7.80  -0.12    10.23
  SINCE JAN 1     37.22                     29.80   7.42    38.19

SNOWFALL (IN)
  YESTERDAY        0.0          MM      MM   0.3   -0.3      0.0
  MONTH TO DATE    1.1                       4.8   -3.7      5.1
  SINCE SEP 1      1.8                       5.2   -3.4      5.1
  SINCE JUL 1      1.8                       5.2   -3.4      5.1
  SNOW DEPTH       0

DEGREE DAYS
 HEATING
  YESTERDAY       23                        40    -17       20
  MONTH TO DATE  920                       889     31      636
  SINCE SEP 1   1531                      1602    -71     1150
  SINCE JUL 1   1552                      1625    -73     1163

 COOLING
  YESTERDAY        0                         0      0        0
  MONTH TO DATE    0                         0      0        0
  SINCE SEP 1     80                        52     28       45
  SINCE JAN 1    478                       605   -127      631
..................................................................


WIND (MPH)
  HIGHEST WIND SPEED    MM   HIGHEST WIND DIRECTION    MM
  HIGHEST GUST SPEED    MM   HIGHEST GUST DIRECTION    MM
  AVERAGE WIND SPEED    MM


SKY COVER
  POSSIBLE SUNSHINE  MM
  AVERAGE SKY COVER  MM


WEATHER CONDITIONS
 THE FOLLOWING WEATHER WAS RECORDED YESTERDAY.
  NO SIGNIFICANT WEATHER WAS OBSERVED.


RELATIVE HUMIDITY (PERCENT)
 HIGHEST    MM
 LOWEST     MM
 AVERAGE    MM

..........................................................


THE CHANHASSEN MN CLIMATE NORMALS FOR TODAY
                         NORMAL    RECORD    YEAR
 MAXIMUM TEMPERATURE (F)   32        MM        MM
 MINIMUM TEMPERATURE (F)   17        MM        MM


SUNRISE AND SUNSET
NOVEMBER 29 2017......SUNRISE   730 AM CST   SUNSET   435 PM CST
NOVEMBER 30 2017......SUNRISE   731 AM CST   SUNSET   435 PM CST


-  INDICATES NEGATIVE NUMBERS.
R  INDICATES RECORD WAS SET OR TIED.
MM INDICATES DATA IS MISSING.
T  INDICATES TRACE AMOUNT.




$$
