000
CDUS43 KMPX 090820
CLIMPX


CLIMATE REPORT
NATIONAL WEATHER SERVICE CHANHASSEN MN
220 AM CST THU FEB 9 2017


...................................

...THE CHANHASSEN MN CLIMATE SUMMARY FOR FEBRUARY 8 2017...

CLIMATE NORMAL PERIOD 1981 TO 2010
CLIMATE RECORD PERIOD 1995 TO 2017


WEATHER ITEM   OBSERVED TIME   RECORD YEAR NORMAL DEPARTURE LAST
                VALUE   (LST)  VALUE       VALUE  FROM      YEAR
                                                  NORMAL
..................................................................
TEMPERATURE (F)
 YESTERDAY
  MAXIMUM         13        MM  51    2002  26    -13       15
  MINIMUM         -2        MM -16    2007   8    -10        9
  AVERAGE          6                        17    -11       12

PRECIPITATION (IN)
  YESTERDAY        0.00          0.34 2010   0.03  -0.03     0.01
  MONTH TO DATE    T                         0.24  -0.24     0.73
  SINCE DEC 1      3.13                      2.36   0.77     3.01
  SINCE JAN 1      0.88                      1.11  -0.23     1.04

SNOWFALL (IN)
  YESTERDAY        0.0          10.4  2010   0.3   -0.3      0.2
  MONTH TO DATE    T                         2.8   -2.8     10.9
  SINCE DEC 1     27.3                      27.0    0.3     24.9
  SINCE JUL 1     32.4                      32.8   -0.4     27.9
  SNOW DEPTH       T

DEGREE DAYS
 HEATING
  YESTERDAY       59                        48     11       53
  MONTH TO DATE  382                       390     -8      362
  SINCE DEC 1   3237                      3414   -177     3021
  SINCE JUL 1   4460                      5121   -661     4353

 COOLING
  YESTERDAY        0                         0      0        0
  MONTH TO DATE    0                         0      0        0
  SINCE DEC 1      0                         0      0        0
  SINCE JAN 1      0                         0      0        0
..................................................................


WIND (MPH)
  HIGHEST WIND SPEED    MM   HIGHEST WIND DIRECTION    MM
  HIGHEST GUST SPEED    MM   HIGHEST GUST DIRECTION    MM
  AVERAGE WIND SPEED    MM


SKY COVER
  POSSIBLE SUNSHINE  MM
  AVERAGE SKY COVER  MM


WEATHER CONDITIONS
 THE FOLLOWING WEATHER WAS RECORDED YESTERDAY.
  NO SIGNIFICANT WEATHER WAS OBSERVED.


RELATIVE HUMIDITY (PERCENT)
 HIGHEST    MM
 LOWEST     MM
 AVERAGE    MM

..........................................................


THE CHANHASSEN MN CLIMATE NORMALS FOR TODAY
                         NORMAL    RECORD    YEAR
 MAXIMUM TEMPERATURE (F)   26        46      2009
 MINIMUM TEMPERATURE (F)    8       -11      2011


SUNRISE AND SUNSET
FEBRUARY  9 2017......SUNRISE   723 AM CST   SUNSET   534 PM CST
FEBRUARY 10 2017......SUNRISE   722 AM CST   SUNSET   536 PM CST


-  INDICATES NEGATIVE NUMBERS.
R  INDICATES RECORD WAS SET OR TIED.
MM INDICATES DATA IS MISSING.
T  INDICATES TRACE AMOUNT.




$$
