000
CDUS43 KMPX 220642
CLIMPX


CLIMATE REPORT
NATIONAL WEATHER SERVICE CHANHASSEN MN
1241 AM CST THU JAN 22 2015


...................................

...THE CHANHASSEN MN CLIMATE SUMMARY FOR JANUARY 21 2015...

CLIMATE NORMAL PERIOD 1981 TO 2010
CLIMATE RECORD PERIOD 1995 TO 2015


WEATHER ITEM   OBSERVED TIME   RECORD YEAR NORMAL DEPARTURE LAST
                VALUE   (LST)  VALUE       VALUE  FROM      YEAR
                                                  NORMAL
..................................................................
TEMPERATURE (F)
 YESTERDAY
  MAXIMUM         28        MM  MM      MM  23      5        5
  MINIMUM         24        MM  MM      MM   5     19      -17
  AVERAGE         26                        14     12       -6

PRECIPITATION (IN)
  YESTERDAY        0.02         MM      MM   0.03  -0.01     0.02
  MONTH TO DATE    0.32                      0.61  -0.29     0.77
  SINCE DEC 1      1.29                      1.86  -0.57     2.03
  SINCE JAN 1      0.32                      0.61  -0.29     0.77

SNOWFALL (IN)
  YESTERDAY        0.3          MM      MM   0.3    0.0      1.1
  MONTH TO DATE    4.2                       6.8   -2.6     10.4
  SINCE DEC 1     10.9                      20.7   -9.8     27.2
  SINCE JUL 1     19.0                      26.5   -7.5     29.0
  SNOW DEPTH       2

DEGREE DAYS
 HEATING
  YESTERDAY       39                        51    -12       71
  MONTH TO DATE 1100                      1069     31     1190
  SINCE DEC 1   2399                      2523   -124     2897
  SINCE JUL 1   4336                      4230    106     4619

 COOLING
  YESTERDAY        0                         0      0        0
  MONTH TO DATE    0                         0      0        0
  SINCE DEC 1      0                         0      0        0
  SINCE JAN 1      0                         0      0        0
..................................................................


WIND (MPH)
  HIGHEST WIND SPEED    MM   HIGHEST WIND DIRECTION    MM
  HIGHEST GUST SPEED    MM   HIGHEST GUST DIRECTION    MM
  AVERAGE WIND SPEED    MM


SKY COVER
  POSSIBLE SUNSHINE  MM
  AVERAGE SKY COVER  MM


WEATHER CONDITIONS
 THE FOLLOWING WEATHER WAS RECORDED YESTERDAY.
  NO SIGNIFICANT WEATHER WAS OBSERVED.


RELATIVE HUMIDITY (PERCENT)
 HIGHEST    MM
 LOWEST     MM
 AVERAGE    MM

..........................................................


THE CHANHASSEN MN CLIMATE NORMALS FOR TODAY
                         NORMAL    RECORD    YEAR
 MAXIMUM TEMPERATURE (F)   23        MM        MM
 MINIMUM TEMPERATURE (F)    5        MM        MM


SUNRISE AND SUNSET
JANUARY 22 2015.......SUNRISE   744 AM CST   SUNSET   508 PM CST
JANUARY 23 2015.......SUNRISE   743 AM CST   SUNSET   510 PM CST


-  INDICATES NEGATIVE NUMBERS.
R  INDICATES RECORD WAS SET OR TIED.
MM INDICATES DATA IS MISSING.
T  INDICATES TRACE AMOUNT.




$$
