000
CDUS43 KMPX 160107
CLIMPX


CLIMATE REPORT
NATIONAL WEATHER SERVICE CHANHASSEN MN
807 PM CDT THU SEP 15 2016


...................................

...THE CHANHASSEN MN CLIMATE SUMMARY FOR SEPTEMBER 15 2016...
VALID TODAY AS OF 0800 PM LOCAL TIME.

CLIMATE NORMAL PERIOD 1981 TO 2010
CLIMATE RECORD PERIOD 1995 TO 2016


WEATHER ITEM   OBSERVED TIME   RECORD YEAR NORMAL DEPARTURE LAST
                VALUE   (LST)  VALUE       VALUE  FROM      YEAR
                                                  NORMAL
..................................................................
TEMPERATURE (F)
 TODAY
  MAXIMUM         73        MM  MM      MM  71      2       84
  MINIMUM         52        MM  MM          51      1       65
  AVERAGE         63                        61      2       75

PRECIPITATION (IN)
  TODAY            0.69         MM      MM   0.12   0.57      T
  MONTH TO DATE    2.99                      1.84   1.15     1.51
  SINCE SEP 1      2.99                      1.84   1.15     1.51
  SINCE JAN 1     30.95                     23.84   7.11    24.49

SNOWFALL (IN)
  TODAY            0.0          MM      MM   0.0    0.0      0.0
  MONTH TO DATE    0.0                       0.0    0.0      0.0
  SINCE SEP 1      0.0                       0.0    0.0      0.0
  SINCE JUL 1      0.0                       0.0    0.0      0.0
  SNOW DEPTH       0

DEGREE DAYS
 HEATING
  TODAY            2                         5     -3        0
  MONTH TO DATE   21                        51    -30       34
  SINCE SEP 1     21                        51    -30       34
  SINCE JUL 1     34                        74    -40       76

 COOLING
  TODAY            0                         1     -1       10
  MONTH TO DATE   33                        36     -3       88
  SINCE SEP 1     33                        36     -3       88
  SINCE JAN 1    619                       589     30      520
..................................................................


WIND (MPH)
  HIGHEST WIND SPEED    MM   HIGHEST WIND DIRECTION    MM
  HIGHEST GUST SPEED    MM   HIGHEST GUST DIRECTION    MM
  AVERAGE WIND SPEED    MM


SKY COVER
  POSSIBLE SUNSHINE  MM
  AVERAGE SKY COVER  MM


WEATHER CONDITIONS
 THE FOLLOWING WEATHER WAS RECORDED TODAY.
  NO SIGNIFICANT WEATHER WAS OBSERVED.


RELATIVE HUMIDITY (PERCENT)
 HIGHEST    MM
 LOWEST     MM
 AVERAGE    MM

..........................................................


THE CHANHASSEN MN CLIMATE NORMALS FOR TOMORROW
                         NORMAL    RECORD    YEAR
 MAXIMUM TEMPERATURE (F)   71        MM        MM
 MINIMUM TEMPERATURE (F)   51        MM        MM


SUNRISE AND SUNSET
SEPTEMBER 15 2016.....SUNRISE   654 AM CDT   SUNSET   724 PM CDT
SEPTEMBER 16 2016.....SUNRISE   655 AM CDT   SUNSET   722 PM CDT


-  INDICATES NEGATIVE NUMBERS.
R  INDICATES RECORD WAS SET OR TIED.
MM INDICATES DATA IS MISSING.
T  INDICATES TRACE AMOUNT.




$$
