000
CDUS43 KMPX 152127
CLIMPX


CLIMATE REPORT
NATIONAL WEATHER SERVICE CHANHASSEN MN
427 PM CDT TUE APR 15 2014


...................................

...THE CHANHASSEN MN CLIMATE SUMMARY FOR APRIL 15 2014...
VALID AS OF 0400 PM LOCAL TIME.

CLIMATE NORMAL PERIOD 1981 TO 2010
CLIMATE RECORD PERIOD 1995 TO 2014


WEATHER ITEM   OBSERVED NORMAL DEPARTURE LAST
                VALUE   VALUE  FROM      YEAR
                               NORMAL
...............................................
TEMPERATURE (F)
 TODAY
  MAXIMUM         37     57    -20       39
  MINIMUM         17     36    -19       32
  AVERAGE         27     46    -19       36

PRECIPITATION (IN)
  TODAY            0.00   0.09  -0.09     0.00
  MONTH TO DATE    0.84   1.44  -0.60     3.29
  SINCE MAR 1      1.53   3.22  -1.69     4.93
  SINCE JAN 1      4.44   5.03  -0.59     6.64

SNOWFALL (IN)
  TODAY            0.0    0.2   -0.2      0.0
  MONTH TO DATE    8.7    2.5    6.2      8.7
  SINCE MAR 1     12.1   13.3   -1.2     20.2
  SINCE JUL 1     67.4   53.0   14.4     57.8
  SNOW DEPTH       0

DEGREE DAYS
 HEATING
  TODAY           38     19     19       29
  MONTH TO DATE  387    334     53      452
  SINCE MAR 1   1655   1380    275     1697
  SINCE JUL 1   8538   7395   1143     7519

 COOLING
  TODAY            0      0      0        0
  MONTH TO DATE    0      0      0        0
  SINCE MAR 1      0      0      0        0
  SINCE JAN 1      0      0      0        0
...............................................







THE CHANHASSEN MN CLIMATE NORMALS FOR TOMORROW
                         NORMAL
 MAXIMUM TEMPERATURE (F)   58
 MINIMUM TEMPERATURE (F)   36



-  INDICATES NEGATIVE NUMBERS.
R  INDICATES RECORD WAS SET OR TIED.
MM INDICATES DATA IS MISSING.
T  INDICATES TRACE AMOUNT.




$$
