000
CDUS43 KMPX 080029
CLIMPX


CLIMATE REPORT
NATIONAL WEATHER SERVICE CHANHASSEN MN
729 PM CDT SUN MAY 7 2017


...................................

...THE CHANHASSEN MN CLIMATE SUMMARY FOR MAY 7 2017...
VALID TODAY AS OF 0700 PM LOCAL TIME.

CLIMATE NORMAL PERIOD 1981 TO 2010
CLIMATE RECORD PERIOD 1995 TO 2017


WEATHER ITEM   OBSERVED TIME   RECORD YEAR NORMAL DEPARTURE LAST
                VALUE   (LST)  VALUE       VALUE  FROM      YEAR
                                                  NORMAL
..................................................................
TEMPERATURE (F)
 TODAY
  MAXIMUM         65        MM  MM      MM  66     -1       67
  MINIMUM         48        MM  MM          45      3       43
  AVERAGE         57                        55      2       55

PRECIPITATION (IN)
  TODAY            0.00         MM      MM   0.12  -0.12     0.00
  MONTH TO DATE    0.21                      0.81  -0.60      T
  SINCE MAR 1      5.91                      5.59   0.32     4.73
  SINCE JAN 1      7.51                      7.40   0.11     6.22

SNOWFALL (IN)
  TODAY            0.0          MM      MM   0.0    0.0      0.0
  MONTH TO DATE    T                         0.2   -0.2      0.0
  SINCE MAR 1      6.1                      14.4   -8.3      5.6
  SINCE JUL 1     38.5                      54.1  -15.6     35.5
  SNOW DEPTH       0

DEGREE DAYS
 HEATING
  TODAY            8                        10     -2       10
  MONTH TO DATE   93                        77     16       65
  SINCE MAR 1   1607                      1681    -74     1406
  SINCE JUL 1   6676                      7696  -1020     6621

 COOLING
  TODAY            0                         1     -1        0
  MONTH TO DATE    0                         1     -1        9
  SINCE MAR 1      0                         4     -4       16
  SINCE JAN 1      0                         4     -4       16
..................................................................


WIND (MPH)
  HIGHEST WIND SPEED    MM   HIGHEST WIND DIRECTION    MM
  HIGHEST GUST SPEED    MM   HIGHEST GUST DIRECTION    MM
  AVERAGE WIND SPEED    MM


SKY COVER
  POSSIBLE SUNSHINE  MM
  AVERAGE SKY COVER  MM


WEATHER CONDITIONS
 THE FOLLOWING WEATHER WAS RECORDED TODAY.
  NO SIGNIFICANT WEATHER WAS OBSERVED.


RELATIVE HUMIDITY (PERCENT)
 HIGHEST    MM
 LOWEST     MM
 AVERAGE    MM

..........................................................


THE CHANHASSEN MN CLIMATE NORMALS FOR TOMORROW
                         NORMAL    RECORD    YEAR
 MAXIMUM TEMPERATURE (F)   66        MM        MM
 MINIMUM TEMPERATURE (F)   45        MM        MM


SUNRISE AND SUNSET
MAY  7 2017...........SUNRISE   555 AM CDT   SUNSET   827 PM CDT
MAY  8 2017...........SUNRISE   554 AM CDT   SUNSET   828 PM CDT


-  INDICATES NEGATIVE NUMBERS.
R  INDICATES RECORD WAS SET OR TIED.
MM INDICATES DATA IS MISSING.
T  INDICATES TRACE AMOUNT.




$$
