000
CDUS43 KMPX 040654
CLIMPX


CLIMATE REPORT
NATIONAL WEATHER SERVICE CHANHASSEN MN
154 AM CDT WED OCT 4 2017


...................................

...THE CHANHASSEN MN CLIMATE SUMMARY FOR OCTOBER 3 2017...

CLIMATE NORMAL PERIOD 1981 TO 2010
CLIMATE RECORD PERIOD 1995 TO 2017


WEATHER ITEM   OBSERVED TIME   RECORD YEAR NORMAL DEPARTURE LAST
                VALUE   (LST)  VALUE       VALUE  FROM      YEAR
                                                  NORMAL
..................................................................
TEMPERATURE (F)
 YESTERDAY
  MAXIMUM         68        MM  MM      MM  63      5       74
  MINIMUM         47        MM  MM      MM  43      4       49
  AVERAGE         58                        53      5       62

PRECIPITATION (IN)
  YESTERDAY        0.34         MM      MM   0.11   0.23     0.00
  MONTH TO DATE    3.39                      0.32   3.07     0.00
  SINCE SEP 1      5.57                      3.75   1.82     5.15
  SINCE JAN 1     35.11                     25.75   9.36    33.11

SNOWFALL (IN)
  YESTERDAY        0.0          MM      MM   0.0    0.0      0.0
  MONTH TO DATE    0.0                       0.0    0.0      0.0
  SINCE SEP 1      T                         0.0    0.0      0.0
  SINCE JUL 1      T                         0.0    0.0      0.0
  SNOW DEPTH       0

DEGREE DAYS
 HEATING
  YESTERDAY        7                        12     -5        3
  MONTH TO DATE   22                        36    -14       12
  SINCE SEP 1    133                       212    -79       90
  SINCE JUL 1    154                       235    -81      103

 COOLING
  YESTERDAY        0                         0      0        0
  MONTH TO DATE    0                         0      0        0
  SINCE SEP 1     79                        47     32       45
  SINCE JAN 1    477                       600   -123      631
..................................................................


WIND (MPH)
  HIGHEST WIND SPEED    MM   HIGHEST WIND DIRECTION    MM
  HIGHEST GUST SPEED    MM   HIGHEST GUST DIRECTION    MM
  AVERAGE WIND SPEED    MM


SKY COVER
  POSSIBLE SUNSHINE  MM
  AVERAGE SKY COVER  MM


WEATHER CONDITIONS
 THE FOLLOWING WEATHER WAS RECORDED YESTERDAY.
  NO SIGNIFICANT WEATHER WAS OBSERVED.


RELATIVE HUMIDITY (PERCENT)
 HIGHEST    MM
 LOWEST     MM
 AVERAGE    MM

..........................................................


THE CHANHASSEN MN CLIMATE NORMALS FOR TODAY
                         NORMAL    RECORD    YEAR
 MAXIMUM TEMPERATURE (F)   63        MM        MM
 MINIMUM TEMPERATURE (F)   42        MM        MM


SUNRISE AND SUNSET
OCTOBER  4 2017.......SUNRISE   716 AM CDT   SUNSET   649 PM CDT
OCTOBER  5 2017.......SUNRISE   717 AM CDT   SUNSET   647 PM CDT


-  INDICATES NEGATIVE NUMBERS.
R  INDICATES RECORD WAS SET OR TIED.
MM INDICATES DATA IS MISSING.
T  INDICATES TRACE AMOUNT.




$$
