000
CDUS43 KMPX 142227
CLIMPX


CLIMATE REPORT
NATIONAL WEATHER SERVICE CHANHASSEN MN
427 PM CST FRI NOV 14 2014


...................................

...THE CHANHASSEN MN CLIMATE SUMMARY FOR NOVEMBER 14 2014...
VALID AS OF 0400 PM LOCAL TIME.

CLIMATE NORMAL PERIOD 1981 TO 2010
CLIMATE RECORD PERIOD 1995 TO 2014


WEATHER ITEM   OBSERVED NORMAL DEPARTURE LAST
                VALUE   VALUE  FROM      YEAR
                               NORMAL
...............................................
TEMPERATURE (F)
 TODAY
  MAXIMUM         20     41    -21       53
  MINIMUM          7     26    -19       30
  AVERAGE         14     34    -20       42

PRECIPITATION (IN)
  TODAY            T      0.06  -0.06     0.00
  MONTH TO DATE    0.30   0.95  -0.65     0.37
  SINCE SEP 1      2.52   6.89  -4.37     5.47
  SINCE JAN 1     35.03  28.89   6.14    33.68

SNOWFALL (IN)
  TODAY            T      0.2   -0.2      0.0
  MONTH TO DATE    2.4    1.5    0.9      1.6
  SINCE SEP 1      2.4    1.9    0.5      1.6
  SINCE JUL 1      2.4    1.9    0.5      1.6
  SNOW DEPTH       2

DEGREE DAYS
 HEATING
  TODAY           51     31     20       23
  MONTH TO DATE  456    386     70      418
  SINCE SEP 1   1157   1099     58     1097
  SINCE JUL 1   1173   1122     51     1118

 COOLING
  TODAY            0      0      0        0
  MONTH TO DATE    0      0      0        0
  SINCE SEP 1     35     52    -17       88
  SINCE JAN 1    514    605    -91      667
...............................................







THE CHANHASSEN MN CLIMATE NORMALS FOR TOMORROW
                         NORMAL
 MAXIMUM TEMPERATURE (F)   41
 MINIMUM TEMPERATURE (F)   26



-  INDICATES NEGATIVE NUMBERS.
R  INDICATES RECORD WAS SET OR TIED.
MM INDICATES DATA IS MISSING.
T  INDICATES TRACE AMOUNT.




$$
