000
CDUS43 KMPX 162204
CLIMPX


CLIMATE REPORT
NATIONAL WEATHER SERVICE CHANHASSEN MN
503 PM CDT SAT MAY 16 2015


...................................

...THE CHANHASSEN MN CLIMATE SUMMARY FOR MAY 16 2015...
VALID AS OF 0500 PM LOCAL TIME.

CLIMATE NORMAL PERIOD 1981 TO 2010
CLIMATE RECORD PERIOD 1995 TO 2015


WEATHER ITEM   OBSERVED TIME   RECORD YEAR NORMAL DEPARTURE LAST
                VALUE   (LST)  VALUE       VALUE  FROM      YEAR
                                                  NORMAL
..................................................................
TEMPERATURE (F)
 TODAY
  MAXIMUM         73        MM  MM      MM  69      4       53
  MINIMUM         55        MM  MM      MM  48      7       37
  AVERAGE         64                        58      6       45

PRECIPITATION (IN)
  TODAY            0.00         MM      MM   0.12  -0.12     0.00
  MONTH TO DATE    2.37                      1.85   0.52     1.96
  SINCE MAR 1      5.37                      6.63  -1.26     9.70
  SINCE JAN 1      6.13                      8.44  -2.31    12.61

SNOWFALL (IN)
  TODAY            0.0          MM      MM   0.0    0.0      0.0
  MONTH TO DATE    T                         0.3   -0.3       T
  SINCE MAR 1      9.3                      14.5   -5.2     14.2
  SINCE JUL 1     33.4                      54.2  -20.8     69.5
  SNOW DEPTH       0

DEGREE DAYS
 HEATING
  TODAY            1                         8     -7       20
  MONTH TO DATE  122                       157    -35      229
  SINCE MAR 1   1598                      1761   -163     2205
  SINCE JUL 1   7856                      7776     80     9088

 COOLING
  TODAY            0                         1     -1        0
  MONTH TO DATE    1                        10     -9        0
  SINCE MAR 1      1                        13    -12        0
  SINCE JAN 1      1                        13    -12        0
..................................................................




SKY COVER
  POSSIBLE SUNSHINE  MM
  AVERAGE SKY COVER  MM


WEATHER CONDITIONS
 THE FOLLOWING WEATHER WAS RECORDED TODAY.
  NO SIGNIFICANT WEATHER WAS OBSERVED.


RELATIVE HUMIDITY (PERCENT)
 HIGHEST    MM
 LOWEST     MM
 AVERAGE    MM

..........................................................


THE CHANHASSEN MN CLIMATE NORMALS FOR TOMORROW
                         NORMAL    RECORD    YEAR
 MAXIMUM TEMPERATURE (F)   69        MM        MM
 MINIMUM TEMPERATURE (F)   48        MM        MM


SUNRISE AND SUNSET
MAY 16 2015...........SUNRISE   545 AM CDT   SUNSET   837 PM CDT
MAY 17 2015...........SUNRISE   544 AM CDT   SUNSET   838 PM CDT


-  INDICATES NEGATIVE NUMBERS.
R  INDICATES RECORD WAS SET OR TIED.
MM INDICATES DATA IS MISSING.
T  INDICATES TRACE AMOUNT.




$$
