000
CDUS43 KMPX 142127
CLIMPX


CLIMATE REPORT
NATIONAL WEATHER SERVICE CHANHASSEN MN
426 PM CDT THU AUG 14 2014


...................................

...THE CHANHASSEN MN CLIMATE SUMMARY FOR AUGUST 14 2014...
VALID AS OF 0400 PM LOCAL TIME.

CLIMATE NORMAL PERIOD 1981 TO 2010
CLIMATE RECORD PERIOD 1995 TO 2014


WEATHER ITEM   OBSERVED NORMAL DEPARTURE LAST
                VALUE   VALUE  FROM      YEAR
                               NORMAL
...............................................
TEMPERATURE (F)
 TODAY
  MAXIMUM         79     80     -1       76
  MINIMUM         58     61     -3       52
  AVERAGE         69     71     -2       64

PRECIPITATION (IN)
  TODAY            0.00   0.15  -0.15     0.00
  MONTH TO DATE    0.18   1.80  -1.62     1.65
  SINCE JUN 1     13.93   9.41   4.52    12.62
  SINCE JAN 1     29.83  19.66  10.17    28.12

SNOWFALL (IN)
  TODAY            0.0    0.0    0.0      0.0
  MONTH TO DATE    0.0    0.0    0.0      0.0
  SINCE JUN 1      0.0    0.0    0.0      0.0
  SINCE JUL 1      0.0    0.0    0.0      0.0
  SNOW DEPTH       0

DEGREE DAYS
 HEATING
  TODAY            0      0      0        1
  MONTH TO DATE    0      0      0        5
  SINCE JUN 1     46     57    -11       83
  SINCE JUL 1     13      8      5       21

 COOLING
  TODAY            4      6     -2        0
  MONTH TO DATE   80     90    -10       29
  SINCE JUN 1    334    442   -108      380
  SINCE JAN 1    371    475   -104      403
...............................................







THE CHANHASSEN MN CLIMATE NORMALS FOR TOMORROW
                         NORMAL
 MAXIMUM TEMPERATURE (F)   80
 MINIMUM TEMPERATURE (F)   61



-  INDICATES NEGATIVE NUMBERS.
R  INDICATES RECORD WAS SET OR TIED.
MM INDICATES DATA IS MISSING.
T  INDICATES TRACE AMOUNT.




$$
