000
CDUS43 KMPX 140632
CLIMPX


CLIMATE REPORT
NATIONAL WEATHER SERVICE CHANHASSEN MN
130 AM CDT SUN SEP 14 2014


...................................

...THE CHANHASSEN MN CLIMATE SUMMARY FOR SEPTEMBER 13 2014...

CLIMATE NORMAL PERIOD 1981 TO 2010
CLIMATE RECORD PERIOD 1995 TO 2014


WEATHER ITEM   OBSERVED NORMAL DEPARTURE LAST
                VALUE   VALUE  FROM      YEAR
                               NORMAL
...............................................
TEMPERATURE (F)
 YESTERDAY
  MAXIMUM         59     72    -13       67
  MINIMUM         32     52    -20       44
  AVERAGE         46     62    -16       56

PRECIPITATION (IN)
  YESTERDAY        0.00   0.12  -0.12     0.00
  MONTH TO DATE    0.49   1.60  -1.11     0.16
  SINCE SEP 1      0.49   1.60  -1.11     0.16
  SINCE JAN 1     33.00  23.60   9.40    28.37

SNOWFALL (IN)
  YESTERDAY        0.0    0.0    0.0      0.0
  MONTH TO DATE    0.0    0.0    0.0      0.0
  SINCE SEP 1      0.0    0.0    0.0      0.0
  SINCE JUL 1      0.0    0.0    0.0      0.0
  SNOW DEPTH       0

DEGREE DAYS
 HEATING
  YESTERDAY       19      5     14        9
  MONTH TO DATE   74     41     33       22
  SINCE SEP 1     74     41     33       22
  SINCE JUL 1     90     64     26       43

 COOLING
  YESTERDAY        0      2     -2        0
  MONTH TO DATE   19     33    -14       68
  SINCE SEP 1     19     33    -14       68
  SINCE JAN 1    498    586    -88      647
...............................................







THE CHANHASSEN MN CLIMATE NORMALS FOR TODAY
                         NORMAL
 MAXIMUM TEMPERATURE (F)   71
 MINIMUM TEMPERATURE (F)   52



-  INDICATES NEGATIVE NUMBERS.
R  INDICATES RECORD WAS SET OR TIED.
MM INDICATES DATA IS MISSING.
T  INDICATES TRACE AMOUNT.




$$
