000
CDUS43 KMPX 260023
CLIMPX


CLIMATE REPORT
NATIONAL WEATHER SERVICE CHANHASSEN MN
722 PM CDT MON APR 25 2016


...................................

...THE CHANHASSEN MN CLIMATE SUMMARY FOR APRIL 25 2016...
VALID TODAY AS OF 0700 PM LOCAL TIME.

CLIMATE NORMAL PERIOD 1981 TO 2010
CLIMATE RECORD PERIOD 1995 TO 2016


WEATHER ITEM   OBSERVED TIME   RECORD YEAR NORMAL DEPARTURE LAST
                VALUE   (LST)  VALUE       VALUE  FROM      YEAR
                                                  NORMAL
..................................................................
TEMPERATURE (F)
 TODAY
  MAXIMUM         55        MM  MM      MM  62     -7       60
  MINIMUM         49        MM  MM          40      9       41
  AVERAGE         52                        51      1       51

PRECIPITATION (IN)
  TODAY            0.47         MM      MM   0.11   0.36     0.00
  MONTH TO DATE    2.21                      2.42  -0.21     2.22
  SINCE MAR 1      3.63                      4.20  -0.57     3.00
  SINCE JAN 1      5.12                      6.01  -0.89     3.76

SNOWFALL (IN)
  TODAY            0.0          MM      MM   0.1   -0.1      0.0
  MONTH TO DATE    0.5                       3.2   -2.7      0.5
  SINCE MAR 1      5.6                      14.0   -8.4      9.3
  SINCE JUL 1     35.5                      53.7  -18.2     33.4
  SNOW DEPTH       0

DEGREE DAYS
 HEATING
  TODAY           13                        14     -1       14
  MONTH TO DATE  442                       495    -53      449
  SINCE MAR 1   1235                      1541   -306     1414
  SINCE JUL 1   6450                      7556  -1106     7672

 COOLING
  TODAY            0                         0      0        0
  MONTH TO DATE    7                         0      7        0
  SINCE MAR 1      7                         0      7        0
  SINCE JAN 1      7                         0      7        0
..................................................................


WIND (MPH)
  HIGHEST WIND SPEED    MM   HIGHEST WIND DIRECTION    MM
  HIGHEST GUST SPEED    MM   HIGHEST GUST DIRECTION    MM
  AVERAGE WIND SPEED    MM


SKY COVER
  POSSIBLE SUNSHINE  MM
  AVERAGE SKY COVER  MM


WEATHER CONDITIONS
 THE FOLLOWING WEATHER WAS RECORDED TODAY.
  NO SIGNIFICANT WEATHER WAS OBSERVED.


RELATIVE HUMIDITY (PERCENT)
 HIGHEST    MM
 LOWEST     MM
 AVERAGE    MM

..........................................................


THE CHANHASSEN MN CLIMATE NORMALS FOR TOMORROW
                         NORMAL    RECORD    YEAR
 MAXIMUM TEMPERATURE (F)   62        MM        MM
 MINIMUM TEMPERATURE (F)   41        MM        MM


SUNRISE AND SUNSET
APRIL 25 2016.........SUNRISE   612 AM CDT   SUNSET   813 PM CDT
APRIL 26 2016.........SUNRISE   611 AM CDT   SUNSET   814 PM CDT


-  INDICATES NEGATIVE NUMBERS.
R  INDICATES RECORD WAS SET OR TIED.
MM INDICATES DATA IS MISSING.
T  INDICATES TRACE AMOUNT.




$$
