000
CDUS43 KMPX 090731
CLIMPX


CLIMATE REPORT
NATIONAL WEATHER SERVICE CHANHASSEN MN
129 AM CST MON JAN 9 2017


...................................

...THE CHANHASSEN MN CLIMATE SUMMARY FOR JANUARY 8 2017...

CLIMATE NORMAL PERIOD 1981 TO 2010
CLIMATE RECORD PERIOD 1995 TO 2017


WEATHER ITEM   OBSERVED TIME   RECORD YEAR NORMAL DEPARTURE LAST
                VALUE   (LST)  VALUE       VALUE  FROM      YEAR
                                                  NORMAL
..................................................................
TEMPERATURE (F)
 YESTERDAY
  MAXIMUM         16        MM  55    2003  23     -7       32
  MINIMUM         -9        MM -15    2014   6    -15       18
  AVERAGE          4                        14    -10       25

PRECIPITATION (IN)
  YESTERDAY        T   R         T    2005   0.03  -0.03     0.10
  MONTH TO DATE    0.02                      0.25  -0.23     0.20
  SINCE DEC 1      2.27                      1.50   0.77     2.17
  SINCE JAN 1      0.02                      0.25  -0.23     0.20

SNOWFALL (IN)
  YESTERDAY        T   R         T    2005   0.3   -0.3      1.4
  MONTH TO DATE    0.1                       2.7   -2.6      2.4
  SINCE DEC 1     18.5                      16.6    1.9     11.7
  SINCE JUL 1     23.6                      22.4    1.2     14.7
  SNOW DEPTH       3

DEGREE DAYS
 HEATING
  YESTERDAY       61                        51     10       40
  MONTH TO DATE  460                       406     54      335
  SINCE DEC 1   1892                      1860     32     1463
  SINCE JUL 1   3115                      3567   -452     2795

 COOLING
  YESTERDAY        0                         0      0        0
  MONTH TO DATE    0                         0      0        0
  SINCE DEC 1      0                         0      0        0
  SINCE JAN 1      0                         0      0        0
..................................................................


WIND (MPH)
  HIGHEST WIND SPEED    MM   HIGHEST WIND DIRECTION    MM
  HIGHEST GUST SPEED    MM   HIGHEST GUST DIRECTION    MM
  AVERAGE WIND SPEED    MM


SKY COVER
  POSSIBLE SUNSHINE  MM
  AVERAGE SKY COVER  MM


WEATHER CONDITIONS
 THE FOLLOWING WEATHER WAS RECORDED YESTERDAY.
  NO SIGNIFICANT WEATHER WAS OBSERVED.


RELATIVE HUMIDITY (PERCENT)
 HIGHEST    MM
 LOWEST     MM
 AVERAGE    MM

..........................................................


THE CHANHASSEN MN CLIMATE NORMALS FOR TODAY
                         NORMAL    RECORD    YEAR
 MAXIMUM TEMPERATURE (F)   23        48      2012
                                             2002
 MINIMUM TEMPERATURE (F)    6       -18      2010


SUNRISE AND SUNSET
JANUARY  9 2017.......SUNRISE   751 AM CST   SUNSET   453 PM CST
JANUARY 10 2017.......SUNRISE   750 AM CST   SUNSET   454 PM CST


-  INDICATES NEGATIVE NUMBERS.
R  INDICATES RECORD WAS SET OR TIED.
MM INDICATES DATA IS MISSING.
T  INDICATES TRACE AMOUNT.




$$
