000
CDUS43 KMPX 180627
CLIMPX


CLIMATE REPORT
NATIONAL WEATHER SERVICE CHANHASSEN MN
1227 AM CST TUE NOV 18 2014


...................................

...THE CHANHASSEN MN CLIMATE SUMMARY FOR NOVEMBER 17 2014...

CLIMATE NORMAL PERIOD 1981 TO 2010
CLIMATE RECORD PERIOD 1995 TO 2014


WEATHER ITEM   OBSERVED NORMAL DEPARTURE LAST
                VALUE   VALUE  FROM      YEAR
                               NORMAL
...............................................
TEMPERATURE (F)
 YESTERDAY
  MAXIMUM         14     39    -25       42
  MINIMUM          5     24    -19       30
  AVERAGE         10     32    -22       36

PRECIPITATION (IN)
  YESTERDAY        T      0.06  -0.06     0.00
  MONTH TO DATE    0.44   1.15  -0.71     0.50
  SINCE SEP 1      2.66   7.09  -4.43     5.60
  SINCE JAN 1     35.17  29.09   6.08    33.81

SNOWFALL (IN)
  YESTERDAY        T      0.2   -0.2      0.0
  MONTH TO DATE    4.2    2.0    2.2      1.6
  SINCE SEP 1      4.2    2.4    1.8      1.6
  SINCE JUL 1      4.2    2.4    1.8      1.6
  SNOW DEPTH       3

DEGREE DAYS
 HEATING
  YESTERDAY       55     33     22       29
  MONTH TO DATE  620    484    136      491
  SINCE SEP 1   1321   1197    124     1170
  SINCE JUL 1   1337   1220    117     1191

 COOLING
  YESTERDAY        0      0      0        0
  MONTH TO DATE    0      0      0        0
  SINCE SEP 1     35     52    -17       88
  SINCE JAN 1    514    605    -91      667
...............................................







THE CHANHASSEN MN CLIMATE NORMALS FOR TODAY
                         NORMAL
 MAXIMUM TEMPERATURE (F)   39
 MINIMUM TEMPERATURE (F)   24



-  INDICATES NEGATIVE NUMBERS.
R  INDICATES RECORD WAS SET OR TIED.
MM INDICATES DATA IS MISSING.
T  INDICATES TRACE AMOUNT.




$$
