000
CDUS43 KMPX 110633
CLIMPX


CLIMATE REPORT
NATIONAL WEATHER SERVICE CHANHASSEN MN
132 AM CDT TUE APR 11 2017


...................................

...THE CHANHASSEN MN CLIMATE SUMMARY FOR APRIL 10 2017...

CLIMATE NORMAL PERIOD 1981 TO 2010
CLIMATE RECORD PERIOD 1995 TO 2017


WEATHER ITEM   OBSERVED TIME   RECORD YEAR NORMAL DEPARTURE LAST
                VALUE   (LST)  VALUE       VALUE  FROM      YEAR
                                                  NORMAL
..................................................................
TEMPERATURE (F)
 YESTERDAY
  MAXIMUM         50        MM  MM      MM  54     -4       57
  MINIMUM         32        MM  MM      MM  34     -2       34
  AVERAGE         41                        44     -3       46

PRECIPITATION (IN)
  YESTERDAY        0.48         MM      MM   0.10   0.38     0.00
  MONTH TO DATE    0.57                      0.94  -0.37     0.12
  SINCE MAR 1      1.31                      2.72  -1.41     1.54
  SINCE JAN 1      2.91                      4.53  -1.62     3.03

SNOWFALL (IN)
  YESTERDAY        0.6          MM      MM   0.1    0.5      0.0
  MONTH TO DATE    0.6                       1.8   -1.2      0.5
  SINCE MAR 1      6.1                      12.6   -6.5      5.6
  SINCE JUL 1     38.5                      52.3  -13.8     35.5
  SNOW DEPTH       0

DEGREE DAYS
 HEATING
  YESTERDAY       24                        21      3       19
  MONTH TO DATE  168                       235    -67      291
  SINCE MAR 1   1182                      1281    -99     1084
  SINCE JUL 1   6251                      7296  -1045     6299

 COOLING
  YESTERDAY        0                         0      0        0
  MONTH TO DATE    0                         0      0        0
  SINCE MAR 1      0                         0      0        0
  SINCE JAN 1      0                         0      0        0
..................................................................


WIND (MPH)
  HIGHEST WIND SPEED    MM   HIGHEST WIND DIRECTION    MM
  HIGHEST GUST SPEED    MM   HIGHEST GUST DIRECTION    MM
  AVERAGE WIND SPEED    MM


SKY COVER
  POSSIBLE SUNSHINE  MM
  AVERAGE SKY COVER  MM


WEATHER CONDITIONS
 THE FOLLOWING WEATHER WAS RECORDED YESTERDAY.
  NO SIGNIFICANT WEATHER WAS OBSERVED.


RELATIVE HUMIDITY (PERCENT)
 HIGHEST    MM
 LOWEST     MM
 AVERAGE    MM

..........................................................


THE CHANHASSEN MN CLIMATE NORMALS FOR TODAY
                         NORMAL    RECORD    YEAR
 MAXIMUM TEMPERATURE (F)   55        MM        MM
 MINIMUM TEMPERATURE (F)   34        MM        MM


SUNRISE AND SUNSET
APRIL 11 2017.........SUNRISE   636 AM CDT   SUNSET   755 PM CDT
APRIL 12 2017.........SUNRISE   635 AM CDT   SUNSET   756 PM CDT


-  INDICATES NEGATIVE NUMBERS.
R  INDICATES RECORD WAS SET OR TIED.
MM INDICATES DATA IS MISSING.
T  INDICATES TRACE AMOUNT.




$$
