000
CDUS43 KMPX 210645
CLIMPX


CLIMATE REPORT
NATIONAL WEATHER SERVICE CHANHASSEN MN
1245 AM CST WED JAN 21 2015


...................................

...THE CHANHASSEN MN CLIMATE SUMMARY FOR JANUARY 20 2015...

CLIMATE NORMAL PERIOD 1981 TO 2010
CLIMATE RECORD PERIOD 1995 TO 2015


WEATHER ITEM   OBSERVED TIME   RECORD YEAR NORMAL DEPARTURE LAST
                VALUE   (LST)  VALUE       VALUE  FROM      YEAR
                                                  NORMAL
..................................................................
TEMPERATURE (F)
 YESTERDAY
  MAXIMUM         MM        MM  31    2006  23     MM       29
                                      2002
  MINIMUM         MM        MM -15    2011   5     MM       -7
                                      2008
  AVERAGE         MM                        14     MM       11

PRECIPITATION (IN)
  YESTERDAY       MM             0.08 2012   0.02  MM        0.01
  MONTH TO DATE    0.22                      0.58  -0.36     0.75
  SINCE DEC 1      1.19                      1.83  -0.64     2.01
  SINCE JAN 1      0.22                      0.58  -0.36     0.75

SNOWFALL (IN)
  YESTERDAY       MM             1.0  2012   0.3   MM        0.4
  MONTH TO DATE    2.9                       6.5   -3.6      9.3
  SINCE DEC 1      9.6                      20.4  -10.8     26.1
  SINCE JUL 1     17.7                      26.2   -8.5     27.9
  SNOW DEPTH      MM

DEGREE DAYS
 HEATING
  YESTERDAY       MM                        51     MM       54
  MONTH TO DATE 1025                      1018      7     1119
  SINCE DEC 1   2324                      2472   -148     2826
  SINCE JUL 1   4261                      4179     82     4548

 COOLING
  YESTERDAY       MM                         0     MM        0
  MONTH TO DATE    0                         0      0        0
  SINCE DEC 1      0                         0      0        0
  SINCE JAN 1      0                         0      0        0
..................................................................


WIND (MPH)
  HIGHEST WIND SPEED    MM   HIGHEST WIND DIRECTION    MM
  HIGHEST GUST SPEED    MM   HIGHEST GUST DIRECTION    MM
  AVERAGE WIND SPEED    MM


SKY COVER
  POSSIBLE SUNSHINE  MM
  AVERAGE SKY COVER  MM


WEATHER CONDITIONS
 THE FOLLOWING WEATHER WAS RECORDED YESTERDAY.
  NO SIGNIFICANT WEATHER WAS OBSERVED.


RELATIVE HUMIDITY (PERCENT)
 HIGHEST    MM
 LOWEST     MM
 AVERAGE    MM

..........................................................


THE CHANHASSEN MN CLIMATE NORMALS FOR TODAY
                         NORMAL    RECORD    YEAR
 MAXIMUM TEMPERATURE (F)   23        MM        MM
 MINIMUM TEMPERATURE (F)    5        MM        MM


SUNRISE AND SUNSET
JANUARY 21 2015.......SUNRISE   745 AM CST   SUNSET   507 PM CST
JANUARY 22 2015.......SUNRISE   744 AM CST   SUNSET   508 PM CST


-  INDICATES NEGATIVE NUMBERS.
R  INDICATES RECORD WAS SET OR TIED.
MM INDICATES DATA IS MISSING.
T  INDICATES TRACE AMOUNT.




$$
