000
CDUS43 KMPX 050058
CLIMPX


CLIMATE REPORT
NATIONAL WEATHER SERVICE CHANHASSEN MN
658 PM CST WED JAN 4 2017


...................................

...THE CHANHASSEN MN CLIMATE SUMMARY FOR JANUARY 4 2017...
VALID TODAY AS OF 0600 PM LOCAL TIME.

CLIMATE NORMAL PERIOD 1981 TO 2010
CLIMATE RECORD PERIOD 1995 TO 2017


WEATHER ITEM   OBSERVED TIME   RECORD YEAR NORMAL DEPARTURE LAST
                VALUE   (LST)  VALUE       VALUE  FROM      YEAR
                                                  NORMAL
..................................................................
TEMPERATURE (F)
 TODAY
  MAXIMUM          1        MM  39    2007  23    -22       20
  MINIMUM         -8        MM -12           6    -14        5
  AVERAGE         -3                        14    -17       13

PRECIPITATION (IN)
  TODAY            0.00          T    2003   0.04  -0.04     0.00
                                      2003
                                      2014
  MONTH TO DATE    0.01                      0.13  -0.12      T
  SINCE DEC 1      2.26                      1.38   0.88     1.97
  SINCE JAN 1      0.01                      0.13  -0.12      T

SNOWFALL (IN)
  TODAY            0.0           0.2  2004   0.3   -0.3      0.0
  MONTH TO DATE    T                         1.4   -1.4       T
  SINCE DEC 1     18.4                      15.3    3.1      9.3
  SINCE JUL 1     23.5                      21.1    2.4     12.3
  SNOW DEPTH       3

DEGREE DAYS
 HEATING
  TODAY           68                        51     17       52
  MONTH TO DATE  196                       202     -6      184
  SINCE DEC 1   1628                      1656    -28     1312
  SINCE JUL 1   2851                      3363   -512     2644

 COOLING
  TODAY            0                         0      0        0
  MONTH TO DATE    0                         0      0        0
  SINCE DEC 1      0                         0      0        0
  SINCE JAN 1      0                         0      0        0
..................................................................


WIND (MPH)
  HIGHEST WIND SPEED    MM   HIGHEST WIND DIRECTION    MM
  HIGHEST GUST SPEED    MM   HIGHEST GUST DIRECTION    MM
  AVERAGE WIND SPEED    MM


SKY COVER
  POSSIBLE SUNSHINE  MM
  AVERAGE SKY COVER  MM


WEATHER CONDITIONS
 THE FOLLOWING WEATHER WAS RECORDED TODAY.
  NO SIGNIFICANT WEATHER WAS OBSERVED.


RELATIVE HUMIDITY (PERCENT)
 HIGHEST    MM
 LOWEST     MM
 AVERAGE    MM

..........................................................


THE CHANHASSEN MN CLIMATE NORMALS FOR TOMORROW
                         NORMAL    RECORD    YEAR
 MAXIMUM TEMPERATURE (F)   23        46      2012
 MINIMUM TEMPERATURE (F)    6       -22      2014


SUNRISE AND SUNSET
JANUARY  4 2017.......SUNRISE   752 AM CST   SUNSET   447 PM CST
JANUARY  5 2017.......SUNRISE   752 AM CST   SUNSET   448 PM CST


-  INDICATES NEGATIVE NUMBERS.
R  INDICATES RECORD WAS SET OR TIED.
MM INDICATES DATA IS MISSING.
T  INDICATES TRACE AMOUNT.




$$
