000
CDUS43 KMPX 070302
CLIMPX


CLIMATE REPORT
NATIONAL WEATHER SERVICE CHANHASSEN MN
902 PM CST MON FEB 6 2017


...................................

...THE CHANHASSEN MN CLIMATE SUMMARY FOR FEBRUARY 6 2017...
VALID TODAY AS OF 0900 PM LOCAL TIME.

CLIMATE NORMAL PERIOD 1981 TO 2010
CLIMATE RECORD PERIOD 1995 TO 2017


WEATHER ITEM   OBSERVED TIME   RECORD YEAR NORMAL DEPARTURE LAST
                VALUE   (LST)  VALUE       VALUE  FROM      YEAR
                                                  NORMAL
..................................................................
TEMPERATURE (F)
 TODAY
  MAXIMUM         32        MM  45    2005  26      6       34
                                      2002
  MINIMUM         17        MM -12           8      9       23
  AVERAGE         25                        16      9       29

PRECIPITATION (IN)
  TODAY            0.00          T    2003   0.03  -0.03      T
                                      2003
                                      2016
  MONTH TO DATE    T                         0.18  -0.18     0.72
  SINCE DEC 1      3.13                      2.30   0.83     3.00
  SINCE JAN 1      0.88                      1.05  -0.17     1.03

SNOWFALL (IN)
  TODAY            0.0           T    2016   0.3   -0.3      0.0
                                      2014
                                      2010
  MONTH TO DATE    T                         2.1   -2.1     10.7
  SINCE DEC 1     27.3                      26.3    1.0     24.7
  SINCE JUL 1     32.4                      32.1    0.3     27.7
  SNOW DEPTH       T

DEGREE DAYS
 HEATING
  TODAY           40                        48     -8       36
  MONTH TO DATE  276                       294    -18      271
  SINCE DEC 1   3131                      3318   -187     2930
  SINCE JUL 1   4354                      5025   -671     4262

 COOLING
  TODAY            0                         0      0        0
  MONTH TO DATE    0                         0      0        0
  SINCE DEC 1      0                         0      0        0
  SINCE JAN 1      0                         0      0        0
..................................................................


WIND (MPH)
  HIGHEST WIND SPEED    MM   HIGHEST WIND DIRECTION    MM
  HIGHEST GUST SPEED    MM   HIGHEST GUST DIRECTION    MM
  AVERAGE WIND SPEED    MM


SKY COVER
  POSSIBLE SUNSHINE  MM
  AVERAGE SKY COVER  MM


WEATHER CONDITIONS
 THE FOLLOWING WEATHER WAS RECORDED TODAY.
  NO SIGNIFICANT WEATHER WAS OBSERVED.


RELATIVE HUMIDITY (PERCENT)
 HIGHEST    MM
 LOWEST     MM
 AVERAGE    MM

..........................................................


THE CHANHASSEN MN CLIMATE NORMALS FOR TOMORROW
                         NORMAL    RECORD    YEAR
 MAXIMUM TEMPERATURE (F)   26        41      2002
 MINIMUM TEMPERATURE (F)    8       -18      2003


SUNRISE AND SUNSET
FEBRUARY  6 2017......SUNRISE   727 AM CST   SUNSET   530 PM CST
FEBRUARY  7 2017......SUNRISE   726 AM CST   SUNSET   532 PM CST


-  INDICATES NEGATIVE NUMBERS.
R  INDICATES RECORD WAS SET OR TIED.
MM INDICATES DATA IS MISSING.
T  INDICATES TRACE AMOUNT.




$$
