000
CDUS43 KMPX 220631
CLIMPX


CLIMATE REPORT
NATIONAL WEATHER SERVICE CHANHASSEN MN
130 AM CDT THU SEP 22 2016


...................................

...THE CHANHASSEN MN CLIMATE SUMMARY FOR SEPTEMBER 21 2016...

CLIMATE NORMAL PERIOD 1981 TO 2010
CLIMATE RECORD PERIOD 1995 TO 2016


WEATHER ITEM   OBSERVED TIME   RECORD YEAR NORMAL DEPARTURE LAST
                VALUE   (LST)  VALUE       VALUE  FROM      YEAR
                                                  NORMAL
..................................................................
TEMPERATURE (F)
 YESTERDAY
  MAXIMUM         71        MM  MM      MM  68      3       80
  MINIMUM         63        MM  MM      MM  48     15       56
  AVERAGE         67                        58      9       68

PRECIPITATION (IN)
  YESTERDAY        1.31         MM      MM   0.11   1.20     0.00
  MONTH TO DATE    4.36                      2.51   1.85     2.79
  SINCE SEP 1      4.36                      2.51   1.85     2.79
  SINCE JAN 1     32.32                     24.51   7.81    25.77

SNOWFALL (IN)
  YESTERDAY        0.0          MM      MM   0.0    0.0      0.0
  MONTH TO DATE    0.0                       0.0    0.0      0.0
  SINCE SEP 1      0.0                       0.0    0.0      0.0
  SINCE JUL 1      0.0                       0.0    0.0      0.0
  SNOW DEPTH       0

DEGREE DAYS
 HEATING
  YESTERDAY        0                         7     -7        0
  MONTH TO DATE   25                        90    -65       58
  SINCE SEP 1     25                        90    -65       58
  SINCE JUL 1     38                       113    -75      100

 COOLING
  YESTERDAY        2                         1      1        3
  MONTH TO DATE   42                        42      0      102
  SINCE SEP 1     42                        42      0      102
  SINCE JAN 1    628                       595     33      534
..................................................................


WIND (MPH)
  HIGHEST WIND SPEED    MM   HIGHEST WIND DIRECTION    MM
  HIGHEST GUST SPEED    MM   HIGHEST GUST DIRECTION    MM
  AVERAGE WIND SPEED    MM


SKY COVER
  POSSIBLE SUNSHINE  MM
  AVERAGE SKY COVER  MM


WEATHER CONDITIONS
 THE FOLLOWING WEATHER WAS RECORDED YESTERDAY.
  NO SIGNIFICANT WEATHER WAS OBSERVED.


RELATIVE HUMIDITY (PERCENT)
 HIGHEST    MM
 LOWEST     MM
 AVERAGE    MM

..........................................................


THE CHANHASSEN MN CLIMATE NORMALS FOR TODAY
                         NORMAL    RECORD    YEAR
 MAXIMUM TEMPERATURE (F)   68        MM        MM
 MINIMUM TEMPERATURE (F)   48        MM        MM


SUNRISE AND SUNSET
SEPTEMBER 22 2016.....SUNRISE   702 AM CDT   SUNSET   711 PM CDT
SEPTEMBER 23 2016.....SUNRISE   703 AM CDT   SUNSET   709 PM CDT


-  INDICATES NEGATIVE NUMBERS.
R  INDICATES RECORD WAS SET OR TIED.
MM INDICATES DATA IS MISSING.
T  INDICATES TRACE AMOUNT.




$$
