000
CDUS43 KMPX 140743
CLIMPX


CLIMATE REPORT
NATIONAL WEATHER SERVICE CHANHASSEN MN
242 AM CDT THU AUG 14 2014


...................................

...THE CHANHASSEN MN CLIMATE SUMMARY FOR AUGUST 13 2014...

CLIMATE NORMAL PERIOD 1981 TO 2010
CLIMATE RECORD PERIOD 1995 TO 2014


WEATHER ITEM   OBSERVED NORMAL DEPARTURE LAST
                VALUE   VALUE  FROM      YEAR
                               NORMAL
...............................................
TEMPERATURE (F)
 YESTERDAY
  MAXIMUM         81     81      0       73
  MINIMUM         63     61      2       54
  AVERAGE         72     71      1       64

PRECIPITATION (IN)
  YESTERDAY        0.00   0.13  -0.13     0.00
  MONTH TO DATE    0.18   1.65  -1.47     1.65
  SINCE JUN 1     13.93   9.26   4.67    12.62
  SINCE JAN 1     29.83  19.51  10.32    28.12

SNOWFALL (IN)
  YESTERDAY        0.0    0.0    0.0      0.0
  MONTH TO DATE    0.0    0.0    0.0      0.0
  SINCE JUN 1      0.0    0.0    0.0      0.0
  SINCE JUL 1      0.0    0.0    0.0      0.0
  SNOW DEPTH       0

DEGREE DAYS
 HEATING
  YESTERDAY        0      0      0        1
  MONTH TO DATE    0      0      0        4
  SINCE JUN 1     46     57    -11       82
  SINCE JUL 1     13      8      5       20

 COOLING
  YESTERDAY        7      6      1        0
  MONTH TO DATE   76     84     -8       29
  SINCE JUN 1    330    436   -106      380
  SINCE JAN 1    367    469   -102      403
...............................................







THE CHANHASSEN MN CLIMATE NORMALS FOR TODAY
                         NORMAL
 MAXIMUM TEMPERATURE (F)   80
 MINIMUM TEMPERATURE (F)   61



-  INDICATES NEGATIVE NUMBERS.
R  INDICATES RECORD WAS SET OR TIED.
MM INDICATES DATA IS MISSING.
T  INDICATES TRACE AMOUNT.




$$
