000
CDUS43 KMPX 190630
CLIMPX


CLIMATE REPORT
NATIONAL WEATHER SERVICE CHANHASSEN MN
129 AM CDT THU MAR 19 2015


...................................

...THE CHANHASSEN MN CLIMATE SUMMARY FOR MARCH 18 2015...

CLIMATE NORMAL PERIOD 1981 TO 2010
CLIMATE RECORD PERIOD 1995 TO 2015


WEATHER ITEM   OBSERVED TIME   RECORD YEAR NORMAL DEPARTURE LAST
                VALUE   (LST)  VALUE       VALUE  FROM      YEAR
                                                  NORMAL
..................................................................
TEMPERATURE (F)
 YESTERDAY
  MAXIMUM         43        MM  MM      MM  41      2       36
  MINIMUM         26        MM  MM      MM  23      3       26
  AVERAGE         35                        32      3       31

PRECIPITATION (IN)
  YESTERDAY        0.00         MM      MM   0.07  -0.07     0.18
  MONTH TO DATE    0.19                      0.85  -0.66     0.26
  SINCE MAR 1      0.19                      0.85  -0.66     0.26
  SINCE JAN 1      0.95                      2.66  -1.71     3.17

SNOWFALL (IN)
  YESTERDAY        0.0          MM      MM   0.4   -0.4      2.2
  MONTH TO DATE    2.4                       7.0   -4.6      2.5
  SINCE MAR 1      2.4                       7.0   -4.6      2.5
  SINCE JUL 1     26.5                      46.7  -20.2     57.8
  SNOW DEPTH       0

DEGREE DAYS
 HEATING
  YESTERDAY       30                        33     -3       34
  MONTH TO DATE  578                       664    -86      793
  SINCE MAR 1    578                       664    -86      793
  SINCE JUL 1   6836                      6679    157     7676

 COOLING
  YESTERDAY        0                         0      0        0
  MONTH TO DATE    0                         0      0        0
  SINCE MAR 1      0                         0      0        0
  SINCE JAN 1      0                         0      0        0
..................................................................


WIND (MPH)
  HIGHEST WIND SPEED    MM   HIGHEST WIND DIRECTION    MM
  HIGHEST GUST SPEED    MM   HIGHEST GUST DIRECTION    MM
  AVERAGE WIND SPEED    MM


SKY COVER
  POSSIBLE SUNSHINE  MM
  AVERAGE SKY COVER  MM


WEATHER CONDITIONS
 THE FOLLOWING WEATHER WAS RECORDED YESTERDAY.
  NO SIGNIFICANT WEATHER WAS OBSERVED.


RELATIVE HUMIDITY (PERCENT)
 HIGHEST    MM
 LOWEST     MM
 AVERAGE    MM

..........................................................


THE CHANHASSEN MN CLIMATE NORMALS FOR TODAY
                         NORMAL    RECORD    YEAR
 MAXIMUM TEMPERATURE (F)   41        MM        MM
 MINIMUM TEMPERATURE (F)   24        MM        MM


SUNRISE AND SUNSET
MARCH 19 2015.........SUNRISE   720 AM CDT   SUNSET   725 PM CDT
MARCH 20 2015.........SUNRISE   718 AM CDT   SUNSET   726 PM CDT


-  INDICATES NEGATIVE NUMBERS.
R  INDICATES RECORD WAS SET OR TIED.
MM INDICATES DATA IS MISSING.
T  INDICATES TRACE AMOUNT.




$$
