000
CDUS43 KMPX 110630
CLIMPX


CLIMATE REPORT
NATIONAL WEATHER SERVICE CHANHASSEN MN
1229 AM CST SAT NOV 11 2017


...................................

...THE CHANHASSEN MN CLIMATE SUMMARY FOR NOVEMBER 10 2017...

CLIMATE NORMAL PERIOD 1981 TO 2010
CLIMATE RECORD PERIOD 1995 TO 2017


WEATHER ITEM   OBSERVED TIME   RECORD YEAR NORMAL DEPARTURE LAST
                VALUE   (LST)  VALUE       VALUE  FROM      YEAR
                                                  NORMAL
..................................................................
TEMPERATURE (F)
 YESTERDAY
  MAXIMUM         25        MM  MM      MM  44    -19       66
  MINIMUM         10        MM  MM      MM  28    -18       42
  AVERAGE         18                        36    -18       54

PRECIPITATION (IN)
  YESTERDAY        0.04         MM      MM   0.07  -0.03     0.00
  MONTH TO DATE    0.19                      0.68  -0.49     0.00
  SINCE SEP 1      7.63                      6.62   1.01     8.61
  SINCE JAN 1     37.17                     28.62   8.55    36.57

SNOWFALL (IN)
  YESTERDAY        0.3          MM      MM   0.2    0.1      0.0
  MONTH TO DATE    1.1                       0.9    0.2      0.0
  SINCE SEP 1      1.8                       1.3    0.5      0.0
  SINCE JUL 1      1.8                       1.3    0.5      0.0
  SNOW DEPTH       0

DEGREE DAYS
 HEATING
  YESTERDAY       47                        29     18       11
  MONTH TO DATE  357                       264     93      136
  SINCE SEP 1    968                       977     -9      650
  SINCE JUL 1    989                      1000    -11      663

 COOLING
  YESTERDAY        0                         0      0        0
  MONTH TO DATE    0                         0      0        0
  SINCE SEP 1     80                        52     28       45
  SINCE JAN 1    478                       605   -127      631
..................................................................


WIND (MPH)
  HIGHEST WIND SPEED    MM   HIGHEST WIND DIRECTION    MM
  HIGHEST GUST SPEED    MM   HIGHEST GUST DIRECTION    MM
  AVERAGE WIND SPEED    MM


SKY COVER
  POSSIBLE SUNSHINE  MM
  AVERAGE SKY COVER  MM


WEATHER CONDITIONS
 THE FOLLOWING WEATHER WAS RECORDED YESTERDAY.
  NO SIGNIFICANT WEATHER WAS OBSERVED.


RELATIVE HUMIDITY (PERCENT)
 HIGHEST    MM
 LOWEST     MM
 AVERAGE    MM

..........................................................


THE CHANHASSEN MN CLIMATE NORMALS FOR TODAY
                         NORMAL    RECORD    YEAR
 MAXIMUM TEMPERATURE (F)   43        MM        MM
 MINIMUM TEMPERATURE (F)   28        MM        MM


SUNRISE AND SUNSET
NOVEMBER 11 2017......SUNRISE   706 AM CST   SUNSET   450 PM CST
NOVEMBER 12 2017......SUNRISE   708 AM CST   SUNSET   449 PM CST


-  INDICATES NEGATIVE NUMBERS.
R  INDICATES RECORD WAS SET OR TIED.
MM INDICATES DATA IS MISSING.
T  INDICATES TRACE AMOUNT.




$$
