000
CDUS43 KMPX 100820
CLIMPX


CLIMATE REPORT
NATIONAL WEATHER SERVICE CHANHASSEN MN
318 AM CDT TUE MAY 10 2016


...................................

...THE CHANHASSEN MN CLIMATE SUMMARY FOR MAY 9 2016...

CLIMATE NORMAL PERIOD 1981 TO 2010
CLIMATE RECORD PERIOD 1995 TO 2016


WEATHER ITEM   OBSERVED TIME   RECORD YEAR NORMAL DEPARTURE LAST
                VALUE   (LST)  VALUE       VALUE  FROM      YEAR
                                                  NORMAL
..................................................................
TEMPERATURE (F)
 YESTERDAY
  MAXIMUM         66        MM  MM      MM  67     -1       66
  MINIMUM         50        MM  MM      MM  45      5       43
  AVERAGE         58                        56      2       55

PRECIPITATION (IN)
  YESTERDAY        0.48         MM      MM   0.12   0.36     0.00
  MONTH TO DATE    0.48                      1.04  -0.56     0.86
  SINCE MAR 1      5.21                      5.82  -0.61     3.86
  SINCE JAN 1      6.70                      7.63  -0.93     4.62

SNOWFALL (IN)
  YESTERDAY        0.0          MM      MM   0.0    0.0      0.0
  MONTH TO DATE    0.0                       0.2   -0.2       T
  SINCE MAR 1      5.6                      14.4   -8.8      9.3
  SINCE JUL 1     35.5                      54.1  -18.6     33.4
  SNOW DEPTH       0

DEGREE DAYS
 HEATING
  YESTERDAY        7                        10     -3       10
  MONTH TO DATE   81                        97    -16       45
  SINCE MAR 1   1422                      1701   -279     1521
  SINCE JUL 1   6637                      7716  -1079     7779

 COOLING
  YESTERDAY        0                         1     -1        0
  MONTH TO DATE    9                         3      6        1
  SINCE MAR 1     16                         6     10        1
  SINCE JAN 1     16                         6     10        1
..................................................................


WIND (MPH)
  HIGHEST WIND SPEED    MM   HIGHEST WIND DIRECTION    MM
  HIGHEST GUST SPEED    MM   HIGHEST GUST DIRECTION    MM
  AVERAGE WIND SPEED    MM


SKY COVER
  POSSIBLE SUNSHINE  MM
  AVERAGE SKY COVER  MM


WEATHER CONDITIONS
 THE FOLLOWING WEATHER WAS RECORDED YESTERDAY.
  NO SIGNIFICANT WEATHER WAS OBSERVED.


RELATIVE HUMIDITY (PERCENT)
 HIGHEST    MM
 LOWEST     MM
 AVERAGE    MM

..........................................................


THE CHANHASSEN MN CLIMATE NORMALS FOR TODAY
                         NORMAL    RECORD    YEAR
 MAXIMUM TEMPERATURE (F)   67        MM        MM
 MINIMUM TEMPERATURE (F)   46        MM        MM


SUNRISE AND SUNSET
MAY 10 2016...........SUNRISE   551 AM CDT   SUNSET   831 PM CDT
MAY 11 2016...........SUNRISE   550 AM CDT   SUNSET   832 PM CDT


-  INDICATES NEGATIVE NUMBERS.
R  INDICATES RECORD WAS SET OR TIED.
MM INDICATES DATA IS MISSING.
T  INDICATES TRACE AMOUNT.




$$
