000
CDUS43 KMPX 172123
CLIMPX


CLIMATE REPORT
NATIONAL WEATHER SERVICE CHANHASSEN MN
423 PM CDT SUN SEP 17 2017


...................................

...THE CHANHASSEN MN CLIMATE SUMMARY FOR SEPTEMBER 17 2017...
VALID TODAY AS OF 0400 PM LOCAL TIME.

CLIMATE NORMAL PERIOD 1981 TO 2010
CLIMATE RECORD PERIOD 1995 TO 2017


WEATHER ITEM   OBSERVED TIME   RECORD YEAR NORMAL DEPARTURE LAST
                VALUE   (LST)  VALUE       VALUE  FROM      YEAR
                                                  NORMAL
..................................................................
TEMPERATURE (F)
 TODAY
  MAXIMUM         63        MM  MM      MM  70     -7       71
  MINIMUM         48        MM  MM          50     -2       51
  AVERAGE         56                        60     -4       61

PRECIPITATION (IN)
  TODAY            0.00         MM      MM   0.12  -0.12     0.00
  MONTH TO DATE    0.45                      2.08  -1.63     3.01
  SINCE SEP 1      0.45                      2.08  -1.63     3.01
  SINCE JAN 1     29.99                     24.08   5.91    30.97

SNOWFALL (IN)
  TODAY            0.0          MM      MM   0.0    0.0      0.0
  MONTH TO DATE    T                         0.0    0.0      0.0
  SINCE SEP 1      T                         0.0    0.0      0.0
  SINCE JUL 1      T                         0.0    0.0      0.0
  SNOW DEPTH       0

DEGREE DAYS
 HEATING
  TODAY            9                         6      3        4
  MONTH TO DATE   50                        63    -13       25
  SINCE SEP 1     50                        63    -13       25
  SINCE JUL 1     71                        86    -15       38

 COOLING
  TODAY            0                         1     -1        0
  MONTH TO DATE   40                        38      2       36
  SINCE SEP 1     40                        38      2       36
  SINCE JAN 1    438                       591   -153      622
..................................................................


WIND (MPH)
  HIGHEST WIND SPEED    MM   HIGHEST WIND DIRECTION    MM
  HIGHEST GUST SPEED    MM   HIGHEST GUST DIRECTION    MM
  AVERAGE WIND SPEED    MM


SKY COVER
  POSSIBLE SUNSHINE  MM
  AVERAGE SKY COVER  MM


WEATHER CONDITIONS
 THE FOLLOWING WEATHER WAS RECORDED TODAY.
  NO SIGNIFICANT WEATHER WAS OBSERVED.


RELATIVE HUMIDITY (PERCENT)
 HIGHEST    MM
 LOWEST     MM
 AVERAGE    MM

..........................................................


THE CHANHASSEN MN CLIMATE NORMALS FOR TOMORROW
                         NORMAL    RECORD    YEAR
 MAXIMUM TEMPERATURE (F)   70        MM        MM
 MINIMUM TEMPERATURE (F)   50        MM        MM


SUNRISE AND SUNSET
SEPTEMBER 17 2017.....SUNRISE   656 AM CDT   SUNSET   721 PM CDT
SEPTEMBER 18 2017.....SUNRISE   657 AM CDT   SUNSET   719 PM CDT


-  INDICATES NEGATIVE NUMBERS.
R  INDICATES RECORD WAS SET OR TIED.
MM INDICATES DATA IS MISSING.
T  INDICATES TRACE AMOUNT.




$$
