000
CDUS43 KMPX 040640
CLIMPX


CLIMATE REPORT
NATIONAL WEATHER SERVICE CHANHASSEN MN
139 AM CDT FRI JUL 4 2014


...................................

...THE CHANHASSEN MN CLIMATE SUMMARY FOR JULY 3 2014...

CLIMATE NORMAL PERIOD 1981 TO 2010
CLIMATE RECORD PERIOD 1995 TO 2014


WEATHER ITEM   OBSERVED NORMAL DEPARTURE LAST
                VALUE   VALUE  FROM      YEAR
                               NORMAL
...............................................
TEMPERATURE (F)
 YESTERDAY
  MAXIMUM         75     82     -7       83
  MINIMUM         55     62     -7       56
  AVERAGE         65     72     -7       70

PRECIPITATION (IN)
  YESTERDAY        0.00   0.12  -0.12     0.00
  MONTH TO DATE    0.07   0.37  -0.30     0.00
  SINCE JUN 1     10.49   4.39   6.10     6.28
  SINCE JAN 1     26.39  14.64  11.75    21.78

SNOWFALL (IN)
  YESTERDAY        0.0    0.0    0.0      0.0
  MONTH TO DATE    0.0    0.0    0.0      0.0
  SINCE JUN 1      0.0    0.0    0.0      0.0
  SINCE JUL 1      0.0    0.0    0.0      0.0
  SNOW DEPTH       0

DEGREE DAYS
 HEATING
  YESTERDAY        0      0      0        0
  MONTH TO DATE    4      0      4        0
  SINCE JUN 1     37     49    -12       62
  SINCE JUL 1      4      0      4        0

 COOLING
  YESTERDAY        0      7     -7        5
  MONTH TO DATE    0     21    -21       17
  SINCE JUN 1    112    148    -36      129
  SINCE JAN 1    149    181    -32      152
...............................................







THE CHANHASSEN MN CLIMATE NORMALS FOR TODAY
                         NORMAL
 MAXIMUM TEMPERATURE (F)   82
 MINIMUM TEMPERATURE (F)   62



-  INDICATES NEGATIVE NUMBERS.
R  INDICATES RECORD WAS SET OR TIED.
MM INDICATES DATA IS MISSING.
T  INDICATES TRACE AMOUNT.




$$
