000
CDUS43 KMPX 290632
CLIMPX


CLIMATE REPORT
NATIONAL WEATHER SERVICE CHANHASSEN MN
130 AM CDT MON SEP 29 2014


...................................

...THE CHANHASSEN MN CLIMATE SUMMARY FOR SEPTEMBER 28 2014...

CLIMATE NORMAL PERIOD 1981 TO 2010
CLIMATE RECORD PERIOD 1995 TO 2014


WEATHER ITEM   OBSERVED NORMAL DEPARTURE LAST
                VALUE   VALUE  FROM      YEAR
                               NORMAL
...............................................
TEMPERATURE (F)
 YESTERDAY
  MAXIMUM         81     65     16       71
  MINIMUM         55     45     10       45
  AVERAGE         68     55     13       58

PRECIPITATION (IN)
  YESTERDAY        0.00   0.09  -0.09     0.19
  MONTH TO DATE    1.12   3.23  -2.11     1.57
  SINCE SEP 1      1.12   3.23  -2.11     1.57
  SINCE JAN 1     33.63  25.23   8.40    29.78

SNOWFALL (IN)
  YESTERDAY        0.0    0.0    0.0      0.0
  MONTH TO DATE    0.0    0.0    0.0      0.0
  SINCE SEP 1      0.0    0.0    0.0      0.0
  SINCE JUL 1      0.0    0.0    0.0      0.0
  SNOW DEPTH       0

DEGREE DAYS
 HEATING
  YESTERDAY        0     10    -10        7
  MONTH TO DATE  139    154    -15      102
  SINCE SEP 1    139    154    -15      102
  SINCE JUL 1    155    177    -22      123

 COOLING
  YESTERDAY        3      1      2        0
  MONTH TO DATE   35     49    -14       84
  SINCE SEP 1     35     49    -14       84
  SINCE JAN 1    514    602    -88      663
...............................................







THE CHANHASSEN MN CLIMATE NORMALS FOR TODAY
                         NORMAL
 MAXIMUM TEMPERATURE (F)   65
 MINIMUM TEMPERATURE (F)   44



-  INDICATES NEGATIVE NUMBERS.
R  INDICATES RECORD WAS SET OR TIED.
MM INDICATES DATA IS MISSING.
T  INDICATES TRACE AMOUNT.




$$
