000
CDUS43 KMPX 210721
CLIMPX


CLIMATE REPORT
NATIONAL WEATHER SERVICE CHANHASSEN MN
220 AM CDT TUE MAR 21 2017


...................................

...THE CHANHASSEN MN CLIMATE SUMMARY FOR MARCH 20 2017...

CLIMATE NORMAL PERIOD 1981 TO 2010
CLIMATE RECORD PERIOD 1995 TO 2017


WEATHER ITEM   OBSERVED TIME   RECORD YEAR NORMAL DEPARTURE LAST
                VALUE   (LST)  VALUE       VALUE  FROM      YEAR
                                                  NORMAL
..................................................................
TEMPERATURE (F)
 YESTERDAY
  MAXIMUM         53        MM  MM      MM  42     11       40
  MINIMUM         34        MM  MM      MM  24     10       22
  AVERAGE         44                        33     11       31

PRECIPITATION (IN)
  YESTERDAY        0.00         MM      MM   0.07  -0.07     0.00
  MONTH TO DATE    0.35                      0.98  -0.63     0.16
  SINCE MAR 1      0.35                      0.98  -0.63     0.16
  SINCE JAN 1      1.95                      2.79  -0.84     1.65

SNOWFALL (IN)
  YESTERDAY        0.0          MM      MM   0.3   -0.3      0.0
  MONTH TO DATE    5.5                       7.7   -2.2      1.9
  SINCE MAR 1      5.5                       7.7   -2.2      1.9
  SINCE JUL 1     37.9                      47.4   -9.5     31.8
  SNOW DEPTH       0

DEGREE DAYS
 HEATING
  YESTERDAY       21                        32    -11       34
  MONTH TO DATE  738                       728     10      517
  SINCE MAR 1    738                       728     10      517
  SINCE JUL 1   5807                      6743   -936     5732

 COOLING
  YESTERDAY        0                         0      0        0
  MONTH TO DATE    0                         0      0        0
  SINCE MAR 1      0                         0      0        0
  SINCE JAN 1      0                         0      0        0
..................................................................


WIND (MPH)
  HIGHEST WIND SPEED    MM   HIGHEST WIND DIRECTION    MM
  HIGHEST GUST SPEED    MM   HIGHEST GUST DIRECTION    MM
  AVERAGE WIND SPEED    MM


SKY COVER
  POSSIBLE SUNSHINE  MM
  AVERAGE SKY COVER  MM


WEATHER CONDITIONS
 THE FOLLOWING WEATHER WAS RECORDED YESTERDAY.
  NO SIGNIFICANT WEATHER WAS OBSERVED.


RELATIVE HUMIDITY (PERCENT)
 HIGHEST    MM
 LOWEST     MM
 AVERAGE    MM

..........................................................


THE CHANHASSEN MN CLIMATE NORMALS FOR TODAY
                         NORMAL    RECORD    YEAR
 MAXIMUM TEMPERATURE (F)   43        MM        MM
 MINIMUM TEMPERATURE (F)   25        MM        MM


SUNRISE AND SUNSET
MARCH 21 2017.........SUNRISE   715 AM CDT   SUNSET   728 PM CDT
MARCH 22 2017.........SUNRISE   713 AM CDT   SUNSET   730 PM CDT


-  INDICATES NEGATIVE NUMBERS.
R  INDICATES RECORD WAS SET OR TIED.
MM INDICATES DATA IS MISSING.
T  INDICATES TRACE AMOUNT.




$$
